pathRender 1.7.3 Li Long
Snapshot Date: 2007-12-11 00:09:07 -0800 (Tue, 11 Dec 2007) | URL: https://hedgehog.fhcrc.org/bioconductor/trunk/madman/Rpacks/pathRender | Last Changed Rev: 28219 / Revision: 29143 | Last Changed Date: 2007-10-25 04:52:29 -0700 (Thu, 25 Oct 2007) |
| lamb1 | Linux (SUSE 10.1) / x86_64 | OK | OK | |
wilson2 | Linux (openSUSE 10.3) / x86_64 | OK | OK | |
wellington | Linux (openSUSE 10.3) / i686 | OK | OK | |
liverpool | Windows Server 2003 R2 (32-bit) / x64 | ERROR | skipped | skipped |
lemming | Windows Server 2003 (32-bit) / x64 | [ ERROR ] | skipped | skipped |
* checking for file 'pathRender/DESCRIPTION' ... OK
* preparing 'pathRender':
* checking DESCRIPTION meta-information ... OK
* installing the package to re-build vignettes
installing R.css in D:/biocbld/bbs-2.2-bioc/tmpdir/Rinst598817529
---------- Making package pathRender ------------
adding build stamp to DESCRIPTION
installing NAMESPACE file and metadata
installing R files
installing inst files
preparing package pathRender for lazy loading
Loading required package: graph
Loading required package: Rgraphviz
Warning in library(pkg, character.only = TRUE, logical.return = TRUE, lib.loc = lib.loc) :
there is no package called 'Rgraphviz'
Error: package 'Rgraphviz' could not be loaded
Execution halted
make[2]: *** [lazyload] Error 1
make[1]: *** [all] Error 2
make: *** [pkg-pathRender] Error 2
*** Installation of pathRender failed ***
Removing 'D:/biocbld/bbs-2.2-bioc/tmpdir/Rinst598817529/pathRender'
* creating vignettes ... ERROR
Error: processing vignette 'pathRender.Rnw' failed with diagnostics:
chunk 1 (label=do1)
Error in library(pathRender) : there is no package called 'pathRender'
Execution halted