flowUtils 0.5.0 Florian Hahne
 | Snapshot Date: 2007-12-11 00:09:07 -0800 (Tue, 11 Dec 2007) |  | URL: https://hedgehog.fhcrc.org/bioconductor/trunk/madman/Rpacks/flowUtils |  | Last Changed Rev: 28842 / Revision: 29143 |  | Last Changed Date: 2007-11-19 13:03:44 -0800 (Mon, 19 Nov 2007) |  
  | lamb1  | Linux (SUSE 10.1) / x86_64  |  OK  |  WARNINGS  |  | 
| wilson2  | Linux (openSUSE 10.3) / x86_64  |  OK  |  WARNINGS  |  | 
| wellington  | Linux (openSUSE 10.3) / i686  |  OK  |  WARNINGS  |  | 
| liverpool  | Windows Server 2003 R2 (32-bit) / x64  |  OK  |  WARNINGS  |  OK  | 
| lemming  | Windows Server 2003 (32-bit) / x64  |  OK  | [ WARNINGS ] |  OK  | 
* checking for working latex ... OK
* using log directory 'D:/biocbld/bbs-2.2-bioc/meat/flowUtils.Rcheck'
* using R version 2.7.0 Under development (unstable) (2007-12-06 r43609)
* checking for file 'flowUtils/DESCRIPTION' ... OK
* checking extension type ... Package
* this is package 'flowUtils' version '0.5.0'
* checking package name space information ... OK
* checking package dependencies ... OK
* checking if this is a source package ... OK
* checking whether package 'flowUtils' can be installed ... OK
* checking package directory ... OK
* checking for portable file names ... OK
* checking DESCRIPTION meta-information ... OK
* checking top-level files ... OK
* checking index information ... OK
* checking package subdirectories ... OK
* checking R files for non-ASCII characters ... OK
* checking R files for syntax errors ... OK
* checking whether the package can be loaded ... OK
* checking whether the package can be loaded with stated dependencies ... OK
* checking whether the name space can be loaded with stated dependencies ... OK
* checking for unstated dependencies in R code ... OK
* checking S3 generic/method consistency ... OK
* checking replacement functions ... OK
* checking foreign function calls ... OK
* checking R code for possible problems ... NOTE
parse.gatingML.http...www.isac.net.org.std.Gating.ML.v1.3._Gating.ML :
  makeCall: possible error in as.symbol("&", LESS, LT): unused
  argument(s) (LESS, LT)
parse.gatingML.http...www.isac.net.org.std.Gating.ML.v1.3._Gating.ML :
  makeCall: possible error in as.call(as.symbol("&"), MORE, GTE):
  unused argument(s) (MORE, GTE)
xmlToClass : <anonymous>: no visible binding for global variable
  'params'
xmlToFUN : <anonymous>: no visible binding for global variable 'params'
* checking Rd files ... OK
* checking Rd cross-references ... OK
* checking for missing documentation entries ... WARNING
Undocumented code objects:
  read.compensationML
All user-level objects in a package should have documentation entries.
See the chapter 'Writing R documentation files' in manual 'Writing R
Extensions'.
* checking for code/documentation mismatches ... OK
* checking Rd \usage sections ... OK
* creating flowUtils-Ex.R ... OK
* checking examples ... OK
* creating flowUtils-manual.tex ... OK
* checking flowUtils-manual.tex ... OK
WARNING: There was 1 warning, see
  D:/biocbld/bbs-2.2-bioc/meat/flowUtils.Rcheck/00check.log
for details
 
installing R.css in D:/biocbld/bbs-2.2-bioc/meat/flowUtils.Rcheck
---------- Making package flowUtils ------------
  adding build stamp to DESCRIPTION
  installing NAMESPACE file and metadata
  installing R files
  installing inst files
  installing man source files
  installing indices
  installing help
 >>> Building/Updating help pages for package 'flowUtils'
     Formats: text html latex example chm 
  flowUtil-package                  text    html    latex   example chm
  read.gatingML                     text    html    latex   example chm
  read.transformML                  text    html    latex   example chm
Microsoft HTML Help Compiler 4.74.8702
Compiling d:\biocbld\bbs-2.2-bioc\meat\flowUtils.Rcheck\00_pkg_src\flowUtils\chm\flowUtils.chm
Compile time: 0 minutes, 0 seconds
4	Topics
8	Local links
0	Internet links
1	Graphic
Created d:\biocbld\bbs-2.2-bioc\meat\flowUtils.Rcheck\00_pkg_src\flowUtils\chm\flowUtils.chm, 18,466 bytes
Compression increased file by 4,305 bytes.
  adding MD5 sums
* DONE (flowUtils)