BioMVCClass 1.7.0 Elizabeth Whalen
 | Snapshot Date: 2007-12-11 00:09:07 -0800 (Tue, 11 Dec 2007) |  | URL: https://hedgehog.fhcrc.org/bioconductor/trunk/madman/Rpacks/BioMVCClass |  | Last Changed Rev: 27716 / Revision: 29143 |  | Last Changed Date: 2007-10-02 18:16:39 -0700 (Tue, 02 Oct 2007) |  
  | lamb1  | Linux (SUSE 10.1) / x86_64  |  OK  |  OK  |  | 
| wilson2  | Linux (openSUSE 10.3) / x86_64  |  OK  |  OK  |  | 
| wellington  | Linux (openSUSE 10.3) / i686  |  OK  |  OK  |  | 
| liverpool  | Windows Server 2003 R2 (32-bit) / x64  |  OK  | [ ERROR ] |  OK  | 
| lemming  | Windows Server 2003 (32-bit) / x64  |  OK  |  ERROR  |  OK  | 
* checking for working latex ... OK
* using log directory 'E:/biocbld/bbs-2.2-bioc/meat/BioMVCClass.Rcheck'
* using R version 2.7.0 Under development (unstable) (2007-11-14 r43455)
* checking for file 'BioMVCClass/DESCRIPTION' ... OK
* this is package 'BioMVCClass' version '1.7.0'
* checking package name space information ... OK
* checking package dependencies ... ERROR
Packages required but not available:
  Rgraphviz
See the information on DESCRIPTION files in the chapter 'Creating R
packages' of the 'Writing R Extensions' manual.