| Back to the "Multiple platform build/check report" |
This page was generated on 2014-04-04 17:29:00 -0700 (Fri, 04 Apr 2014).
| Package 71/181 | Hostname | OS / Arch | BUILD | CHECK | BUILD BIN | ||||
| geneLenDataBase 0.99.12 Matthew Young
| zin1 | Linux (Ubuntu 12.04.4 LTS) / x86_64 | OK | WARNINGS | |||||
| moscato1 | Windows Server 2008 R2 Enterprise SP1 (64-bit) / x64 | OK | [ WARNINGS ] | OK | |||||
| perceval | Mac OS X Snow Leopard (10.6.8) / x86_64 | OK | WARNINGS | OK |
| Package: geneLenDataBase |
| Version: 0.99.12 |
| Command: rm -rf geneLenDataBase.buildbin-libdir && mkdir geneLenDataBase.buildbin-libdir && D:\biocbld\bbs-2.13-bioc\R\bin\R.exe CMD INSTALL --build --merge-multiarch --library=geneLenDataBase.buildbin-libdir geneLenDataBase_0.99.12.tar.gz >geneLenDataBase-install.out 2>&1 && D:\biocbld\bbs-2.13-bioc\R\bin\R.exe CMD check --library=geneLenDataBase.buildbin-libdir --install="check:geneLenDataBase-install.out" --force-multiarch --no-vignettes --timings geneLenDataBase_0.99.12.tar.gz && mv geneLenDataBase.buildbin-libdir/* geneLenDataBase.Rcheck/ && rmdir geneLenDataBase.buildbin-libdir |
| StartedAt: 2014-04-04 11:42:19 -0700 (Fri, 04 Apr 2014) |
| EndedAt: 2014-04-04 11:55:55 -0700 (Fri, 04 Apr 2014) |
| EllapsedTime: 816.6 seconds |
| RetCode: 0 |
| Status: WARNINGS |
| CheckDir: geneLenDataBase.Rcheck |
| Warnings: 1 |
* using log directory 'D:/biocbld/bbs-2.13-data-experiment/meat/geneLenDataBase.Rcheck'
* using R version 3.0.3 (2014-03-06)
* using platform: i386-w64-mingw32 (32-bit)
* using session charset: ISO8859-1
* using option '--no-vignettes'
* checking for file 'geneLenDataBase/DESCRIPTION' ... OK
* this is package 'geneLenDataBase' version '0.99.12'
* checking package namespace information ... OK
* checking package dependencies ... OK
* checking if this is a source package ... OK
* checking if there is a namespace ... OK
* checking for hidden files and directories ... OK
* checking for portable file names ... OK
* checking whether package 'geneLenDataBase' can be installed ... OK
* checking installed package size ... NOTE
installed size is 100.5Mb
sub-directories of 1Mb or more:
data 99.9Mb
* checking package directory ... OK
* checking DESCRIPTION meta-information ... OK
* checking top-level files ... OK
* checking for left-over files ... OK
* checking index information ... OK
* checking package subdirectories ... OK
* checking R files for non-ASCII characters ... OK
* checking R files for syntax errors ... OK
* loading checks for arch 'i386'
** checking whether the package can be loaded ... OK
** checking whether the package can be loaded with stated dependencies ... OK
** checking whether the package can be unloaded cleanly ... OK
** checking whether the namespace can be loaded with stated dependencies ... OK
** checking whether the namespace can be unloaded cleanly ... OK
* loading checks for arch 'x64'
** checking whether the package can be loaded ... OK
** checking whether the package can be loaded with stated dependencies ... OK
** checking whether the package can be unloaded cleanly ... OK
** checking whether the namespace can be loaded with stated dependencies ... OK
** checking whether the namespace can be unloaded cleanly ... OK
* checking dependencies in R code ... NOTE
':::' call which should be '::': 'GenomicFeatures:::supportedUCSCtables'
See the note in ?`:::` about the use of this operator.
Unexported object imported by a ':::' call: 'GenomicFeatures:::.UCSC_TXNAME2GENEID_MAPDEFS'
See the note in ?`:::` about the use of this operator.
See the information on DESCRIPTION files in the chapter 'Creating R
packages' of the 'Writing R Extensions' manual.
* checking S3 generic/method consistency ... OK
* checking replacement functions ... OK
* checking foreign function calls ... OK
* checking R code for possible problems ... OK
* checking Rd files ... OK
* checking Rd metadata ... OK
* checking Rd cross-references ... WARNING
Missing link or links in documentation object 'D:/biocbld/bbs-2.13-data-experiment/tmpdir/RtmpgHyA69/R.INSTALL1e1415e03bf3/geneLenDataBase/man/anoCar1.ensGene.LENGTH.Rd':
'downloadLengthFromUCSC'
Missing link or links in documentation object 'D:/biocbld/bbs-2.13-data-experiment/tmpdir/RtmpgHyA69/R.INSTALL1e1415e03bf3/geneLenDataBase/man/anoCar1.genscan.LENGTH.Rd':
'downloadLengthFromUCSC'
Missing link or links in documentation object 'D:/biocbld/bbs-2.13-data-experiment/tmpdir/RtmpgHyA69/R.INSTALL1e1415e03bf3/geneLenDataBase/man/anoCar1.xenoRefGene.LENGTH.Rd':
'downloadLengthFromUCSC'
Missing link or links in documentation object 'D:/biocbld/bbs-2.13-data-experiment/tmpdir/RtmpgHyA69/R.INSTALL1e1415e03bf3/geneLenDataBase/man/anoGam1.ensGene.LENGTH.Rd':
'downloadLengthFromUCSC'
Missing link or links in documentation object 'D:/biocbld/bbs-2.13-data-experiment/tmpdir/RtmpgHyA69/R.INSTALL1e1415e03bf3/geneLenDataBase/man/anoGam1.geneid.LENGTH.Rd':
'downloadLengthFromUCSC'
Missing link or links in documentation object 'D:/biocbld/bbs-2.13-data-experiment/tmpdir/RtmpgHyA69/R.INSTALL1e1415e03bf3/geneLenDataBase/man/anoGam1.genscan.LENGTH.Rd':
'downloadLengthFromUCSC'
Missing link or links in documentation object 'D:/biocbld/bbs-2.13-data-experiment/tmpdir/RtmpgHyA69/R.INSTALL1e1415e03bf3/geneLenDataBase/man/apiMel1.genscan.LENGTH.Rd':
'downloadLengthFromUCSC'
Missing link or links in documentation object 'D:/biocbld/bbs-2.13-data-experiment/tmpdir/RtmpgHyA69/R.INSTALL1e1415e03bf3/geneLenDataBase/man/apiMel2.ensGene.LENGTH.Rd':
'downloadLengthFromUCSC'
Missing link or links in documentation object 'D:/biocbld/bbs-2.13-data-experiment/tmpdir/RtmpgHyA69/R.INSTALL1e1415e03bf3/geneLenDataBase/man/apiMel2.geneid.LENGTH.Rd':
'downloadLengthFromUCSC'
Missing link or links in documentation object 'D:/biocbld/bbs-2.13-data-experiment/tmpdir/RtmpgHyA69/R.INSTALL1e1415e03bf3/geneLenDataBase/man/apiMel2.genscan.LENGTH.Rd':
'downloadLengthFromUCSC'
Missing link or links in documentation object 'D:/biocbld/bbs-2.13-data-experiment/tmpdir/RtmpgHyA69/R.INSTALL1e1415e03bf3/geneLenDataBase/man/aplCal1.xenoRefGene.LENGTH.Rd':
'downloadLengthFromUCSC'
Missing link or links in documentation object 'D:/biocbld/bbs-2.13-data-experiment/tmpdir/RtmpgHyA69/R.INSTALL1e1415e03bf3/geneLenDataBase/man/bosTau2.geneSymbol.LENGTH.Rd':
'downloadLengthFromUCSC'
Missing link or links in documentation object 'D:/biocbld/bbs-2.13-data-experiment/tmpdir/RtmpgHyA69/R.INSTALL1e1415e03bf3/geneLenDataBase/man/bosTau2.geneid.LENGTH.Rd':
'downloadLengthFromUCSC'
Missing link or links in documentation object 'D:/biocbld/bbs-2.13-data-experiment/tmpdir/RtmpgHyA69/R.INSTALL1e1415e03bf3/geneLenDataBase/man/bosTau2.genscan.LENGTH.Rd':
'downloadLengthFromUCSC'
Missing link or links in documentation object 'D:/biocbld/bbs-2.13-data-experiment/tmpdir/RtmpgHyA69/R.INSTALL1e1415e03bf3/geneLenDataBase/man/bosTau2.refGene.LENGTH.Rd':
'downloadLengthFromUCSC'
Missing link or links in documentation object 'D:/biocbld/bbs-2.13-data-experiment/tmpdir/RtmpgHyA69/R.INSTALL1e1415e03bf3/geneLenDataBase/man/bosTau2.sgpGene.LENGTH.Rd':
'downloadLengthFromUCSC'
Missing link or links in documentation object 'D:/biocbld/bbs-2.13-data-experiment/tmpdir/RtmpgHyA69/R.INSTALL1e1415e03bf3/geneLenDataBase/man/bosTau3.ensGene.LENGTH.Rd':
'downloadLengthFromUCSC'
Missing link or links in documentation object 'D:/biocbld/bbs-2.13-data-experiment/tmpdir/RtmpgHyA69/R.INSTALL1e1415e03bf3/geneLenDataBase/man/bosTau3.geneSymbol.LENGTH.Rd':
'downloadLengthFromUCSC'
Missing link or links in documentation object 'D:/biocbld/bbs-2.13-data-experiment/tmpdir/RtmpgHyA69/R.INSTALL1e1415e03bf3/geneLenDataBase/man/bosTau3.geneid.LENGTH.Rd':
'downloadLengthFromUCSC'
Missing link or links in documentation object 'D:/biocbld/bbs-2.13-data-experiment/tmpdir/RtmpgHyA69/R.INSTALL1e1415e03bf3/geneLenDataBase/man/bosTau3.genscan.LENGTH.Rd':
'downloadLengthFromUCSC'
Missing link or links in documentation object 'D:/biocbld/bbs-2.13-data-experiment/tmpdir/RtmpgHyA69/R.INSTALL1e1415e03bf3/geneLenDataBase/man/bosTau3.refGene.LENGTH.Rd':
'downloadLengthFromUCSC'
Missing link or links in documentation object 'D:/biocbld/bbs-2.13-data-experiment/tmpdir/RtmpgHyA69/R.INSTALL1e1415e03bf3/geneLenDataBase/man/bosTau3.sgpGene.LENGTH.Rd':
'downloadLengthFromUCSC'
Missing link or links in documentation object 'D:/biocbld/bbs-2.13-data-experiment/tmpdir/RtmpgHyA69/R.INSTALL1e1415e03bf3/geneLenDataBase/man/bosTau4.ensGene.LENGTH.Rd':
'downloadLengthFromUCSC'
Missing link or links in documentation object 'D:/biocbld/bbs-2.13-data-experiment/tmpdir/RtmpgHyA69/R.INSTALL1e1415e03bf3/geneLenDataBase/man/bosTau4.geneSymbol.LENGTH.Rd':
'downloadLengthFromUCSC'
Missing link or links in documentation object 'D:/biocbld/bbs-2.13-data-experiment/tmpdir/RtmpgHyA69/R.INSTALL1e1415e03bf3/geneLenDataBase/man/bosTau4.genscan.LENGTH.Rd':
'downloadLengthFromUCSC'
Missing link or links in documentation object 'D:/biocbld/bbs-2.13-data-experiment/tmpdir/RtmpgHyA69/R.INSTALL1e1415e03bf3/geneLenDataBase/man/bosTau4.nscanGene.LENGTH.Rd':
'downloadLengthFromUCSC'
Missing link or links in documentation object 'D:/biocbld/bbs-2.13-data-experiment/tmpdir/RtmpgHyA69/R.INSTALL1e1415e03bf3/geneLenDataBase/man/bosTau4.refGene.LENGTH.Rd':
'downloadLengthFromUCSC'
Missing link or links in documentation object 'D:/biocbld/bbs-2.13-data-experiment/tmpdir/RtmpgHyA69/R.INSTALL1e1415e03bf3/geneLenDataBase/man/braFlo1.xenoRefGene.LENGTH.Rd':
'downloadLengthFromUCSC'
Missing link or links in documentation object 'D:/biocbld/bbs-2.13-data-experiment/tmpdir/RtmpgHyA69/R.INSTALL1e1415e03bf3/geneLenDataBase/man/caeJap1.xenoRefGene.LENGTH.Rd':
'downloadLengthFromUCSC'
Missing link or links in documentation object 'D:/biocbld/bbs-2.13-data-experiment/tmpdir/RtmpgHyA69/R.INSTALL1e1415e03bf3/geneLenDataBase/man/caePb1.xenoRefGene.LENGTH.Rd':
'downloadLengthFromUCSC'
Missing link or links in documentation object 'D:/biocbld/bbs-2.13-data-experiment/tmpdir/RtmpgHyA69/R.INSTALL1e1415e03bf3/geneLenDataBase/man/caePb2.xenoRefGene.LENGTH.Rd':
'downloadLengthFromUCSC'
Missing link or links in documentation object 'D:/biocbld/bbs-2.13-data-experiment/tmpdir/RtmpgHyA69/R.INSTALL1e1415e03bf3/geneLenDataBase/man/caeRem2.xenoRefGene.LENGTH.Rd':
'downloadLengthFromUCSC'
Missing link or links in documentation object 'D:/biocbld/bbs-2.13-data-experiment/tmpdir/RtmpgHyA69/R.INSTALL1e1415e03bf3/geneLenDataBase/man/caeRem3.xenoRefGene.LENGTH.Rd':
'downloadLengthFromUCSC'
Missing link or links in documentation object 'D:/biocbld/bbs-2.13-data-experiment/tmpdir/RtmpgHyA69/R.INSTALL1e1415e03bf3/geneLenDataBase/man/calJac1.genscan.LENGTH.Rd':
'downloadLengthFromUCSC'
Missing link or links in documentation object 'D:/biocbld/bbs-2.13-data-experiment/tmpdir/RtmpgHyA69/R.INSTALL1e1415e03bf3/geneLenDataBase/man/calJac1.nscanGene.LENGTH.Rd':
'downloadLengthFromUCSC'
Missing link or links in documentation object 'D:/biocbld/bbs-2.13-data-experiment/tmpdir/RtmpgHyA69/R.INSTALL1e1415e03bf3/geneLenDataBase/man/calJac1.xenoRefGene.LENGTH.Rd':
'downloadLengthFromUCSC'
Missing link or links in documentation object 'D:/biocbld/bbs-2.13-data-experiment/tmpdir/RtmpgHyA69/R.INSTALL1e1415e03bf3/geneLenDataBase/man/canFam1.ensGene.LENGTH.Rd':
'downloadLengthFromUCSC'
Missing link or links in documentation object 'D:/biocbld/bbs-2.13-data-experiment/tmpdir/RtmpgHyA69/R.INSTALL1e1415e03bf3/geneLenDataBase/man/canFam1.geneSymbol.LENGTH.Rd':
'downloadLengthFromUCSC'
Missing link or links in documentation object 'D:/biocbld/bbs-2.13-data-experiment/tmpdir/RtmpgHyA69/R.INSTALL1e1415e03bf3/geneLenDataBase/man/canFam1.genscan.LENGTH.Rd':
'downloadLengthFromUCSC'
Missing link or links in documentation object 'D:/biocbld/bbs-2.13-data-experiment/tmpdir/RtmpgHyA69/R.INSTALL1e1415e03bf3/geneLenDataBase/man/canFam1.nscanGene.LENGTH.Rd':
'downloadLengthFromUCSC'
Missing link or links in documentation object 'D:/biocbld/bbs-2.13-data-experiment/tmpdir/RtmpgHyA69/R.INSTALL1e1415e03bf3/geneLenDataBase/man/canFam1.refGene.LENGTH.Rd':
'downloadLengthFromUCSC'
Missing link or links in documentation object 'D:/biocbld/bbs-2.13-data-experiment/tmpdir/RtmpgHyA69/R.INSTALL1e1415e03bf3/geneLenDataBase/man/canFam1.xenoRefGene.LENGTH.Rd':
'downloadLengthFromUCSC'
Missing link or links in documentation object 'D:/biocbld/bbs-2.13-data-experiment/tmpdir/RtmpgHyA69/R.INSTALL1e1415e03bf3/geneLenDataBase/man/canFam2.ensGene.LENGTH.Rd':
'downloadLengthFromUCSC'
Missing link or links in documentation object 'D:/biocbld/bbs-2.13-data-experiment/tmpdir/RtmpgHyA69/R.INSTALL1e1415e03bf3/geneLenDataBase/man/canFam2.geneSymbol.LENGTH.Rd':
'downloadLengthFromUCSC'
Missing link or links in documentation object 'D:/biocbld/bbs-2.13-data-experiment/tmpdir/RtmpgHyA69/R.INSTALL1e1415e03bf3/geneLenDataBase/man/canFam2.genscan.LENGTH.Rd':
'downloadLengthFromUCSC'
Missing link or links in documentation object 'D:/biocbld/bbs-2.13-data-experiment/tmpdir/RtmpgHyA69/R.INSTALL1e1415e03bf3/geneLenDataBase/man/canFam2.nscanGene.LENGTH.Rd':
'downloadLengthFromUCSC'
Missing link or links in documentation object 'D:/biocbld/bbs-2.13-data-experiment/tmpdir/RtmpgHyA69/R.INSTALL1e1415e03bf3/geneLenDataBase/man/canFam2.refGene.LENGTH.Rd':
'downloadLengthFromUCSC'
Missing link or links in documentation object 'D:/biocbld/bbs-2.13-data-experiment/tmpdir/RtmpgHyA69/R.INSTALL1e1415e03bf3/geneLenDataBase/man/canFam2.xenoRefGene.LENGTH.Rd':
'downloadLengthFromUCSC'
Missing link or links in documentation object 'D:/biocbld/bbs-2.13-data-experiment/tmpdir/RtmpgHyA69/R.INSTALL1e1415e03bf3/geneLenDataBase/man/cavPor3.ensGene.LENGTH.Rd':
'downloadLengthFromUCSC'
Missing link or links in documentation object 'D:/biocbld/bbs-2.13-data-experiment/tmpdir/RtmpgHyA69/R.INSTALL1e1415e03bf3/geneLenDataBase/man/cavPor3.genscan.LENGTH.Rd':
'downloadLengthFromUCSC'
Missing link or links in documentation object 'D:/biocbld/bbs-2.13-data-experiment/tmpdir/RtmpgHyA69/R.INSTALL1e1415e03bf3/geneLenDataBase/man/cavPor3.nscanGene.LENGTH.Rd':
'downloadLengthFromUCSC'
Missing link or links in documentation object 'D:/biocbld/bbs-2.13-data-experiment/tmpdir/RtmpgHyA69/R.INSTALL1e1415e03bf3/geneLenDataBase/man/cavPor3.xenoRefGene.LENGTH.Rd':
'downloadLengthFromUCSC'
Missing link or links in documentation object 'D:/biocbld/bbs-2.13-data-experiment/tmpdir/RtmpgHyA69/R.INSTALL1e1415e03bf3/geneLenDataBase/man/cb1.xenoRefGene.LENGTH.Rd':
'downloadLengthFromUCSC'
Missing link or links in documentation object 'D:/biocbld/bbs-2.13-data-experiment/tmpdir/RtmpgHyA69/R.INSTALL1e1415e03bf3/geneLenDataBase/man/cb3.xenoRefGene.LENGTH.Rd':
'downloadLengthFromUCSC'
Missing link or links in documentation object 'D:/biocbld/bbs-2.13-data-experiment/tmpdir/RtmpgHyA69/R.INSTALL1e1415e03bf3/geneLenDataBase/man/ce2.geneSymbol.LENGTH.Rd':
'downloadLengthFromUCSC'
Missing link or links in documentation object 'D:/biocbld/bbs-2.13-data-experiment/tmpdir/RtmpgHyA69/R.INSTALL1e1415e03bf3/geneLenDataBase/man/ce2.geneid.LENGTH.Rd':
'downloadLengthFromUCSC'
Missing link or links in documentation object 'D:/biocbld/bbs-2.13-data-experiment/tmpdir/RtmpgHyA69/R.INSTALL1e1415e03bf3/geneLenDataBase/man/ce2.refGene.LENGTH.Rd':
'downloadLengthFromUCSC'
Missing link or links in documentation object 'D:/biocbld/bbs-2.13-data-experiment/tmpdir/RtmpgHyA69/R.INSTALL1e1415e03bf3/geneLenDataBase/man/ce4.geneSymbol.LENGTH.Rd':
'downloadLengthFromUCSC'
Missing link or links in documentation object 'D:/biocbld/bbs-2.13-data-experiment/tmpdir/RtmpgHyA69/R.INSTALL1e1415e03bf3/geneLenDataBase/man/ce4.refGene.LENGTH.Rd':
'downloadLengthFromUCSC'
Missing link or links in documentation object 'D:/biocbld/bbs-2.13-data-experiment/tmpdir/RtmpgHyA69/R.INSTALL1e1415e03bf3/geneLenDataBase/man/ce4.xenoRefGene.LENGTH.Rd':
'downloadLengthFromUCSC'
Missing link or links in documentation object 'D:/biocbld/bbs-2.13-data-experiment/tmpdir/RtmpgHyA69/R.INSTALL1e1415e03bf3/geneLenDataBase/man/ce6.ensGene.LENGTH.Rd':
'downloadLengthFromUCSC'
Missing link or links in documentation object 'D:/biocbld/bbs-2.13-data-experiment/tmpdir/RtmpgHyA69/R.INSTALL1e1415e03bf3/geneLenDataBase/man/ce6.geneSymbol.LENGTH.Rd':
'downloadLengthFromUCSC'
Missing link or links in documentation object 'D:/biocbld/bbs-2.13-data-experiment/tmpdir/RtmpgHyA69/R.INSTALL1e1415e03bf3/geneLenDataBase/man/ce6.refGene.LENGTH.Rd':
'downloadLengthFromUCSC'
Missing link or links in documentation object 'D:/biocbld/bbs-2.13-data-experiment/tmpdir/RtmpgHyA69/R.INSTALL1e1415e03bf3/geneLenDataBase/man/ce6.xenoRefGene.LENGTH.Rd':
'downloadLengthFromUCSC'
Missing link or links in documentation object 'D:/biocbld/bbs-2.13-data-experiment/tmpdir/RtmpgHyA69/R.INSTALL1e1415e03bf3/geneLenDataBase/man/ci1.geneSymbol.LENGTH.Rd':
'downloadLengthFromUCSC'
Missing link or links in documentation object 'D:/biocbld/bbs-2.13-data-experiment/tmpdir/RtmpgHyA69/R.INSTALL1e1415e03bf3/geneLenDataBase/man/ci1.refGene.LENGTH.Rd':
'downloadLengthFromUCSC'
Missing link or links in documentation object 'D:/biocbld/bbs-2.13-data-experiment/tmpdir/RtmpgHyA69/R.INSTALL1e1415e03bf3/geneLenDataBase/man/ci1.xenoRefGene.LENGTH.Rd':
'downloadLengthFromUCSC'
Missing link or links in documentation object 'D:/biocbld/bbs-2.13-data-experiment/tmpdir/RtmpgHyA69/R.INSTALL1e1415e03bf3/geneLenDataBase/man/ci2.ensGene.LENGTH.Rd':
'downloadLengthFromUCSC'
Missing link or links in documentation object 'D:/biocbld/bbs-2.13-data-experiment/tmpdir/RtmpgHyA69/R.INSTALL1e1415e03bf3/geneLenDataBase/man/ci2.geneSymbol.LENGTH.Rd':
'downloadLengthFromUCSC'
Missing link or links in documentation object 'D:/biocbld/bbs-2.13-data-experiment/tmpdir/RtmpgHyA69/R.INSTALL1e1415e03bf3/geneLenDataBase/man/ci2.refGene.LENGTH.Rd':
'downloadLengthFromUCSC'
Missing link or links in documentation object 'D:/biocbld/bbs-2.13-data-experiment/tmpdir/RtmpgHyA69/R.INSTALL1e1415e03bf3/geneLenDataBase/man/ci2.xenoRefGene.LENGTH.Rd':
'downloadLengthFromUCSC'
Missing link or links in documentation object 'D:/biocbld/bbs-2.13-data-experiment/tmpdir/RtmpgHyA69/R.INSTALL1e1415e03bf3/geneLenDataBase/man/danRer3.ensGene.LENGTH.Rd':
'downloadLengthFromUCSC'
Missing link or links in documentation object 'D:/biocbld/bbs-2.13-data-experiment/tmpdir/RtmpgHyA69/R.INSTALL1e1415e03bf3/geneLenDataBase/man/danRer3.geneSymbol.LENGTH.Rd':
'downloadLengthFromUCSC'
Missing link or links in documentation object 'D:/biocbld/bbs-2.13-data-experiment/tmpdir/RtmpgHyA69/R.INSTALL1e1415e03bf3/geneLenDataBase/man/danRer3.refGene.LENGTH.Rd':
'downloadLengthFromUCSC'
Missing link or links in documentation object 'D:/biocbld/bbs-2.13-data-experiment/tmpdir/RtmpgHyA69/R.INSTALL1e1415e03bf3/geneLenDataBase/man/danRer4.ensGene.LENGTH.Rd':
'downloadLengthFromUCSC'
Missing link or links in documentation object 'D:/biocbld/bbs-2.13-data-experiment/tmpdir/RtmpgHyA69/R.INSTALL1e1415e03bf3/geneLenDataBase/man/danRer4.geneSymbol.LENGTH.Rd':
'downloadLengthFromUCSC'
Missing link or links in documentation object 'D:/biocbld/bbs-2.13-data-experiment/tmpdir/RtmpgHyA69/R.INSTALL1e1415e03bf3/geneLenDataBase/man/danRer4.genscan.LENGTH.Rd':
'downloadLengthFromUCSC'
Missing link or links in documentation object 'D:/biocbld/bbs-2.13-data-experiment/tmpdir/RtmpgHyA69/R.INSTALL1e1415e03bf3/geneLenDataBase/man/danRer4.nscanGene.LENGTH.Rd':
'downloadLengthFromUCSC'
Missing link or links in documentation object 'D:/biocbld/bbs-2.13-data-experiment/tmpdir/RtmpgHyA69/R.INSTALL1e1415e03bf3/geneLenDataBase/man/danRer4.refGene.LENGTH.Rd':
'downloadLengthFromUCSC'
Missing link or links in documentation object 'D:/biocbld/bbs-2.13-data-experiment/tmpdir/RtmpgHyA69/R.INSTALL1e1415e03bf3/geneLenDataBase/man/danRer5.ensGene.LENGTH.Rd':
'downloadLengthFromUCSC'
Missing link or links in documentation object 'D:/biocbld/bbs-2.13-data-experiment/tmpdir/RtmpgHyA69/R.INSTALL1e1415e03bf3/geneLenDataBase/man/danRer5.geneSymbol.LENGTH.Rd':
'downloadLengthFromUCSC'
Missing link or links in documentation object 'D:/biocbld/bbs-2.13-data-experiment/tmpdir/RtmpgHyA69/R.INSTALL1e1415e03bf3/geneLenDataBase/man/danRer5.refGene.LENGTH.Rd':
'downloadLengthFromUCSC'
Missing link or links in documentation object 'D:/biocbld/bbs-2.13-data-experiment/tmpdir/RtmpgHyA69/R.INSTALL1e1415e03bf3/geneLenDataBase/man/danRer5.vegaGene.LENGTH.Rd':
'downloadLengthFromUCSC'
Missing link or links in documentation object 'D:/biocbld/bbs-2.13-data-experiment/tmpdir/RtmpgHyA69/R.INSTALL1e1415e03bf3/geneLenDataBase/man/danRer5.vegaPseudoGene.LENGTH.Rd':
'downloadLengthFromUCSC'
Missing link or links in documentation object 'D:/biocbld/bbs-2.13-data-experiment/tmpdir/RtmpgHyA69/R.INSTALL1e1415e03bf3/geneLenDataBase/man/danRer6.ensGene.LENGTH.Rd':
'downloadLengthFromUCSC'
Missing link or links in documentation object 'D:/biocbld/bbs-2.13-data-experiment/tmpdir/RtmpgHyA69/R.INSTALL1e1415e03bf3/geneLenDataBase/man/danRer6.geneSymbol.LENGTH.Rd':
'downloadLengthFromUCSC'
Missing link or links in documentation object 'D:/biocbld/bbs-2.13-data-experiment/tmpdir/RtmpgHyA69/R.INSTALL1e1415e03bf3/geneLenDataBase/man/danRer6.refGene.LENGTH.Rd':
'downloadLengthFromUCSC'
Missing link or links in documentation object 'D:/biocbld/bbs-2.13-data-experiment/tmpdir/RtmpgHyA69/R.INSTALL1e1415e03bf3/geneLenDataBase/man/danRer6.xenoRefGene.LENGTH.Rd':
'downloadLengthFromUCSC'
Missing link or links in documentation object 'D:/biocbld/bbs-2.13-data-experiment/tmpdir/RtmpgHyA69/R.INSTALL1e1415e03bf3/geneLenDataBase/man/dm1.geneSymbol.LENGTH.Rd':
'downloadLengthFromUCSC'
Missing link or links in documentation object 'D:/biocbld/bbs-2.13-data-experiment/tmpdir/RtmpgHyA69/R.INSTALL1e1415e03bf3/geneLenDataBase/man/dm1.genscan.LENGTH.Rd':
'downloadLengthFromUCSC'
Missing link or links in documentation object 'D:/biocbld/bbs-2.13-data-experiment/tmpdir/RtmpgHyA69/R.INSTALL1e1415e03bf3/geneLenDataBase/man/dm1.refGene.LENGTH.Rd':
'downloadLengthFromUCSC'
Missing link or links in documentation object 'D:/biocbld/bbs-2.13-data-experiment/tmpdir/RtmpgHyA69/R.INSTALL1e1415e03bf3/geneLenDataBase/man/dm2.geneSymbol.LENGTH.Rd':
'downloadLengthFromUCSC'
Missing link or links in documentation object 'D:/biocbld/bbs-2.13-data-experiment/tmpdir/RtmpgHyA69/R.INSTALL1e1415e03bf3/geneLenDataBase/man/dm2.geneid.LENGTH.Rd':
'downloadLengthFromUCSC'
Missing link or links in documentation object 'D:/biocbld/bbs-2.13-data-experiment/tmpdir/RtmpgHyA69/R.INSTALL1e1415e03bf3/geneLenDataBase/man/dm2.genscan.LENGTH.Rd':
'downloadLengthFromUCSC'
Missing link or links in documentation object 'D:/biocbld/bbs-2.13-data-experiment/tmpdir/RtmpgHyA69/R.INSTALL1e1415e03bf3/geneLenDataBase/man/dm2.nscanGene.LENGTH.Rd':
'downloadLengthFromUCSC'
Missing link or links in documentation object 'D:/biocbld/bbs-2.13-data-experiment/tmpdir/RtmpgHyA69/R.INSTALL1e1415e03bf3/geneLenDataBase/man/dm2.refGene.LENGTH.Rd':
'downloadLengthFromUCSC'
Missing link or links in documentation object 'D:/biocbld/bbs-2.13-data-experiment/tmpdir/RtmpgHyA69/R.INSTALL1e1415e03bf3/geneLenDataBase/man/dm3.geneSymbol.LENGTH.Rd':
'downloadLengthFromUCSC'
Missing link or links in documentation object 'D:/biocbld/bbs-2.13-data-experiment/tmpdir/RtmpgHyA69/R.INSTALL1e1415e03bf3/geneLenDataBase/man/dm3.nscanPasaGene.LENGTH.Rd':
'downloadLengthFromUCSC'
Missing link or links in documentation object 'D:/biocbld/bbs-2.13-data-experiment/tmpdir/RtmpgHyA69/R.INSTALL1e1415e03bf3/geneLenDataBase/man/dm3.refGene.LENGTH.Rd':
'downloadLengthFromUCSC'
Missing link or links in documentation object 'D:/biocbld/bbs-2.13-data-experiment/tmpdir/RtmpgHyA69/R.INSTALL1e1415e03bf3/geneLenDataBase/man/dp2.genscan.LENGTH.Rd':
'downloadLengthFromUCSC'
Missing link or links in documentation object 'D:/biocbld/bbs-2.13-data-experiment/tmpdir/RtmpgHyA69/R.INSTALL1e1415e03bf3/geneLenDataBase/man/dp2.xenoRefGene.LENGTH.Rd':
'downloadLengthFromUCSC'
Missing link or links in documentation object 'D:/biocbld/bbs-2.13-data-experiment/tmpdir/RtmpgHyA69/R.INSTALL1e1415e03bf3/geneLenDataBase/man/dp3.geneid.LENGTH.Rd':
'downloadLengthFromUCSC'
Missing link or links in documentation object 'D:/biocbld/bbs-2.13-data-experiment/tmpdir/RtmpgHyA69/R.INSTALL1e1415e03bf3/geneLenDataBase/man/dp3.genscan.LENGTH.Rd':
'downloadLengthFromUCSC'
Missing link or links in documentation object 'D:/biocbld/bbs-2.13-data-experiment/tmpdir/RtmpgHyA69/R.INSTALL1e1415e03bf3/geneLenDataBase/man/dp3.xenoRefGene.LENGTH.Rd':
'downloadLengthFromUCSC'
Missing link or links in documentation object 'D:/biocbld/bbs-2.13-data-experiment/tmpdir/RtmpgHyA69/R.INSTALL1e1415e03bf3/geneLenDataBase/man/droAna1.geneid.LENGTH.Rd':
'downloadLengthFromUCSC'
Missing link or links in documentation object 'D:/biocbld/bbs-2.13-data-experiment/tmpdir/RtmpgHyA69/R.INSTALL1e1415e03bf3/geneLenDataBase/man/droAna1.genscan.LENGTH.Rd':
'downloadLengthFromUCSC'
Missing link or links in documentation object 'D:/biocbld/bbs-2.13-data-experiment/tmpdir/RtmpgHyA69/R.INSTALL1e1415e03bf3/geneLenDataBase/man/droAna1.xenoRefGene.LENGTH.Rd':
'downloadLengthFromUCSC'
Missing link or links in documentation object 'D:/biocbld/bbs-2.13-data-experiment/tmpdir/RtmpgHyA69/R.INSTALL1e1415e03bf3/geneLenDataBase/man/droAna2.genscan.LENGTH.Rd':
'downloadLengthFromUCSC'
Missing link or links in documentation object 'D:/biocbld/bbs-2.13-data-experiment/tmpdir/RtmpgHyA69/R.INSTALL1e1415e03bf3/geneLenDataBase/man/droAna2.xenoRefGene.LENGTH.Rd':
'downloadLengthFromUCSC'
Missing link or links in documentation object 'D:/biocbld/bbs-2.13-data-experiment/tmpdir/RtmpgHyA69/R.INSTALL1e1415e03bf3/geneLenDataBase/man/droEre1.genscan.LENGTH.Rd':
'downloadLengthFromUCSC'
Missing link or links in documentation object 'D:/biocbld/bbs-2.13-data-experiment/tmpdir/RtmpgHyA69/R.INSTALL1e1415e03bf3/geneLenDataBase/man/droEre1.xenoRefGene.LENGTH.Rd':
'downloadLengthFromUCSC'
Missing link or links in documentation object 'D:/biocbld/bbs-2.13-data-experiment/tmpdir/RtmpgHyA69/R.INSTALL1e1415e03bf3/geneLenDataBase/man/droGri1.genscan.LENGTH.Rd':
'downloadLengthFromUCSC'
Missing link or links in documentation object 'D:/biocbld/bbs-2.13-data-experiment/tmpdir/RtmpgHyA69/R.INSTALL1e1415e03bf3/geneLenDataBase/man/droGri1.xenoRefGene.LENGTH.Rd':
'downloadLengthFromUCSC'
Missing link or links in documentation object 'D:/biocbld/bbs-2.13-data-experiment/tmpdir/RtmpgHyA69/R.INSTALL1e1415e03bf3/geneLenDataBase/man/droMoj1.geneid.LENGTH.Rd':
'downloadLengthFromUCSC'
Missing link or links in documentation object 'D:/biocbld/bbs-2.13-data-experiment/tmpdir/RtmpgHyA69/R.INSTALL1e1415e03bf3/geneLenDataBase/man/droMoj1.genscan.LENGTH.Rd':
'downloadLengthFromUCSC'
Missing link or links in documentation object 'D:/biocbld/bbs-2.13-data-experiment/tmpdir/RtmpgHyA69/R.INSTALL1e1415e03bf3/geneLenDataBase/man/droMoj1.xenoRefGene.LENGTH.Rd':
'downloadLengthFromUCSC'
Missing link or links in documentation object 'D:/biocbld/bbs-2.13-data-experiment/tmpdir/RtmpgHyA69/R.INSTALL1e1415e03bf3/geneLenDataBase/man/droMoj2.genscan.LENGTH.Rd':
'downloadLengthFromUCSC'
Missing link or links in documentation object 'D:/biocbld/bbs-2.13-data-experiment/tmpdir/RtmpgHyA69/R.INSTALL1e1415e03bf3/geneLenDataBase/man/droMoj2.xenoRefGene.LENGTH.Rd':
'downloadLengthFromUCSC'
Missing link or links in documentation object 'D:/biocbld/bbs-2.13-data-experiment/tmpdir/RtmpgHyA69/R.INSTALL1e1415e03bf3/geneLenDataBase/man/droPer1.genscan.LENGTH.Rd':
'downloadLengthFromUCSC'
Missing link or links in documentation object 'D:/biocbld/bbs-2.13-data-experiment/tmpdir/RtmpgHyA69/R.INSTALL1e1415e03bf3/geneLenDataBase/man/droPer1.xenoRefGene.LENGTH.Rd':
'downloadLengthFromUCSC'
Missing link or links in documentation object 'D:/biocbld/bbs-2.13-data-experiment/tmpdir/RtmpgHyA69/R.INSTALL1e1415e03bf3/geneLenDataBase/man/droSec1.genscan.LENGTH.Rd':
'downloadLengthFromUCSC'
Missing link or links in documentation object 'D:/biocbld/bbs-2.13-data-experiment/tmpdir/RtmpgHyA69/R.INSTALL1e1415e03bf3/geneLenDataBase/man/droSec1.xenoRefGene.LENGTH.Rd':
'downloadLengthFromUCSC'
Missing link or links in documentation object 'D:/biocbld/bbs-2.13-data-experiment/tmpdir/RtmpgHyA69/R.INSTALL1e1415e03bf3/geneLenDataBase/man/droSim1.geneid.LENGTH.Rd':
'downloadLengthFromUCSC'
Missing link or links in documentation object 'D:/biocbld/bbs-2.13-data-experiment/tmpdir/RtmpgHyA69/R.INSTALL1e1415e03bf3/geneLenDataBase/man/droSim1.genscan.LENGTH.Rd':
'downloadLengthFromUCSC'
Missing link or links in documentation object 'D:/biocbld/bbs-2.13-data-experiment/tmpdir/RtmpgHyA69/R.INSTALL1e1415e03bf3/geneLenDataBase/man/droSim1.xenoRefGene.LENGTH.Rd':
'downloadLengthFromUCSC'
Missing link or links in documentation object 'D:/biocbld/bbs-2.13-data-experiment/tmpdir/RtmpgHyA69/R.INSTALL1e1415e03bf3/geneLenDataBase/man/droVir1.geneid.LENGTH.Rd':
'downloadLengthFromUCSC'
Missing link or links in documentation object 'D:/biocbld/bbs-2.13-data-experiment/tmpdir/RtmpgHyA69/R.INSTALL1e1415e03bf3/geneLenDataBase/man/droVir1.genscan.LENGTH.Rd':
'downloadLengthFromUCSC'
Missing link or links in documentation object 'D:/biocbld/bbs-2.13-data-experiment/tmpdir/RtmpgHyA69/R.INSTALL1e1415e03bf3/geneLenDataBase/man/droVir1.xenoRefGene.LENGTH.Rd':
'downloadLengthFromUCSC'
Missing link or links in documentation object 'D:/biocbld/bbs-2.13-data-experiment/tmpdir/RtmpgHyA69/R.INSTALL1e1415e03bf3/geneLenDataBase/man/droVir2.genscan.LENGTH.Rd':
'downloadLengthFromUCSC'
Missing link or links in documentation object 'D:/biocbld/bbs-2.13-data-experiment/tmpdir/RtmpgHyA69/R.INSTALL1e1415e03bf3/geneLenDataBase/man/droVir2.xenoRefGene.LENGTH.Rd':
'downloadLengthFromUCSC'
Missing link or links in documentation object 'D:/biocbld/bbs-2.13-data-experiment/tmpdir/RtmpgHyA69/R.INSTALL1e1415e03bf3/geneLenDataBase/man/droYak1.geneid.LENGTH.Rd':
'downloadLengthFromUCSC'
Missing link or links in documentation object 'D:/biocbld/bbs-2.13-data-experiment/tmpdir/RtmpgHyA69/R.INSTALL1e1415e03bf3/geneLenDataBase/man/droYak1.genscan.LENGTH.Rd':
'downloadLengthFromUCSC'
Missing link or links in documentation object 'D:/biocbld/bbs-2.13-data-experiment/tmpdir/RtmpgHyA69/R.INSTALL1e1415e03bf3/geneLenDataBase/man/droYak1.xenoRefGene.LENGTH.Rd':
'downloadLengthFromUCSC'
Missing link or links in documentation object 'D:/biocbld/bbs-2.13-data-experiment/tmpdir/RtmpgHyA69/R.INSTALL1e1415e03bf3/geneLenDataBase/man/droYak2.genscan.LENGTH.Rd':
'downloadLengthFromUCSC'
Missing link or links in documentation object 'D:/biocbld/bbs-2.13-data-experiment/tmpdir/RtmpgHyA69/R.INSTALL1e1415e03bf3/geneLenDataBase/man/droYak2.xenoRefGene.LENGTH.Rd':
'downloadLengthFromUCSC'
Missing link or links in documentation object 'D:/biocbld/bbs-2.13-data-experiment/tmpdir/RtmpgHyA69/R.INSTALL1e1415e03bf3/geneLenDataBase/man/equCab1.geneSymbol.LENGTH.Rd':
'downloadLengthFromUCSC'
Missing link or links in documentation object 'D:/biocbld/bbs-2.13-data-experiment/tmpdir/RtmpgHyA69/R.INSTALL1e1415e03bf3/geneLenDataBase/man/equCab1.geneid.LENGTH.Rd':
'downloadLengthFromUCSC'
Missing link or links in documentation object 'D:/biocbld/bbs-2.13-data-experiment/tmpdir/RtmpgHyA69/R.INSTALL1e1415e03bf3/geneLenDataBase/man/equCab1.nscanGene.LENGTH.Rd':
'downloadLengthFromUCSC'
Missing link or links in documentation object 'D:/biocbld/bbs-2.13-data-experiment/tmpdir/RtmpgHyA69/R.INSTALL1e1415e03bf3/geneLenDataBase/man/equCab1.refGene.LENGTH.Rd':
'downloadLengthFromUCSC'
Missing link or links in documentation object 'D:/biocbld/bbs-2.13-data-experiment/tmpdir/RtmpgHyA69/R.INSTALL1e1415e03bf3/geneLenDataBase/man/equCab1.sgpGene.LENGTH.Rd':
'downloadLengthFromUCSC'
Missing link or links in documentation object 'D:/biocbld/bbs-2.13-data-experiment/tmpdir/RtmpgHyA69/R.INSTALL1e1415e03bf3/geneLenDataBase/man/equCab2.ensGene.LENGTH.Rd':
'downloadLengthFromUCSC'
Missing link or links in documentation object 'D:/biocbld/bbs-2.13-data-experiment/tmpdir/RtmpgHyA69/R.INSTALL1e1415e03bf3/geneLenDataBase/man/equCab2.geneSymbol.LENGTH.Rd':
'downloadLengthFromUCSC'
Missing link or links in documentation object 'D:/biocbld/bbs-2.13-data-experiment/tmpdir/RtmpgHyA69/R.INSTALL1e1415e03bf3/geneLenDataBase/man/equCab2.nscanGene.LENGTH.Rd':
'downloadLengthFromUCSC'
Missing link or links in documentation object 'D:/biocbld/bbs-2.13-data-experiment/tmpdir/RtmpgHyA69/R.INSTALL1e1415e03bf3/geneLenDataBase/man/equCab2.refGene.LENGTH.Rd':
'downloadLengthFromUCSC'
Missing link or links in documentation object 'D:/biocbld/bbs-2.13-data-experiment/tmpdir/RtmpgHyA69/R.INSTALL1e1415e03bf3/geneLenDataBase/man/equCab2.xenoRefGene.LENGTH.Rd':
'downloadLengthFromUCSC'
Missing link or links in documentation object 'D:/biocbld/bbs-2.13-data-experiment/tmpdir/RtmpgHyA69/R.INSTALL1e1415e03bf3/geneLenDataBase/man/felCat3.ensGene.LENGTH.Rd':
'downloadLengthFromUCSC'
Missing link or links in documentation object 'D:/biocbld/bbs-2.13-data-experiment/tmpdir/RtmpgHyA69/R.INSTALL1e1415e03bf3/geneLenDataBase/man/felCat3.geneSymbol.LENGTH.Rd':
'downloadLengthFromUCSC'
Missing link or links in documentation object 'D:/biocbld/bbs-2.13-data-experiment/tmpdir/RtmpgHyA69/R.INSTALL1e1415e03bf3/geneLenDataBase/man/felCat3.geneid.LENGTH.Rd':
'downloadLengthFromUCSC'
Missing link or links in documentation object 'D:/biocbld/bbs-2.13-data-experiment/tmpdir/RtmpgHyA69/R.INSTALL1e1415e03bf3/geneLenDataBase/man/felCat3.genscan.LENGTH.Rd':
'downloadLengthFromUCSC'
Missing link or links in documentation object 'D:/biocbld/bbs-2.13-data-experiment/tmpdir/RtmpgHyA69/R.INSTALL1e1415e03bf3/geneLenDataBase/man/felCat3.nscanGene.LENGTH.Rd':
'downloadLengthFromUCSC'
Missing link or links in documentation object 'D:/biocbld/bbs-2.13-data-experiment/tmpdir/RtmpgHyA69/R.INSTALL1e1415e03bf3/geneLenDataBase/man/felCat3.refGene.LENGTH.Rd':
'downloadLengthFromUCSC'
Missing link or links in documentation object 'D:/biocbld/bbs-2.13-data-experiment/tmpdir/RtmpgHyA69/R.INSTALL1e1415e03bf3/geneLenDataBase/man/felCat3.sgpGene.LENGTH.Rd':
'downloadLengthFromUCSC'
Missing link or links in documentation object 'D:/biocbld/bbs-2.13-data-experiment/tmpdir/RtmpgHyA69/R.INSTALL1e1415e03bf3/geneLenDataBase/man/felCat3.xenoRefGene.LENGTH.Rd':
'downloadLengthFromUCSC'
Missing link or links in documentation object 'D:/biocbld/bbs-2.13-data-experiment/tmpdir/RtmpgHyA69/R.INSTALL1e1415e03bf3/geneLenDataBase/man/fr1.ensGene.LENGTH.Rd':
'downloadLengthFromUCSC'
Missing link or links in documentation object 'D:/biocbld/bbs-2.13-data-experiment/tmpdir/RtmpgHyA69/R.INSTALL1e1415e03bf3/geneLenDataBase/man/fr1.genscan.LENGTH.Rd':
'downloadLengthFromUCSC'
Missing link or links in documentation object 'D:/biocbld/bbs-2.13-data-experiment/tmpdir/RtmpgHyA69/R.INSTALL1e1415e03bf3/geneLenDataBase/man/fr2.ensGene.LENGTH.Rd':
'downloadLengthFromUCSC'
Missing link or links in documentation object 'D:/biocbld/bbs-2.13-data-experiment/tmpdir/RtmpgHyA69/R.INSTALL1e1415e03bf3/geneLenDataBase/man/galGal2.ensGene.LENGTH.Rd':
'downloadLengthFromUCSC'
Missing link or links in documentation object 'D:/biocbld/bbs-2.13-data-experiment/tmpdir/RtmpgHyA69/R.INSTALL1e1415e03bf3/geneLenDataBase/man/galGal2.geneSymbol.LENGTH.Rd':
'downloadLengthFromUCSC'
Missing link or links in documentation object 'D:/biocbld/bbs-2.13-data-experiment/tmpdir/RtmpgHyA69/R.INSTALL1e1415e03bf3/geneLenDataBase/man/galGal2.geneid.LENGTH.Rd':
'downloadLengthFromUCSC'
Missing link or links in documentation object 'D:/biocbld/bbs-2.13-data-experiment/tmpdir/RtmpgHyA69/R.INSTALL1e1415e03bf3/geneLenDataBase/man/galGal2.genscan.LENGTH.Rd':
'downloadLengthFromUCSC'
Missing link or links in documentation object 'D:/biocbld/bbs-2.13-data-experiment/tmpdir/RtmpgHyA69/R.INSTALL1e1415e03bf3/geneLenDataBase/man/galGal2.refGene.LENGTH.Rd':
'downloadLengthFromUCSC'
Missing link or links in documentation object 'D:/biocbld/bbs-2.13-data-experiment/tmpdir/RtmpgHyA69/R.INSTALL1e1415e03bf3/geneLenDataBase/man/galGal2.sgpGene.LENGTH.Rd':
'downloadLengthFromUCSC'
Missing link or links in documentation object 'D:/biocbld/bbs-2.13-data-experiment/tmpdir/RtmpgHyA69/R.INSTALL1e1415e03bf3/geneLenDataBase/man/galGal3.ensGene.LENGTH.Rd':
'downloadLengthFromUCSC'
Missing link or links in documentation object 'D:/biocbld/bbs-2.13-data-experiment/tmpdir/RtmpgHyA69/R.INSTALL1e1415e03bf3/geneLenDataBase/man/galGal3.geneSymbol.LENGTH.Rd':
'downloadLengthFromUCSC'
Missing link or links in documentation object 'D:/biocbld/bbs-2.13-data-experiment/tmpdir/RtmpgHyA69/R.INSTALL1e1415e03bf3/geneLenDataBase/man/galGal3.genscan.LENGTH.Rd':
'downloadLengthFromUCSC'
Missing link or links in documentation object 'D:/biocbld/bbs-2.13-data-experiment/tmpdir/RtmpgHyA69/R.INSTALL1e1415e03bf3/geneLenDataBase/man/galGal3.nscanGene.LENGTH.Rd':
'downloadLengthFromUCSC'
Missing link or links in documentation object 'D:/biocbld/bbs-2.13-data-experiment/tmpdir/RtmpgHyA69/R.INSTALL1e1415e03bf3/geneLenDataBase/man/galGal3.refGene.LENGTH.Rd':
'downloadLengthFromUCSC'
Missing link or links in documentation object 'D:/biocbld/bbs-2.13-data-experiment/tmpdir/RtmpgHyA69/R.INSTALL1e1415e03bf3/geneLenDataBase/man/galGal3.xenoRefGene.LENGTH.Rd':
'downloadLengthFromUCSC'
Missing link or links in documentation object 'D:/biocbld/bbs-2.13-data-experiment/tmpdir/RtmpgHyA69/R.INSTALL1e1415e03bf3/geneLenDataBase/man/gasAcu1.ensGene.LENGTH.Rd':
'downloadLengthFromUCSC'
Missing link or links in documentation object 'D:/biocbld/bbs-2.13-data-experiment/tmpdir/RtmpgHyA69/R.INSTALL1e1415e03bf3/geneLenDataBase/man/gasAcu1.nscanGene.LENGTH.Rd':
'downloadLengthFromUCSC'
Missing link or links in documentation object 'D:/biocbld/bbs-2.13-data-experiment/tmpdir/RtmpgHyA69/R.INSTALL1e1415e03bf3/geneLenDataBase/man/hg16.acembly.LENGTH.Rd':
'downloadLengthFromUCSC'
Missing link or links in documentation object 'D:/biocbld/bbs-2.13-data-experiment/tmpdir/RtmpgHyA69/R.INSTALL1e1415e03bf3/geneLenDataBase/man/hg16.ensGene.LENGTH.Rd':
'downloadLengthFromUCSC'
Missing link or links in documentation object 'D:/biocbld/bbs-2.13-data-experiment/tmpdir/RtmpgHyA69/R.INSTALL1e1415e03bf3/geneLenDataBase/man/hg16.exoniphy.LENGTH.Rd':
'downloadLengthFromUCSC'
Missing link or links in documentation object 'D:/biocbld/bbs-2.13-data-experiment/tmpdir/RtmpgHyA69/R.INSTALL1e1415e03bf3/geneLenDataBase/man/hg16.geneSymbol.LENGTH.Rd':
'downloadLengthFromUCSC'
Missing link or links in documentation object 'D:/biocbld/bbs-2.13-data-experiment/tmpdir/RtmpgHyA69/R.INSTALL1e1415e03bf3/geneLenDataBase/man/hg16.geneid.LENGTH.Rd':
'downloadLengthFromUCSC'
Missing link or links in documentation object 'D:/biocbld/bbs-2.13-data-experiment/tmpdir/RtmpgHyA69/R.INSTALL1e1415e03bf3/geneLenDataBase/man/hg16.genscan.LENGTH.Rd':
'downloadLengthFromUCSC'
Missing link or links in documentation object 'D:/biocbld/bbs-2.13-data-experiment/tmpdir/RtmpgHyA69/R.INSTALL1e1415e03bf3/geneLenDataBase/man/hg16.knownGene.LENGTH.Rd':
'downloadLengthFromUCSC'
Missing link or links in documentation object 'D:/biocbld/bbs-2.13-data-experiment/tmpdir/RtmpgHyA69/R.INSTALL1e1415e03bf3/geneLenDataBase/man/hg16.refGene.LENGTH.Rd':
'downloadLengthFromUCSC'
Missing link or links in documentation object 'D:/biocbld/bbs-2.13-data-experiment/tmpdir/RtmpgHyA69/R.INSTALL1e1415e03bf3/geneLenDataBase/man/hg16.sgpGene.LENGTH.Rd':
'downloadLengthFromUCSC'
Missing link or links in documentation object 'D:/biocbld/bbs-2.13-data-experiment/tmpdir/RtmpgHyA69/R.INSTALL1e1415e03bf3/geneLenDataBase/man/hg17.acembly.LENGTH.Rd':
'downloadLengthFromUCSC'
Missing link or links in documentation object 'D:/biocbld/bbs-2.13-data-experiment/tmpdir/RtmpgHyA69/R.INSTALL1e1415e03bf3/geneLenDataBase/man/hg17.acescan.LENGTH.Rd':
'downloadLengthFromUCSC'
Missing link or links in documentation object 'D:/biocbld/bbs-2.13-data-experiment/tmpdir/RtmpgHyA69/R.INSTALL1e1415e03bf3/geneLenDataBase/man/hg17.ccdsGene.LENGTH.Rd':
'downloadLengthFromUCSC'
Missing link or links in documentation object 'D:/biocbld/bbs-2.13-data-experiment/tmpdir/RtmpgHyA69/R.INSTALL1e1415e03bf3/geneLenDataBase/man/hg17.ensGene.LENGTH.Rd':
'downloadLengthFromUCSC'
Missing link or links in documentation object 'D:/biocbld/bbs-2.13-data-experiment/tmpdir/RtmpgHyA69/R.INSTALL1e1415e03bf3/geneLenDataBase/man/hg17.exoniphy.LENGTH.Rd':
'downloadLengthFromUCSC'
Missing link or links in documentation object 'D:/biocbld/bbs-2.13-data-experiment/tmpdir/RtmpgHyA69/R.INSTALL1e1415e03bf3/geneLenDataBase/man/hg17.geneSymbol.LENGTH.Rd':
'downloadLengthFromUCSC'
Missing link or links in documentation object 'D:/biocbld/bbs-2.13-data-experiment/tmpdir/RtmpgHyA69/R.INSTALL1e1415e03bf3/geneLenDataBase/man/hg17.geneid.LENGTH.Rd':
'downloadLengthFromUCSC'
Missing link or links in documentation object 'D:/biocbld/bbs-2.13-data-experiment/tmpdir/RtmpgHyA69/R.INSTALL1e1415e03bf3/geneLenDataBase/man/hg17.genscan.LENGTH.Rd':
'downloadLengthFromUCSC'
Missing link or links in documentation object 'D:/biocbld/bbs-2.13-data-experiment/tmpdir/RtmpgHyA69/R.INSTALL1e1415e03bf3/geneLenDataBase/man/hg17.knownGene.LENGTH.Rd':
'downloadLengthFromUCSC'
Missing link or links in documentation object 'D:/biocbld/bbs-2.13-data-experiment/tmpdir/RtmpgHyA69/R.INSTALL1e1415e03bf3/geneLenDataBase/man/hg17.refGene.LENGTH.Rd':
'downloadLengthFromUCSC'
Missing link or links in documentation object 'D:/biocbld/bbs-2.13-data-experiment/tmpdir/RtmpgHyA69/R.INSTALL1e1415e03bf3/geneLenDataBase/man/hg17.sgpGene.LENGTH.Rd':
'downloadLengthFromUCSC'
Missing link or links in documentation object 'D:/biocbld/bbs-2.13-data-experiment/tmpdir/RtmpgHyA69/R.INSTALL1e1415e03bf3/geneLenDataBase/man/hg17.vegaGene.LENGTH.Rd':
'downloadLengthFromUCSC'
Missing link or links in documentation object 'D:/biocbld/bbs-2.13-data-experiment/tmpdir/RtmpgHyA69/R.INSTALL1e1415e03bf3/geneLenDataBase/man/hg17.vegaPseudoGene.LENGTH.Rd':
'downloadLengthFromUCSC'
Missing link or links in documentation object 'D:/biocbld/bbs-2.13-data-experiment/tmpdir/RtmpgHyA69/R.INSTALL1e1415e03bf3/geneLenDataBase/man/hg17.xenoRefGene.LENGTH.Rd':
'downloadLengthFromUCSC'
Missing link or links in documentation object 'D:/biocbld/bbs-2.13-data-experiment/tmpdir/RtmpgHyA69/R.INSTALL1e1415e03bf3/geneLenDataBase/man/hg18.acembly.LENGTH.Rd':
'downloadLengthFromUCSC'
Missing link or links in documentation object 'D:/biocbld/bbs-2.13-data-experiment/tmpdir/RtmpgHyA69/R.INSTALL1e1415e03bf3/geneLenDataBase/man/hg18.acescan.LENGTH.Rd':
'downloadLengthFromUCSC'
Missing link or links in documentation object 'D:/biocbld/bbs-2.13-data-experiment/tmpdir/RtmpgHyA69/R.INSTALL1e1415e03bf3/geneLenDataBase/man/hg18.ccdsGene.LENGTH.Rd':
'downloadLengthFromUCSC'
Missing link or links in documentation object 'D:/biocbld/bbs-2.13-data-experiment/tmpdir/RtmpgHyA69/R.INSTALL1e1415e03bf3/geneLenDataBase/man/hg18.ensGene.LENGTH.Rd':
'downloadLengthFromUCSC'
Missing link or links in documentation object 'D:/biocbld/bbs-2.13-data-experiment/tmpdir/RtmpgHyA69/R.INSTALL1e1415e03bf3/geneLenDataBase/man/hg18.exoniphy.LENGTH.Rd':
'downloadLengthFromUCSC'
Missing link or links in documentation object 'D:/biocbld/bbs-2.13-data-experiment/tmpdir/RtmpgHyA69/R.INSTALL1e1415e03bf3/geneLenDataBase/man/hg18.geneSymbol.LENGTH.Rd':
'downloadLengthFromUCSC'
Missing link or links in documentation object 'D:/biocbld/bbs-2.13-data-experiment/tmpdir/RtmpgHyA69/R.INSTALL1e1415e03bf3/geneLenDataBase/man/hg18.geneid.LENGTH.Rd':
'downloadLengthFromUCSC'
Missing link or links in documentation object 'D:/biocbld/bbs-2.13-data-experiment/tmpdir/RtmpgHyA69/R.INSTALL1e1415e03bf3/geneLenDataBase/man/hg18.genscan.LENGTH.Rd':
'downloadLengthFromUCSC'
Missing link or links in documentation object 'D:/biocbld/bbs-2.13-data-experiment/tmpdir/RtmpgHyA69/R.INSTALL1e1415e03bf3/geneLenDataBase/man/hg18.knownGene.LENGTH.Rd':
'downloadLengthFromUCSC'
Missing link or links in documentation object 'D:/biocbld/bbs-2.13-data-experiment/tmpdir/RtmpgHyA69/R.INSTALL1e1415e03bf3/geneLenDataBase/man/hg18.knownGeneOld3.LENGTH.Rd':
'downloadLengthFromUCSC'
Missing link or links in documentation object 'D:/biocbld/bbs-2.13-data-experiment/tmpdir/RtmpgHyA69/R.INSTALL1e1415e03bf3/geneLenDataBase/man/hg18.refGene.LENGTH.Rd':
'downloadLengthFromUCSC'
Missing link or links in documentation object 'D:/biocbld/bbs-2.13-data-experiment/tmpdir/RtmpgHyA69/R.INSTALL1e1415e03bf3/geneLenDataBase/man/hg18.sgpGene.LENGTH.Rd':
'downloadLengthFromUCSC'
Missing link or links in documentation object 'D:/biocbld/bbs-2.13-data-experiment/tmpdir/RtmpgHyA69/R.INSTALL1e1415e03bf3/geneLenDataBase/man/hg18.sibGene.LENGTH.Rd':
'downloadLengthFromUCSC'
Missing link or links in documentation object 'D:/biocbld/bbs-2.13-data-experiment/tmpdir/RtmpgHyA69/R.INSTALL1e1415e03bf3/geneLenDataBase/man/hg18.xenoRefGene.LENGTH.Rd':
'downloadLengthFromUCSC'
Missing link or links in documentation object 'D:/biocbld/bbs-2.13-data-experiment/tmpdir/RtmpgHyA69/R.INSTALL1e1415e03bf3/geneLenDataBase/man/hg19.ccdsGene.LENGTH.Rd':
'downloadLengthFromUCSC'
Missing link or links in documentation object 'D:/biocbld/bbs-2.13-data-experiment/tmpdir/RtmpgHyA69/R.INSTALL1e1415e03bf3/geneLenDataBase/man/hg19.ensGene.LENGTH.Rd':
'downloadLengthFromUCSC'
Missing link or links in documentation object 'D:/biocbld/bbs-2.13-data-experiment/tmpdir/RtmpgHyA69/R.INSTALL1e1415e03bf3/geneLenDataBase/man/hg19.exoniphy.LENGTH.Rd':
'downloadLengthFromUCSC'
Missing link or links in documentation object 'D:/biocbld/bbs-2.13-data-experiment/tmpdir/RtmpgHyA69/R.INSTALL1e1415e03bf3/geneLenDataBase/man/hg19.geneSymbol.LENGTH.Rd':
'downloadLengthFromUCSC'
Missing link or links in documentation object 'D:/biocbld/bbs-2.13-data-experiment/tmpdir/RtmpgHyA69/R.INSTALL1e1415e03bf3/geneLenDataBase/man/hg19.knownGene.LENGTH.Rd':
'downloadLengthFromUCSC'
Missing link or links in documentation object 'D:/biocbld/bbs-2.13-data-experiment/tmpdir/RtmpgHyA69/R.INSTALL1e1415e03bf3/geneLenDataBase/man/hg19.nscanGene.LENGTH.Rd':
'downloadLengthFromUCSC'
Missing link or links in documentation object 'D:/biocbld/bbs-2.13-data-experiment/tmpdir/RtmpgHyA69/R.INSTALL1e1415e03bf3/geneLenDataBase/man/hg19.refGene.LENGTH.Rd':
'downloadLengthFromUCSC'
Missing link or links in documentation object 'D:/biocbld/bbs-2.13-data-experiment/tmpdir/RtmpgHyA69/R.INSTALL1e1415e03bf3/geneLenDataBase/man/hg19.xenoRefGene.LENGTH.Rd':
'downloadLengthFromUCSC'
Missing link or links in documentation object 'D:/biocbld/bbs-2.13-data-experiment/tmpdir/RtmpgHyA69/R.INSTALL1e1415e03bf3/geneLenDataBase/man/loxAfr3.xenoRefGene.LENGTH.Rd':
'downloadLengthFromUCSC'
Missing link or links in documentation object 'D:/biocbld/bbs-2.13-data-experiment/tmpdir/RtmpgHyA69/R.INSTALL1e1415e03bf3/geneLenDataBase/man/mm7.ensGene.LENGTH.Rd':
'downloadLengthFromUCSC'
Missing link or links in documentation object 'D:/biocbld/bbs-2.13-data-experiment/tmpdir/RtmpgHyA69/R.INSTALL1e1415e03bf3/geneLenDataBase/man/mm7.geneSymbol.LENGTH.Rd':
'downloadLengthFromUCSC'
Missing link or links in documentation object 'D:/biocbld/bbs-2.13-data-experiment/tmpdir/RtmpgHyA69/R.INSTALL1e1415e03bf3/geneLenDataBase/man/mm7.geneid.LENGTH.Rd':
'downloadLengthFromUCSC'
Missing link or links in documentation object 'D:/biocbld/bbs-2.13-data-experiment/tmpdir/RtmpgHyA69/R.INSTALL1e1415e03bf3/geneLenDataBase/man/mm7.genscan.LENGTH.Rd':
'downloadLengthFromUCSC'
Missing link or links in documentation object 'D:/biocbld/bbs-2.13-data-experiment/tmpdir/RtmpgHyA69/R.INSTALL1e1415e03bf3/geneLenDataBase/man/mm7.knownGene.LENGTH.Rd':
'downloadLengthFromUCSC'
Missing link or links in documentation object 'D:/biocbld/bbs-2.13-data-experiment/tmpdir/RtmpgHyA69/R.INSTALL1e1415e03bf3/geneLenDataBase/man/mm7.refGene.LENGTH.Rd':
'downloadLengthFromUCSC'
Missing link or links in documentation object 'D:/biocbld/bbs-2.13-data-experiment/tmpdir/RtmpgHyA69/R.INSTALL1e1415e03bf3/geneLenDataBase/man/mm7.sgpGene.LENGTH.Rd':
'downloadLengthFromUCSC'
Missing link or links in documentation object 'D:/biocbld/bbs-2.13-data-experiment/tmpdir/RtmpgHyA69/R.INSTALL1e1415e03bf3/geneLenDataBase/man/mm7.xenoRefGene.LENGTH.Rd':
'downloadLengthFromUCSC'
Missing link or links in documentation object 'D:/biocbld/bbs-2.13-data-experiment/tmpdir/RtmpgHyA69/R.INSTALL1e1415e03bf3/geneLenDataBase/man/mm8.ccdsGene.LENGTH.Rd':
'downloadLengthFromUCSC'
Missing link or links in documentation object 'D:/biocbld/bbs-2.13-data-experiment/tmpdir/RtmpgHyA69/R.INSTALL1e1415e03bf3/geneLenDataBase/man/mm8.ensGene.LENGTH.Rd':
'downloadLengthFromUCSC'
Missing link or links in documentation object 'D:/biocbld/bbs-2.13-data-experiment/tmpdir/RtmpgHyA69/R.INSTALL1e1415e03bf3/geneLenDataBase/man/mm8.geneSymbol.LENGTH.Rd':
'downloadLengthFromUCSC'
Missing link or links in documentation object 'D:/biocbld/bbs-2.13-data-experiment/tmpdir/RtmpgHyA69/R.INSTALL1e1415e03bf3/geneLenDataBase/man/mm8.geneid.LENGTH.Rd':
'downloadLengthFromUCSC'
Missing link or links in documentation object 'D:/biocbld/bbs-2.13-data-experiment/tmpdir/RtmpgHyA69/R.INSTALL1e1415e03bf3/geneLenDataBase/man/mm8.genscan.LENGTH.Rd':
'downloadLengthFromUCSC'
Missing link or links in documentation object 'D:/biocbld/bbs-2.13-data-experiment/tmpdir/RtmpgHyA69/R.INSTALL1e1415e03bf3/geneLenDataBase/man/mm8.knownGene.LENGTH.Rd':
'downloadLengthFromUCSC'
Missing link or links in documentation object 'D:/biocbld/bbs-2.13-data-experiment/tmpdir/RtmpgHyA69/R.INSTALL1e1415e03bf3/geneLenDataBase/man/mm8.nscanGene.LENGTH.Rd':
'downloadLengthFromUCSC'
Missing link or links in documentation object 'D:/biocbld/bbs-2.13-data-experiment/tmpdir/RtmpgHyA69/R.INSTALL1e1415e03bf3/geneLenDataBase/man/mm8.refGene.LENGTH.Rd':
'downloadLengthFromUCSC'
Missing link or links in documentation object 'D:/biocbld/bbs-2.13-data-experiment/tmpdir/RtmpgHyA69/R.INSTALL1e1415e03bf3/geneLenDataBase/man/mm8.sgpGene.LENGTH.Rd':
'downloadLengthFromUCSC'
Missing link or links in documentation object 'D:/biocbld/bbs-2.13-data-experiment/tmpdir/RtmpgHyA69/R.INSTALL1e1415e03bf3/geneLenDataBase/man/mm8.sibGene.LENGTH.Rd':
'downloadLengthFromUCSC'
Missing link or links in documentation object 'D:/biocbld/bbs-2.13-data-experiment/tmpdir/RtmpgHyA69/R.INSTALL1e1415e03bf3/geneLenDataBase/man/mm8.xenoRefGene.LENGTH.Rd':
'downloadLengthFromUCSC'
Missing link or links in documentation object 'D:/biocbld/bbs-2.13-data-experiment/tmpdir/RtmpgHyA69/R.INSTALL1e1415e03bf3/geneLenDataBase/man/mm9.acembly.LENGTH.Rd':
'downloadLengthFromUCSC'
Missing link or links in documentation object 'D:/biocbld/bbs-2.13-data-experiment/tmpdir/RtmpgHyA69/R.INSTALL1e1415e03bf3/geneLenDataBase/man/mm9.ccdsGene.LENGTH.Rd':
'downloadLengthFromUCSC'
Missing link or links in documentation object 'D:/biocbld/bbs-2.13-data-experiment/tmpdir/RtmpgHyA69/R.INSTALL1e1415e03bf3/geneLenDataBase/man/mm9.ensGene.LENGTH.Rd':
'downloadLengthFromUCSC'
Missing link or links in documentation object 'D:/biocbld/bbs-2.13-data-experiment/tmpdir/RtmpgHyA69/R.INSTALL1e1415e03bf3/geneLenDataBase/man/mm9.exoniphy.LENGTH.Rd':
'downloadLengthFromUCSC'
Missing link or links in documentation object 'D:/biocbld/bbs-2.13-data-experiment/tmpdir/RtmpgHyA69/R.INSTALL1e1415e03bf3/geneLenDataBase/man/mm9.geneSymbol.LENGTH.Rd':
'downloadLengthFromUCSC'
Missing link or links in documentation object 'D:/biocbld/bbs-2.13-data-experiment/tmpdir/RtmpgHyA69/R.INSTALL1e1415e03bf3/geneLenDataBase/man/mm9.geneid.LENGTH.Rd':
'downloadLengthFromUCSC'
Missing link or links in documentation object 'D:/biocbld/bbs-2.13-data-experiment/tmpdir/RtmpgHyA69/R.INSTALL1e1415e03bf3/geneLenDataBase/man/mm9.genscan.LENGTH.Rd':
'downloadLengthFromUCSC'
Missing link or links in documentation object 'D:/biocbld/bbs-2.13-data-experiment/tmpdir/RtmpgHyA69/R.INSTALL1e1415e03bf3/geneLenDataBase/man/mm9.knownGene.LENGTH.Rd':
'downloadLengthFromUCSC'
Missing link or links in documentation object 'D:/biocbld/bbs-2.13-data-experiment/tmpdir/RtmpgHyA69/R.INSTALL1e1415e03bf3/geneLenDataBase/man/mm9.nscanGene.LENGTH.Rd':
'downloadLengthFromUCSC'
Missing link or links in documentation object 'D:/biocbld/bbs-2.13-data-experiment/tmpdir/RtmpgHyA69/R.INSTALL1e1415e03bf3/geneLenDataBase/man/mm9.refGene.LENGTH.Rd':
'downloadLengthFromUCSC'
Missing link or links in documentation object 'D:/biocbld/bbs-2.13-data-experiment/tmpdir/RtmpgHyA69/R.INSTALL1e1415e03bf3/geneLenDataBase/man/mm9.sgpGene.LENGTH.Rd':
'downloadLengthFromUCSC'
Missing link or links in documentation object 'D:/biocbld/bbs-2.13-data-experiment/tmpdir/RtmpgHyA69/R.INSTALL1e1415e03bf3/geneLenDataBase/man/mm9.xenoRefGene.LENGTH.Rd':
'downloadLengthFromUCSC'
Missing link or links in documentation object 'D:/biocbld/bbs-2.13-data-experiment/tmpdir/RtmpgHyA69/R.INSTALL1e1415e03bf3/geneLenDataBase/man/monDom1.genscan.LENGTH.Rd':
'downloadLengthFromUCSC'
Missing link or links in documentation object 'D:/biocbld/bbs-2.13-data-experiment/tmpdir/RtmpgHyA69/R.INSTALL1e1415e03bf3/geneLenDataBase/man/monDom4.ensGene.LENGTH.Rd':
'downloadLengthFromUCSC'
Missing link or links in documentation object 'D:/biocbld/bbs-2.13-data-experiment/tmpdir/RtmpgHyA69/R.INSTALL1e1415e03bf3/geneLenDataBase/man/monDom4.geneSymbol.LENGTH.Rd':
'downloadLengthFromUCSC'
Missing link or links in documentation object 'D:/biocbld/bbs-2.13-data-experiment/tmpdir/RtmpgHyA69/R.INSTALL1e1415e03bf3/geneLenDataBase/man/monDom4.genscan.LENGTH.Rd':
'downloadLengthFromUCSC'
Missing link or links in documentation object 'D:/biocbld/bbs-2.13-data-experiment/tmpdir/RtmpgHyA69/R.INSTALL1e1415e03bf3/geneLenDataBase/man/monDom4.nscanGene.LENGTH.Rd':
'downloadLengthFromUCSC'
Missing link or links in documentation object 'D:/biocbld/bbs-2.13-data-experiment/tmpdir/RtmpgHyA69/R.INSTALL1e1415e03bf3/geneLenDataBase/man/monDom4.refGene.LENGTH.Rd':
'downloadLengthFromUCSC'
Missing link or links in documentation object 'D:/biocbld/bbs-2.13-data-experiment/tmpdir/RtmpgHyA69/R.INSTALL1e1415e03bf3/geneLenDataBase/man/monDom4.xenoRefGene.LENGTH.Rd':
'downloadLengthFromUCSC'
Missing link or links in documentation object 'D:/biocbld/bbs-2.13-data-experiment/tmpdir/RtmpgHyA69/R.INSTALL1e1415e03bf3/geneLenDataBase/man/monDom5.ensGene.LENGTH.Rd':
'downloadLengthFromUCSC'
Missing link or links in documentation object 'D:/biocbld/bbs-2.13-data-experiment/tmpdir/RtmpgHyA69/R.INSTALL1e1415e03bf3/geneLenDataBase/man/monDom5.geneSymbol.LENGTH.Rd':
'downloadLengthFromUCSC'
Missing link or links in documentation object 'D:/biocbld/bbs-2.13-data-experiment/tmpdir/RtmpgHyA69/R.INSTALL1e1415e03bf3/geneLenDataBase/man/monDom5.genscan.LENGTH.Rd':
'downloadLengthFromUCSC'
Missing link or links in documentation object 'D:/biocbld/bbs-2.13-data-experiment/tmpdir/RtmpgHyA69/R.INSTALL1e1415e03bf3/geneLenDataBase/man/monDom5.nscanGene.LENGTH.Rd':
'downloadLengthFromUCSC'
Missing link or links in documentation object 'D:/biocbld/bbs-2.13-data-experiment/tmpdir/RtmpgHyA69/R.INSTALL1e1415e03bf3/geneLenDataBase/man/monDom5.refGene.LENGTH.Rd':
'downloadLengthFromUCSC'
Missing link or links in documentation object 'D:/biocbld/bbs-2.13-data-experiment/tmpdir/RtmpgHyA69/R.INSTALL1e1415e03bf3/geneLenDataBase/man/monDom5.xenoRefGene.LENGTH.Rd':
'downloadLengthFromUCSC'
Missing link or links in documentation object 'D:/biocbld/bbs-2.13-data-experiment/tmpdir/RtmpgHyA69/R.INSTALL1e1415e03bf3/geneLenDataBase/man/ornAna1.ensGene.LENGTH.Rd':
'downloadLengthFromUCSC'
Missing link or links in documentation object 'D:/biocbld/bbs-2.13-data-experiment/tmpdir/RtmpgHyA69/R.INSTALL1e1415e03bf3/geneLenDataBase/man/ornAna1.geneSymbol.LENGTH.Rd':
'downloadLengthFromUCSC'
Missing link or links in documentation object 'D:/biocbld/bbs-2.13-data-experiment/tmpdir/RtmpgHyA69/R.INSTALL1e1415e03bf3/geneLenDataBase/man/ornAna1.refGene.LENGTH.Rd':
'downloadLengthFromUCSC'
Missing link or links in documentation object 'D:/biocbld/bbs-2.13-data-experiment/tmpdir/RtmpgHyA69/R.INSTALL1e1415e03bf3/geneLenDataBase/man/ornAna1.xenoRefGene.LENGTH.Rd':
'downloadLengthFromUCSC'
Missing link or links in documentation object 'D:/biocbld/bbs-2.13-data-experiment/tmpdir/RtmpgHyA69/R.INSTALL1e1415e03bf3/geneLenDataBase/man/oryLat2.ensGene.LENGTH.Rd':
'downloadLengthFromUCSC'
Missing link or links in documentation object 'D:/biocbld/bbs-2.13-data-experiment/tmpdir/RtmpgHyA69/R.INSTALL1e1415e03bf3/geneLenDataBase/man/oryLat2.geneSymbol.LENGTH.Rd':
'downloadLengthFromUCSC'
Missing link or links in documentation object 'D:/biocbld/bbs-2.13-data-experiment/tmpdir/RtmpgHyA69/R.INSTALL1e1415e03bf3/geneLenDataBase/man/oryLat2.refGene.LENGTH.Rd':
'downloadLengthFromUCSC'
Missing link or links in documentation object 'D:/biocbld/bbs-2.13-data-experiment/tmpdir/RtmpgHyA69/R.INSTALL1e1415e03bf3/geneLenDataBase/man/oryLat2.xenoRefGene.LENGTH.Rd':
'downloadLengthFromUCSC'
Missing link or links in documentation object 'D:/biocbld/bbs-2.13-data-experiment/tmpdir/RtmpgHyA69/R.INSTALL1e1415e03bf3/geneLenDataBase/man/panTro1.ensGene.LENGTH.Rd':
'downloadLengthFromUCSC'
Missing link or links in documentation object 'D:/biocbld/bbs-2.13-data-experiment/tmpdir/RtmpgHyA69/R.INSTALL1e1415e03bf3/geneLenDataBase/man/panTro1.geneid.LENGTH.Rd':
'downloadLengthFromUCSC'
Missing link or links in documentation object 'D:/biocbld/bbs-2.13-data-experiment/tmpdir/RtmpgHyA69/R.INSTALL1e1415e03bf3/geneLenDataBase/man/panTro1.genscan.LENGTH.Rd':
'downloadLengthFromUCSC'
Missing link or links in documentation object 'D:/biocbld/bbs-2.13-data-experiment/tmpdir/RtmpgHyA69/R.INSTALL1e1415e03bf3/geneLenDataBase/man/panTro1.xenoRefGene.LENGTH.Rd':
'downloadLengthFromUCSC'
Missing link or links in documentation object 'D:/biocbld/bbs-2.13-data-experiment/tmpdir/RtmpgHyA69/R.INSTALL1e1415e03bf3/geneLenDataBase/man/panTro2.ensGene.LENGTH.Rd':
'downloadLengthFromUCSC'
Missing link or links in documentation object 'D:/biocbld/bbs-2.13-data-experiment/tmpdir/RtmpgHyA69/R.INSTALL1e1415e03bf3/geneLenDataBase/man/panTro2.geneSymbol.LENGTH.Rd':
'downloadLengthFromUCSC'
Missing link or links in documentation object 'D:/biocbld/bbs-2.13-data-experiment/tmpdir/RtmpgHyA69/R.INSTALL1e1415e03bf3/geneLenDataBase/man/panTro2.genscan.LENGTH.Rd':
'downloadLengthFromUCSC'
Missing link or links in documentation object 'D:/biocbld/bbs-2.13-data-experiment/tmpdir/RtmpgHyA69/R.INSTALL1e1415e03bf3/geneLenDataBase/man/panTro2.nscanGene.LENGTH.Rd':
'downloadLengthFromUCSC'
Missing link or links in documentation object 'D:/biocbld/bbs-2.13-data-experiment/tmpdir/RtmpgHyA69/R.INSTALL1e1415e03bf3/geneLenDataBase/man/panTro2.refGene.LENGTH.Rd':
'downloadLengthFromUCSC'
Missing link or links in documentation object 'D:/biocbld/bbs-2.13-data-experiment/tmpdir/RtmpgHyA69/R.INSTALL1e1415e03bf3/geneLenDataBase/man/panTro2.xenoRefGene.LENGTH.Rd':
'downloadLengthFromUCSC'
Missing link or links in documentation object 'D:/biocbld/bbs-2.13-data-experiment/tmpdir/RtmpgHyA69/R.INSTALL1e1415e03bf3/geneLenDataBase/man/petMar1.xenoRefGene.LENGTH.Rd':
'downloadLengthFromUCSC'
Missing link or links in documentation object 'D:/biocbld/bbs-2.13-data-experiment/tmpdir/RtmpgHyA69/R.INSTALL1e1415e03bf3/geneLenDataBase/man/ponAbe2.ensGene.LENGTH.Rd':
'downloadLengthFromUCSC'
Missing link or links in documentation object 'D:/biocbld/bbs-2.13-data-experiment/tmpdir/RtmpgHyA69/R.INSTALL1e1415e03bf3/geneLenDataBase/man/ponAbe2.geneSymbol.LENGTH.Rd':
'downloadLengthFromUCSC'
Missing link or links in documentation object 'D:/biocbld/bbs-2.13-data-experiment/tmpdir/RtmpgHyA69/R.INSTALL1e1415e03bf3/geneLenDataBase/man/ponAbe2.genscan.LENGTH.Rd':
'downloadLengthFromUCSC'
Missing link or links in documentation object 'D:/biocbld/bbs-2.13-data-experiment/tmpdir/RtmpgHyA69/R.INSTALL1e1415e03bf3/geneLenDataBase/man/ponAbe2.nscanGene.LENGTH.Rd':
'downloadLengthFromUCSC'
Missing link or links in documentation object 'D:/biocbld/bbs-2.13-data-experiment/tmpdir/RtmpgHyA69/R.INSTALL1e1415e03bf3/geneLenDataBase/man/ponAbe2.refGene.LENGTH.Rd':
'downloadLengthFromUCSC'
Missing link or links in documentation object 'D:/biocbld/bbs-2.13-data-experiment/tmpdir/RtmpgHyA69/R.INSTALL1e1415e03bf3/geneLenDataBase/man/ponAbe2.xenoRefGene.LENGTH.Rd':
'downloadLengthFromUCSC'
Missing link or links in documentation object 'D:/biocbld/bbs-2.13-data-experiment/tmpdir/RtmpgHyA69/R.INSTALL1e1415e03bf3/geneLenDataBase/man/priPac1.xenoRefGene.LENGTH.Rd':
'downloadLengthFromUCSC'
Missing link or links in documentation object 'D:/biocbld/bbs-2.13-data-experiment/tmpdir/RtmpgHyA69/R.INSTALL1e1415e03bf3/geneLenDataBase/man/rheMac2.ensGene.LENGTH.Rd':
'downloadLengthFromUCSC'
Missing link or links in documentation object 'D:/biocbld/bbs-2.13-data-experiment/tmpdir/RtmpgHyA69/R.INSTALL1e1415e03bf3/geneLenDataBase/man/rheMac2.geneSymbol.LENGTH.Rd':
'downloadLengthFromUCSC'
Missing link or links in documentation object 'D:/biocbld/bbs-2.13-data-experiment/tmpdir/RtmpgHyA69/R.INSTALL1e1415e03bf3/geneLenDataBase/man/rheMac2.geneid.LENGTH.Rd':
'downloadLengthFromUCSC'
Missing link or links in documentation object 'D:/biocbld/bbs-2.13-data-experiment/tmpdir/RtmpgHyA69/R.INSTALL1e1415e03bf3/geneLenDataBase/man/rheMac2.nscanGene.LENGTH.Rd':
'downloadLengthFromUCSC'
Missing link or links in documentation object 'D:/biocbld/bbs-2.13-data-experiment/tmpdir/RtmpgHyA69/R.INSTALL1e1415e03bf3/geneLenDataBase/man/rheMac2.refGene.LENGTH.Rd':
'downloadLengthFromUCSC'
Missing link or links in documentation object 'D:/biocbld/bbs-2.13-data-experiment/tmpdir/RtmpgHyA69/R.INSTALL1e1415e03bf3/geneLenDataBase/man/rheMac2.sgpGene.LENGTH.Rd':
'downloadLengthFromUCSC'
Missing link or links in documentation object 'D:/biocbld/bbs-2.13-data-experiment/tmpdir/RtmpgHyA69/R.INSTALL1e1415e03bf3/geneLenDataBase/man/rheMac2.xenoRefGene.LENGTH.Rd':
'downloadLengthFromUCSC'
Missing link or links in documentation object 'D:/biocbld/bbs-2.13-data-experiment/tmpdir/RtmpgHyA69/R.INSTALL1e1415e03bf3/geneLenDataBase/man/rn3.ensGene.LENGTH.Rd':
'downloadLengthFromUCSC'
Missing link or links in documentation object 'D:/biocbld/bbs-2.13-data-experiment/tmpdir/RtmpgHyA69/R.INSTALL1e1415e03bf3/geneLenDataBase/man/rn3.geneSymbol.LENGTH.Rd':
'downloadLengthFromUCSC'
Missing link or links in documentation object 'D:/biocbld/bbs-2.13-data-experiment/tmpdir/RtmpgHyA69/R.INSTALL1e1415e03bf3/geneLenDataBase/man/rn3.geneid.LENGTH.Rd':
'downloadLengthFromUCSC'
Missing link or links in documentation object 'D:/biocbld/bbs-2.13-data-experiment/tmpdir/RtmpgHyA69/R.INSTALL1e1415e03bf3/geneLenDataBase/man/rn3.genscan.LENGTH.Rd':
'downloadLengthFromUCSC'
Missing link or links in documentation object 'D:/biocbld/bbs-2.13-data-experiment/tmpdir/RtmpgHyA69/R.INSTALL1e1415e03bf3/geneLenDataBase/man/rn3.knownGene.LENGTH.Rd':
'downloadLengthFromUCSC'
Missing link or links in documentation object 'D:/biocbld/bbs-2.13-data-experiment/tmpdir/RtmpgHyA69/R.INSTALL1e1415e03bf3/geneLenDataBase/man/rn3.nscanGene.LENGTH.Rd':
'downloadLengthFromUCSC'
Missing link or links in documentation object 'D:/biocbld/bbs-2.13-data-experiment/tmpdir/RtmpgHyA69/R.INSTALL1e1415e03bf3/geneLenDataBase/man/rn3.refGene.LENGTH.Rd':
'downloadLengthFromUCSC'
Missing link or links in documentation object 'D:/biocbld/bbs-2.13-data-experiment/tmpdir/RtmpgHyA69/R.INSTALL1e1415e03bf3/geneLenDataBase/man/rn3.sgpGene.LENGTH.Rd':
'downloadLengthFromUCSC'
Missing link or links in documentation object 'D:/biocbld/bbs-2.13-data-experiment/tmpdir/RtmpgHyA69/R.INSTALL1e1415e03bf3/geneLenDataBase/man/rn3.xenoRefGene.LENGTH.Rd':
'downloadLengthFromUCSC'
Missing link or links in documentation object 'D:/biocbld/bbs-2.13-data-experiment/tmpdir/RtmpgHyA69/R.INSTALL1e1415e03bf3/geneLenDataBase/man/rn4.ensGene.LENGTH.Rd':
'downloadLengthFromUCSC'
Missing link or links in documentation object 'D:/biocbld/bbs-2.13-data-experiment/tmpdir/RtmpgHyA69/R.INSTALL1e1415e03bf3/geneLenDataBase/man/rn4.geneSymbol.LENGTH.Rd':
'downloadLengthFromUCSC'
Missing link or links in documentation object 'D:/biocbld/bbs-2.13-data-experiment/tmpdir/RtmpgHyA69/R.INSTALL1e1415e03bf3/geneLenDataBase/man/rn4.geneid.LENGTH.Rd':
'downloadLengthFromUCSC'
Missing link or links in documentation object 'D:/biocbld/bbs-2.13-data-experiment/tmpdir/RtmpgHyA69/R.INSTALL1e1415e03bf3/geneLenDataBase/man/rn4.genscan.LENGTH.Rd':
'downloadLengthFromUCSC'
Missing link or links in documentation object 'D:/biocbld/bbs-2.13-data-experiment/tmpdir/RtmpgHyA69/R.INSTALL1e1415e03bf3/geneLenDataBase/man/rn4.knownGene.LENGTH.Rd':
'downloadLengthFromUCSC'
Missing link or links in documentation object 'D:/biocbld/bbs-2.13-data-experiment/tmpdir/RtmpgHyA69/R.INSTALL1e1415e03bf3/geneLenDataBase/man/rn4.nscanGene.LENGTH.Rd':
'downloadLengthFromUCSC'
Missing link or links in documentation object 'D:/biocbld/bbs-2.13-data-experiment/tmpdir/RtmpgHyA69/R.INSTALL1e1415e03bf3/geneLenDataBase/man/rn4.refGene.LENGTH.Rd':
'downloadLengthFromUCSC'
Missing link or links in documentation object 'D:/biocbld/bbs-2.13-data-experiment/tmpdir/RtmpgHyA69/R.INSTALL1e1415e03bf3/geneLenDataBase/man/rn4.sgpGene.LENGTH.Rd':
'downloadLengthFromUCSC'
Missing link or links in documentation object 'D:/biocbld/bbs-2.13-data-experiment/tmpdir/RtmpgHyA69/R.INSTALL1e1415e03bf3/geneLenDataBase/man/rn4.xenoRefGene.LENGTH.Rd':
'downloadLengthFromUCSC'
Missing link or links in documentation object 'D:/biocbld/bbs-2.13-data-experiment/tmpdir/RtmpgHyA69/R.INSTALL1e1415e03bf3/geneLenDataBase/man/sacCer1.ensGene.LENGTH.Rd':
'downloadLengthFromUCSC'
Missing link or links in documentation object 'D:/biocbld/bbs-2.13-data-experiment/tmpdir/RtmpgHyA69/R.INSTALL1e1415e03bf3/geneLenDataBase/man/sacCer2.ensGene.LENGTH.Rd':
'downloadLengthFromUCSC'
Missing link or links in documentation object 'D:/biocbld/bbs-2.13-data-experiment/tmpdir/RtmpgHyA69/R.INSTALL1e1415e03bf3/geneLenDataBase/man/strPur1.geneSymbol.LENGTH.Rd':
'downloadLengthFromUCSC'
Missing link or links in documentation object 'D:/biocbld/bbs-2.13-data-experiment/tmpdir/RtmpgHyA69/R.INSTALL1e1415e03bf3/geneLenDataBase/man/strPur1.genscan.LENGTH.Rd':
'downloadLengthFromUCSC'
Missing link or links in documentation object 'D:/biocbld/bbs-2.13-data-experiment/tmpdir/RtmpgHyA69/R.INSTALL1e1415e03bf3/geneLenDataBase/man/strPur1.refGene.LENGTH.Rd':
'downloadLengthFromUCSC'
Missing link or links in documentation object 'D:/biocbld/bbs-2.13-data-experiment/tmpdir/RtmpgHyA69/R.INSTALL1e1415e03bf3/geneLenDataBase/man/strPur1.xenoRefGene.LENGTH.Rd':
'downloadLengthFromUCSC'
Missing link or links in documentation object 'D:/biocbld/bbs-2.13-data-experiment/tmpdir/RtmpgHyA69/R.INSTALL1e1415e03bf3/geneLenDataBase/man/strPur2.geneSymbol.LENGTH.Rd':
'downloadLengthFromUCSC'
Missing link or links in documentation object 'D:/biocbld/bbs-2.13-data-experiment/tmpdir/RtmpgHyA69/R.INSTALL1e1415e03bf3/geneLenDataBase/man/strPur2.genscan.LENGTH.Rd':
'downloadLengthFromUCSC'
Missing link or links in documentation object 'D:/biocbld/bbs-2.13-data-experiment/tmpdir/RtmpgHyA69/R.INSTALL1e1415e03bf3/geneLenDataBase/man/strPur2.refGene.LENGTH.Rd':
'downloadLengthFromUCSC'
Missing link or links in documentation object 'D:/biocbld/bbs-2.13-data-experiment/tmpdir/RtmpgHyA69/R.INSTALL1e1415e03bf3/geneLenDataBase/man/strPur2.xenoRefGene.LENGTH.Rd':
'downloadLengthFromUCSC'
Missing link or links in documentation object 'D:/biocbld/bbs-2.13-data-experiment/tmpdir/RtmpgHyA69/R.INSTALL1e1415e03bf3/geneLenDataBase/man/taeGut1.ensGene.LENGTH.Rd':
'downloadLengthFromUCSC'
Missing link or links in documentation object 'D:/biocbld/bbs-2.13-data-experiment/tmpdir/RtmpgHyA69/R.INSTALL1e1415e03bf3/geneLenDataBase/man/taeGut1.geneSymbol.LENGTH.Rd':
'downloadLengthFromUCSC'
Missing link or links in documentation object 'D:/biocbld/bbs-2.13-data-experiment/tmpdir/RtmpgHyA69/R.INSTALL1e1415e03bf3/geneLenDataBase/man/taeGut1.genscan.LENGTH.Rd':
'downloadLengthFromUCSC'
Missing link or links in documentation object 'D:/biocbld/bbs-2.13-data-experiment/tmpdir/RtmpgHyA69/R.INSTALL1e1415e03bf3/geneLenDataBase/man/taeGut1.nscanGene.LENGTH.Rd':
'downloadLengthFromUCSC'
Missing link or links in documentation object 'D:/biocbld/bbs-2.13-data-experiment/tmpdir/RtmpgHyA69/R.INSTALL1e1415e03bf3/geneLenDataBase/man/taeGut1.refGene.LENGTH.Rd':
'downloadLengthFromUCSC'
Missing link or links in documentation object 'D:/biocbld/bbs-2.13-data-experiment/tmpdir/RtmpgHyA69/R.INSTALL1e1415e03bf3/geneLenDataBase/man/taeGut1.xenoRefGene.LENGTH.Rd':
'downloadLengthFromUCSC'
Missing link or links in documentation object 'D:/biocbld/bbs-2.13-data-experiment/tmpdir/RtmpgHyA69/R.INSTALL1e1415e03bf3/geneLenDataBase/man/tetNig1.ensGene.LENGTH.Rd':
'downloadLengthFromUCSC'
Missing link or links in documentation object 'D:/biocbld/bbs-2.13-data-experiment/tmpdir/RtmpgHyA69/R.INSTALL1e1415e03bf3/geneLenDataBase/man/tetNig1.geneid.LENGTH.Rd':
'downloadLengthFromUCSC'
Missing link or links in documentation object 'D:/biocbld/bbs-2.13-data-experiment/tmpdir/RtmpgHyA69/R.INSTALL1e1415e03bf3/geneLenDataBase/man/tetNig1.genscan.LENGTH.Rd':
'downloadLengthFromUCSC'
Missing link or links in documentation object 'D:/biocbld/bbs-2.13-data-experiment/tmpdir/RtmpgHyA69/R.INSTALL1e1415e03bf3/geneLenDataBase/man/tetNig1.nscanGene.LENGTH.Rd':
'downloadLengthFromUCSC'
Missing link or links in documentation object 'D:/biocbld/bbs-2.13-data-experiment/tmpdir/RtmpgHyA69/R.INSTALL1e1415e03bf3/geneLenDataBase/man/tetNig2.ensGene.LENGTH.Rd':
'downloadLengthFromUCSC'
Missing link or links in documentation object 'D:/biocbld/bbs-2.13-data-experiment/tmpdir/RtmpgHyA69/R.INSTALL1e1415e03bf3/geneLenDataBase/man/xenTro1.genscan.LENGTH.Rd':
'downloadLengthFromUCSC'
Missing link or links in documentation object 'D:/biocbld/bbs-2.13-data-experiment/tmpdir/RtmpgHyA69/R.INSTALL1e1415e03bf3/geneLenDataBase/man/xenTro2.ensGene.LENGTH.Rd':
'downloadLengthFromUCSC'
Missing link or links in documentation object 'D:/biocbld/bbs-2.13-data-experiment/tmpdir/RtmpgHyA69/R.INSTALL1e1415e03bf3/geneLenDataBase/man/xenTro2.geneSymbol.LENGTH.Rd':
'downloadLengthFromUCSC'
Missing link or links in documentation object 'D:/biocbld/bbs-2.13-data-experiment/tmpdir/RtmpgHyA69/R.INSTALL1e1415e03bf3/geneLenDataBase/man/xenTro2.genscan.LENGTH.Rd':
'downloadLengthFromUCSC'
Missing link or links in documentation object 'D:/biocbld/bbs-2.13-data-experiment/tmpdir/RtmpgHyA69/R.INSTALL1e1415e03bf3/geneLenDataBase/man/xenTro2.refGene.LENGTH.Rd':
'downloadLengthFromUCSC'
See the information in section 'Cross-references' of the 'Writing R
Extensions' manual.
* checking for missing documentation entries ... OK
* checking for code/documentation mismatches ... OK
* checking Rd \usage sections ... OK
* checking Rd contents ... OK
* checking for unstated dependencies in examples ... OK
* checking contents of 'data' directory ... OK
* checking data for non-ASCII characters ... OK
* checking data for ASCII and uncompressed saves ... OK
* checking examples ...
** running examples for arch 'i386' ... [108s] OK
** running examples for arch 'x64' ... [166s] OK
Examples with CPU or elapsed time > 5s
user system elapsed
supportedGenomes 0.38 0.05 62.33
* checking PDF version of manual ... OK
WARNING: There was 1 warning.
NOTE: There were 2 notes.
See
'D:/biocbld/bbs-2.13-data-experiment/meat/geneLenDataBase.Rcheck/00check.log'
for details.
geneLenDataBase.Rcheck/00install.out:
install for i386 * installing *source* package 'geneLenDataBase' ... ** R ** data ** preparing package for lazy loading ** help *** installing help indices ** building package indices ** testing if installed package can be loaded install for x64 * installing *source* package 'geneLenDataBase' ... ** testing if installed package can be loaded * MD5 sums packaged installation of 'geneLenDataBase' as geneLenDataBase_0.99.12.zip * DONE (geneLenDataBase)
geneLenDataBase.Rcheck/examples_i386/geneLenDataBase-Ex.timings:
| name | user | system | elapsed | |
| anoCar1.ensGene.LENGTH | 0.27 | 0.02 | 0.28 | |
| anoCar1.genscan.LENGTH | 0.09 | 0.04 | 0.14 | |
| anoCar1.xenoRefGene.LENGTH | 1.62 | 0.02 | 1.64 | |
| anoGam1.ensGene.LENGTH | 0.10 | 0.06 | 0.15 | |
| anoGam1.geneid.LENGTH | 0.08 | 0.06 | 0.14 | |
| anoGam1.genscan.LENGTH | 0.12 | 0.02 | 0.14 | |
| apiMel1.genscan.LENGTH | 0.08 | 0.03 | 0.11 | |
| apiMel2.ensGene.LENGTH | 0.13 | 0.05 | 0.17 | |
| apiMel2.geneid.LENGTH | 0.13 | 0.03 | 0.16 | |
| apiMel2.genscan.LENGTH | 0.24 | 0.03 | 0.27 | |
| aplCal1.xenoRefGene.LENGTH | 0.66 | 0.00 | 0.66 | |
| bosTau2.geneSymbol.LENGTH | 0.14 | 0.01 | 0.15 | |
| bosTau2.geneid.LENGTH | 0.42 | 0.00 | 0.42 | |
| bosTau2.genscan.LENGTH | 0.15 | 0.04 | 0.18 | |
| bosTau2.refGene.LENGTH | 0.09 | 0.01 | 0.11 | |
| bosTau2.sgpGene.LENGTH | 0.19 | 0.00 | 0.19 | |
| bosTau3.ensGene.LENGTH | 0.18 | 0.05 | 0.24 | |
| bosTau3.geneSymbol.LENGTH | 0.11 | 0.01 | 0.13 | |
| bosTau3.geneid.LENGTH | 0.22 | 0.02 | 0.24 | |
| bosTau3.genscan.LENGTH | 0.14 | 0.00 | 0.14 | |
| bosTau3.refGene.LENGTH | 0.06 | 0.05 | 0.11 | |
| bosTau3.sgpGene.LENGTH | 0.19 | 0.03 | 0.22 | |
| bosTau4.ensGene.LENGTH | 0.21 | 0.00 | 0.22 | |
| bosTau4.geneSymbol.LENGTH | 0.12 | 0.00 | 0.12 | |
| bosTau4.genscan.LENGTH | 0.16 | 0.01 | 0.18 | |
| bosTau4.nscanGene.LENGTH | 0.05 | 0.05 | 0.09 | |
| bosTau4.refGene.LENGTH | 0.06 | 0.03 | 0.10 | |
| braFlo1.xenoRefGene.LENGTH | 0.61 | 0.00 | 0.60 | |
| caeJap1.xenoRefGene.LENGTH | 0.53 | 0.00 | 0.53 | |
| caePb1.xenoRefGene.LENGTH | 0.67 | 0.03 | 0.70 | |
| caePb2.xenoRefGene.LENGTH | 0.66 | 0.03 | 0.69 | |
| caeRem2.xenoRefGene.LENGTH | 0.60 | 0.02 | 0.63 | |
| caeRem3.xenoRefGene.LENGTH | 0.48 | 0.00 | 0.49 | |
| calJac1.genscan.LENGTH | 0.17 | 0.03 | 0.21 | |
| calJac1.nscanGene.LENGTH | 0.17 | 0.00 | 0.17 | |
| calJac1.xenoRefGene.LENGTH | 1.31 | 0.00 | 1.31 | |
| canFam1.ensGene.LENGTH | 0.16 | 0.02 | 0.18 | |
| canFam1.geneSymbol.LENGTH | 0.04 | 0.00 | 0.04 | |
| canFam1.genscan.LENGTH | 0.28 | 0.00 | 0.28 | |
| canFam1.nscanGene.LENGTH | 0.09 | 0.00 | 0.09 | |
| canFam1.refGene.LENGTH | 0.03 | 0.00 | 0.03 | |
| canFam1.xenoRefGene.LENGTH | 0.96 | 0.03 | 0.98 | |
| canFam2.ensGene.LENGTH | 0.15 | 0.05 | 0.20 | |
| canFam2.geneSymbol.LENGTH | 0.00 | 0.01 | 0.02 | |
| canFam2.genscan.LENGTH | 0.13 | 0.00 | 0.13 | |
| canFam2.nscanGene.LENGTH | 0.12 | 0.02 | 0.14 | |
| canFam2.refGene.LENGTH | 0.03 | 0.00 | 0.03 | |
| canFam2.xenoRefGene.LENGTH | 0.83 | 0.00 | 0.83 | |
| cavPor3.ensGene.LENGTH | 0.17 | 0.00 | 0.17 | |
| cavPor3.genscan.LENGTH | 0.28 | 0.02 | 0.29 | |
| cavPor3.nscanGene.LENGTH | 0.11 | 0.03 | 0.14 | |
| cavPor3.xenoRefGene.LENGTH | 0.89 | 0.01 | 0.91 | |
| cb1.xenoRefGene.LENGTH | 0.59 | 0.02 | 0.61 | |
| cb3.xenoRefGene.LENGTH | 0.71 | 0.01 | 0.73 | |
| ce2.geneSymbol.LENGTH | 0.13 | 0.10 | 0.22 | |
| ce2.geneid.LENGTH | 0.10 | 0.00 | 0.11 | |
| ce2.refGene.LENGTH | 0.12 | 0.08 | 0.21 | |
| ce4.geneSymbol.LENGTH | 0.17 | 0.04 | 0.22 | |
| ce4.refGene.LENGTH | 0.11 | 0.11 | 0.21 | |
| ce4.xenoRefGene.LENGTH | 0.13 | 0.02 | 0.14 | |
| ce6.ensGene.LENGTH | 0.19 | 0.00 | 0.19 | |
| ce6.geneSymbol.LENGTH | 0.19 | 0.04 | 0.24 | |
| ce6.refGene.LENGTH | 0.14 | 0.07 | 0.21 | |
| ce6.xenoRefGene.LENGTH | 0.12 | 0.01 | 0.14 | |
| ci1.geneSymbol.LENGTH | 0.03 | 0.00 | 0.02 | |
| ci1.refGene.LENGTH | 0.04 | 0.00 | 0.05 | |
| ci1.xenoRefGene.LENGTH | 0.23 | 0.00 | 0.23 | |
| ci2.ensGene.LENGTH | 0.11 | 0.03 | 0.14 | |
| ci2.geneSymbol.LENGTH | 0.05 | 0.00 | 0.05 | |
| ci2.refGene.LENGTH | 0.03 | 0.00 | 0.03 | |
| ci2.xenoRefGene.LENGTH | 0.43 | 0.00 | 0.42 | |
| danRer3.ensGene.LENGTH | 0.36 | 0.07 | 0.42 | |
| danRer3.geneSymbol.LENGTH | 0.14 | 0.01 | 0.16 | |
| danRer3.refGene.LENGTH | 0.11 | 0.03 | 0.14 | |
| danRer4.ensGene.LENGTH | 0.14 | 0.02 | 0.16 | |
| danRer4.geneSymbol.LENGTH | 0.09 | 0.06 | 0.16 | |
| danRer4.genscan.LENGTH | 0.13 | 0.00 | 0.13 | |
| danRer4.nscanGene.LENGTH | 0.19 | 0.03 | 0.22 | |
| danRer4.refGene.LENGTH | 0.10 | 0.06 | 0.15 | |
| danRer5.ensGene.LENGTH | 0.19 | 0.00 | 0.18 | |
| danRer5.geneSymbol.LENGTH | 0.11 | 0.05 | 0.16 | |
| danRer5.refGene.LENGTH | 0.11 | 0.03 | 0.14 | |
| danRer5.vegaGene.LENGTH | 0.04 | 0.09 | 0.14 | |
| danRer5.vegaPseudoGene.LENGTH | 0.02 | 0.00 | 0.02 | |
| danRer6.ensGene.LENGTH | 0.20 | 0.05 | 0.25 | |
| danRer6.geneSymbol.LENGTH | 0.16 | 0.00 | 0.15 | |
| danRer6.refGene.LENGTH | 0.13 | 0.04 | 0.18 | |
| danRer6.xenoRefGene.LENGTH | 0.98 | 0.00 | 0.98 | |
| dm1.geneSymbol.LENGTH | 0.19 | 0.02 | 0.20 | |
| dm1.genscan.LENGTH | 0.07 | 0.02 | 0.08 | |
| dm1.refGene.LENGTH | 0.17 | 0.01 | 0.19 | |
| dm2.geneSymbol.LENGTH | 0.18 | 0.03 | 0.20 | |
| dm2.geneid.LENGTH | 0.11 | 0.03 | 0.14 | |
| dm2.genscan.LENGTH | 0.09 | 0.00 | 0.09 | |
| dm2.nscanGene.LENGTH | 0.11 | 0.00 | 0.11 | |
| dm2.refGene.LENGTH | 0.16 | 0.07 | 0.22 | |
| dm3.geneSymbol.LENGTH | 0.14 | 0.00 | 0.14 | |
| dm3.nscanPasaGene.LENGTH | 0.14 | 0.04 | 0.19 | |
| dm3.refGene.LENGTH | 0.14 | 0.00 | 0.14 | |
| dp2.genscan.LENGTH | 0.11 | 0.02 | 0.12 | |
| dp2.xenoRefGene.LENGTH | 0.28 | 0.00 | 0.28 | |
| dp3.geneid.LENGTH | 0.11 | 0.01 | 0.13 | |
| dp3.genscan.LENGTH | 0.05 | 0.04 | 0.08 | |
| dp3.xenoRefGene.LENGTH | 0.15 | 0.09 | 0.23 | |
| droAna1.geneid.LENGTH | 0.10 | 0.03 | 0.14 | |
| droAna1.genscan.LENGTH | 0.05 | 0.00 | 0.04 | |
| droAna1.xenoRefGene.LENGTH | 0.25 | 0.03 | 0.28 | |
| droAna2.genscan.LENGTH | 0.11 | 0.00 | 0.11 | |
| droAna2.xenoRefGene.LENGTH | 0.40 | 0.02 | 0.43 | |
| droEre1.genscan.LENGTH | 0.04 | 0.04 | 0.09 | |
| droEre1.xenoRefGene.LENGTH | 0.37 | 0.02 | 0.39 | |
| droGri1.genscan.LENGTH | 0.12 | 0.00 | 0.13 | |
| droGri1.xenoRefGene.LENGTH | 0.45 | 0.00 | 0.45 | |
| droMoj1.geneid.LENGTH | 0.39 | 0.03 | 0.42 | |
| droMoj1.genscan.LENGTH | 0.09 | 0.00 | 0.10 | |
| droMoj1.xenoRefGene.LENGTH | 0.32 | 0.05 | 0.38 | |
| droMoj2.genscan.LENGTH | 0.09 | 0.03 | 0.12 | |
| droMoj2.xenoRefGene.LENGTH | 0.43 | 0.01 | 0.45 | |
| droPer1.genscan.LENGTH | 0.11 | 0.05 | 0.15 | |
| droPer1.xenoRefGene.LENGTH | 0.49 | 0.00 | 0.48 | |
| droSec1.genscan.LENGTH | 0.06 | 0.05 | 0.11 | |
| droSec1.xenoRefGene.LENGTH | 0.44 | 0.00 | 0.44 | |
| droSim1.geneid.LENGTH | 0.16 | 0.01 | 0.17 | |
| droSim1.genscan.LENGTH | 0.09 | 0.03 | 0.12 | |
| droSim1.xenoRefGene.LENGTH | 0.39 | 0.00 | 0.39 | |
| droVir1.geneid.LENGTH | 0.16 | 0.05 | 0.21 | |
| droVir1.genscan.LENGTH | 0.12 | 0.02 | 0.14 | |
| droVir1.xenoRefGene.LENGTH | 0.34 | 0.00 | 0.35 | |
| droVir2.genscan.LENGTH | 0.11 | 0.01 | 0.12 | |
| droVir2.xenoRefGene.LENGTH | 0.59 | 0.03 | 0.63 | |
| droYak1.geneid.LENGTH | 0.11 | 0.05 | 0.16 | |
| droYak1.genscan.LENGTH | 0.07 | 0.05 | 0.11 | |
| droYak1.xenoRefGene.LENGTH | 0.30 | 0.03 | 0.33 | |
| droYak2.genscan.LENGTH | 0.11 | 0.00 | 0.11 | |
| droYak2.xenoRefGene.LENGTH | 0.39 | 0.00 | 0.39 | |
| equCab1.geneSymbol.LENGTH | 0.01 | 0.01 | 0.03 | |
| equCab1.geneid.LENGTH | 0.18 | 0.02 | 0.20 | |
| equCab1.nscanGene.LENGTH | 0.11 | 0.05 | 0.16 | |
| equCab1.refGene.LENGTH | 0.04 | 0.00 | 0.03 | |
| equCab1.sgpGene.LENGTH | 0.17 | 0.00 | 0.18 | |
| equCab2.ensGene.LENGTH | 0.18 | 0.06 | 0.23 | |
| equCab2.geneSymbol.LENGTH | 0.02 | 0.00 | 0.01 | |
| equCab2.nscanGene.LENGTH | 0.12 | 0.05 | 0.18 | |
| equCab2.refGene.LENGTH | 0.00 | 0.01 | 0.02 | |
| equCab2.xenoRefGene.LENGTH | 0.86 | 0.02 | 0.87 | |
| felCat3.ensGene.LENGTH | 0.22 | 0.00 | 0.22 | |
| felCat3.geneSymbol.LENGTH | 0.02 | 0.01 | 0.03 | |
| felCat3.geneid.LENGTH | 1.54 | 0.00 | 1.55 | |
| felCat3.genscan.LENGTH | 0.18 | 0.00 | 0.19 | |
| felCat3.nscanGene.LENGTH | 0.14 | 0.05 | 0.18 | |
| felCat3.refGene.LENGTH | 0.01 | 0.02 | 0.03 | |
| felCat3.sgpGene.LENGTH | 0.23 | 0.00 | 0.23 | |
| felCat3.xenoRefGene.LENGTH | 1.72 | 0.03 | 1.75 | |
| fr1.ensGene.LENGTH | 0.16 | 0.03 | 0.19 | |
| fr1.genscan.LENGTH | 0.37 | 0.00 | 0.37 | |
| fr2.ensGene.LENGTH | 0.25 | 0.00 | 0.25 | |
| galGal2.ensGene.LENGTH | 0.09 | 0.00 | 0.09 | |
| galGal2.geneSymbol.LENGTH | 0.06 | 0.00 | 0.06 | |
| galGal2.geneid.LENGTH | 0.10 | 0.03 | 0.13 | |
| galGal2.genscan.LENGTH | 0.10 | 0.06 | 0.15 | |
| galGal2.refGene.LENGTH | 0.04 | 0.00 | 0.05 | |
| galGal2.sgpGene.LENGTH | 0.12 | 0.02 | 0.14 | |
| galGal3.ensGene.LENGTH | 0.12 | 0.01 | 0.14 | |
| galGal3.geneSymbol.LENGTH | 0.05 | 0.00 | 0.04 | |
| galGal3.genscan.LENGTH | 0.12 | 0.03 | 0.16 | |
| galGal3.nscanGene.LENGTH | 0.11 | 0.00 | 0.10 | |
| galGal3.refGene.LENGTH | 0.03 | 0.03 | 0.06 | |
| galGal3.xenoRefGene.LENGTH | 0.83 | 0.00 | 0.83 | |
| gasAcu1.ensGene.LENGTH | 0.20 | 0.04 | 0.23 | |
| gasAcu1.nscanGene.LENGTH | 0.24 | 0.06 | 0.29 | |
| hg16.acembly.LENGTH | 0.54 | 0.00 | 0.54 | |
| hg16.ensGene.LENGTH | 0.14 | 0.02 | 0.15 | |
| hg16.exoniphy.LENGTH | 0.37 | 0.00 | 0.38 | |
| hg16.geneSymbol.LENGTH | 0.16 | 0.02 | 0.18 | |
| hg16.geneid.LENGTH | 0.09 | 0.04 | 0.14 | |
| hg16.genscan.LENGTH | 0.11 | 0.00 | 0.11 | |
| hg16.knownGene.LENGTH | 0.20 | 0.02 | 0.22 | |
| hg16.refGene.LENGTH | 0.17 | 0.00 | 0.17 | |
| hg16.sgpGene.LENGTH | 0.09 | 0.00 | 0.10 | |
| hg17.acembly.LENGTH | 0.56 | 0.00 | 0.56 | |
| hg17.acescan.LENGTH | 0.01 | 0.01 | 0.03 | |
| hg17.ccdsGene.LENGTH | 0.05 | 0.05 | 0.09 | |
| hg17.ensGene.LENGTH | 0.17 | 0.05 | 0.22 | |
| hg17.exoniphy.LENGTH | 0.68 | 0.00 | 0.68 | |
| hg17.geneSymbol.LENGTH | 0.19 | 0.01 | 0.20 | |
| hg17.geneid.LENGTH | 0.15 | 0.03 | 0.18 | |
| hg17.genscan.LENGTH | 0.38 | 0.03 | 0.41 | |
| hg17.knownGene.LENGTH | 0.15 | 0.04 | 0.19 | |
| hg17.refGene.LENGTH | 0.13 | 0.03 | 0.15 | |
| hg17.sgpGene.LENGTH | 0.12 | 0.04 | 0.17 | |
| hg17.vegaGene.LENGTH | 0.05 | 0.05 | 0.09 | |
| hg17.vegaPseudoGene.LENGTH | 0.05 | 0.02 | 0.06 | |
| hg17.xenoRefGene.LENGTH | 0.27 | 0.00 | 0.26 | |
| hg18.acembly.LENGTH | 0.78 | 0.01 | 0.79 | |
| hg18.acescan.LENGTH | 0.08 | 0.02 | 0.09 | |
| hg18.ccdsGene.LENGTH | 0.13 | 0.03 | 0.15 | |
| hg18.ensGene.LENGTH | 0.41 | 0.00 | 0.40 | |
| hg18.exoniphy.LENGTH | 0.66 | 0.00 | 0.66 | |
| hg18.geneSymbol.LENGTH | 0.17 | 0.01 | 0.18 | |
| hg18.geneid.LENGTH | 0.11 | 0.05 | 0.16 | |
| hg18.genscan.LENGTH | 0.14 | 0.00 | 0.14 | |
| hg18.knownGene.LENGTH | 0.25 | 0.03 | 0.28 | |
| hg18.knownGeneOld3.LENGTH | 0.14 | 0.03 | 0.17 | |
| hg18.refGene.LENGTH | 0.15 | 0.03 | 0.18 | |
| hg18.sgpGene.LENGTH | 0.15 | 0.04 | 0.19 | |
| hg18.sibGene.LENGTH | 0.75 | 0.00 | 0.75 | |
| hg18.xenoRefGene.LENGTH | 0.49 | 0.01 | 0.51 | |
| hg19.ccdsGene.LENGTH | 0.07 | 0.05 | 0.13 | |
| hg19.ensGene.LENGTH | 0.54 | 0.00 | 0.55 | |
| hg19.exoniphy.LENGTH | 0.64 | 0.00 | 0.64 | |
| hg19.geneSymbol.LENGTH | 0.18 | 0.00 | 0.19 | |
| hg19.knownGene.LENGTH | 0.31 | 0.03 | 0.35 | |
| hg19.nscanGene.LENGTH | 0.26 | 0.00 | 0.27 | |
| hg19.refGene.LENGTH | 0.15 | 0.03 | 0.19 | |
| hg19.xenoRefGene.LENGTH | 0.55 | 0.02 | 0.56 | |
| loxAfr3.xenoRefGene.LENGTH | 1.09 | 0.00 | 1.09 | |
| mm7.ensGene.LENGTH | 0.22 | 0.00 | 0.22 | |
| mm7.geneSymbol.LENGTH | 0.14 | 0.01 | 0.16 | |
| mm7.geneid.LENGTH | 0.22 | 0.03 | 0.25 | |
| mm7.genscan.LENGTH | 0.14 | 0.00 | 0.14 | |
| mm7.knownGene.LENGTH | 0.14 | 0.00 | 0.14 | |
| mm7.refGene.LENGTH | 0.15 | 0.00 | 0.16 | |
| mm7.sgpGene.LENGTH | 0.19 | 0.00 | 0.19 | |
| mm7.xenoRefGene.LENGTH | 0.49 | 0.02 | 0.50 | |
| mm8.ccdsGene.LENGTH | 0.05 | 0.03 | 0.08 | |
| mm8.ensGene.LENGTH | 0.13 | 0.05 | 0.17 | |
| mm8.geneSymbol.LENGTH | 0.19 | 0.00 | 0.19 | |
| mm8.geneid.LENGTH | 0.16 | 0.04 | 0.21 | |
| mm8.genscan.LENGTH | 0.12 | 0.00 | 0.12 | |
| mm8.knownGene.LENGTH | 0.18 | 0.00 | 0.17 | |
| mm8.nscanGene.LENGTH | 0.11 | 0.00 | 0.11 | |
| mm8.refGene.LENGTH | 0.15 | 0.00 | 0.16 | |
| mm8.sgpGene.LENGTH | 0.19 | 0.02 | 0.20 | |
| mm8.sibGene.LENGTH | 0.39 | 0.00 | 0.39 | |
| mm8.xenoRefGene.LENGTH | 0.64 | 0.01 | 0.66 | |
| mm9.acembly.LENGTH | 0.92 | 0.00 | 0.92 | |
| mm9.ccdsGene.LENGTH | 0.10 | 0.02 | 0.11 | |
| mm9.ensGene.LENGTH | 0.27 | 0.06 | 0.33 | |
| mm9.exoniphy.LENGTH | 0.97 | 0.02 | 0.98 | |
| mm9.geneSymbol.LENGTH | 0.14 | 0.00 | 0.14 | |
| mm9.geneid.LENGTH | 0.12 | 0.08 | 0.20 | |
| mm9.genscan.LENGTH | 0.14 | 0.00 | 0.14 | |
| mm9.knownGene.LENGTH | 0.26 | 0.04 | 0.31 | |
| mm9.nscanGene.LENGTH | 0.14 | 0.00 | 0.14 | |
| mm9.refGene.LENGTH | 0.19 | 0.00 | 0.19 | |
| mm9.sgpGene.LENGTH | 0.23 | 0.00 | 0.23 | |
| mm9.xenoRefGene.LENGTH | 0.59 | 0.07 | 0.66 | |
| monDom1.genscan.LENGTH | 0.10 | 0.01 | 0.10 | |
| monDom4.ensGene.LENGTH | 0.13 | 0.02 | 0.14 | |
| monDom4.geneSymbol.LENGTH | 0.01 | 0.00 | 0.02 | |
| monDom4.genscan.LENGTH | 0.13 | 0.04 | 0.17 | |
| monDom4.nscanGene.LENGTH | 0.08 | 0.10 | 0.18 | |
| monDom4.refGene.LENGTH | 0.03 | 0.00 | 0.03 | |
| monDom4.xenoRefGene.LENGTH | 0.5 | 0.0 | 0.5 | |
| monDom5.ensGene.LENGTH | 0.24 | 0.00 | 0.23 | |
| monDom5.geneSymbol.LENGTH | 0.04 | 0.00 | 0.03 | |
| monDom5.genscan.LENGTH | 0.10 | 0.00 | 0.11 | |
| monDom5.nscanGene.LENGTH | 0.20 | 0.00 | 0.21 | |
| monDom5.refGene.LENGTH | 0.04 | 0.00 | 0.03 | |
| monDom5.xenoRefGene.LENGTH | 0.97 | 0.00 | 0.97 | |
| ornAna1.ensGene.LENGTH | 0.22 | 0.04 | 0.27 | |
| ornAna1.geneSymbol.LENGTH | 0.04 | 0.00 | 0.04 | |
| ornAna1.refGene.LENGTH | 0.03 | 0.00 | 0.03 | |
| ornAna1.xenoRefGene.LENGTH | 0.98 | 0.00 | 0.98 | |
| oryLat2.ensGene.LENGTH | 0.15 | 0.00 | 0.15 | |
| oryLat2.geneSymbol.LENGTH | 0.00 | 0.02 | 0.02 | |
| oryLat2.refGene.LENGTH | 0.01 | 0.00 | 0.01 | |
| oryLat2.xenoRefGene.LENGTH | 0.75 | 0.00 | 0.75 | |
| panTro1.ensGene.LENGTH | 0.22 | 0.00 | 0.22 | |
| panTro1.geneid.LENGTH | 0.16 | 0.04 | 0.20 | |
| panTro1.genscan.LENGTH | 0.12 | 0.02 | 0.14 | |
| panTro1.xenoRefGene.LENGTH | 0.19 | 0.04 | 0.24 | |
| panTro2.ensGene.LENGTH | 0.23 | 0.00 | 0.23 | |
| panTro2.geneSymbol.LENGTH | 0.17 | 0.04 | 0.20 | |
| panTro2.genscan.LENGTH | 0.34 | 0.01 | 0.36 | |
| panTro2.nscanGene.LENGTH | 0.09 | 0.02 | 0.11 | |
| panTro2.refGene.LENGTH | 0.16 | 0.03 | 0.18 | |
| panTro2.xenoRefGene.LENGTH | 0.72 | 0.01 | 0.74 | |
| petMar1.xenoRefGene.LENGTH | 0.41 | 0.07 | 0.47 | |
| ponAbe2.ensGene.LENGTH | 0.19 | 0.03 | 0.22 | |
| ponAbe2.geneSymbol.LENGTH | 0.07 | 0.00 | 0.06 | |
| ponAbe2.genscan.LENGTH | 0.14 | 0.00 | 0.15 | |
| ponAbe2.nscanGene.LENGTH | 0.14 | 0.00 | 0.14 | |
| ponAbe2.refGene.LENGTH | 0.08 | 0.00 | 0.08 | |
| ponAbe2.xenoRefGene.LENGTH | 1.06 | 0.00 | 1.06 | |
| priPac1.xenoRefGene.LENGTH | 0.59 | 0.01 | 0.61 | |
| rheMac2.ensGene.LENGTH | 0.30 | 0.05 | 0.34 | |
| rheMac2.geneSymbol.LENGTH | 0.01 | 0.00 | 0.02 | |
| rheMac2.geneid.LENGTH | 0.14 | 0.00 | 0.14 | |
| rheMac2.nscanGene.LENGTH | 0.11 | 0.00 | 0.11 | |
| rheMac2.refGene.LENGTH | 0.01 | 0.00 | 0.02 | |
| rheMac2.sgpGene.LENGTH | 0.12 | 0.03 | 0.16 | |
| rheMac2.xenoRefGene.LENGTH | 0.69 | 0.00 | 0.69 | |
| rn3.ensGene.LENGTH | 0.20 | 0.02 | 0.22 | |
| rn3.geneSymbol.LENGTH | 0.16 | 0.03 | 0.19 | |
| rn3.geneid.LENGTH | 0.12 | 0.00 | 0.12 | |
| rn3.genscan.LENGTH | 0.17 | 0.00 | 0.17 | |
| rn3.knownGene.LENGTH | 0.05 | 0.01 | 0.08 | |
| rn3.nscanGene.LENGTH | 0.12 | 0.00 | 0.12 | |
| rn3.refGene.LENGTH | 0.11 | 0.03 | 0.14 | |
| rn3.sgpGene.LENGTH | 0.12 | 0.02 | 0.14 | |
| rn3.xenoRefGene.LENGTH | 0.83 | 0.00 | 0.83 | |
| rn4.ensGene.LENGTH | 0.22 | 0.00 | 0.21 | |
| rn4.geneSymbol.LENGTH | 0.16 | 0.00 | 0.16 | |
| rn4.geneid.LENGTH | 0.18 | 0.03 | 0.22 | |
| rn4.genscan.LENGTH | 0.18 | 0.00 | 0.17 | |
| rn4.knownGene.LENGTH | 0.06 | 0.03 | 0.10 | |
| rn4.nscanGene.LENGTH | 0.19 | 0.05 | 0.23 | |
| rn4.refGene.LENGTH | 0.11 | 0.06 | 0.17 | |
| rn4.sgpGene.LENGTH | 0.20 | 0.00 | 0.21 | |
| rn4.xenoRefGene.LENGTH | 0.5 | 0.0 | 0.5 | |
| sacCer1.ensGene.LENGTH | 0.05 | 0.03 | 0.08 | |
| sacCer2.ensGene.LENGTH | 0.04 | 0.02 | 0.06 | |
| strPur1.geneSymbol.LENGTH | 0.03 | 0.00 | 0.04 | |
| strPur1.genscan.LENGTH | 0.11 | 0.00 | 0.11 | |
| strPur1.refGene.LENGTH | 0.03 | 0.00 | 0.03 | |
| strPur1.xenoRefGene.LENGTH | 0.74 | 0.01 | 0.75 | |
| strPur2.geneSymbol.LENGTH | 0.05 | 0.00 | 0.05 | |
| strPur2.genscan.LENGTH | 0.2 | 0.0 | 0.2 | |
| strPur2.refGene.LENGTH | 0.08 | 0.00 | 0.08 | |
| strPur2.xenoRefGene.LENGTH | 1.01 | 0.04 | 1.04 | |
| supportedGeneIDs | 0.08 | 0.00 | 0.08 | |
| supportedGenomes | 0.32 | 0.03 | 0.86 | |
| taeGut1.ensGene.LENGTH | 0.12 | 0.03 | 0.15 | |
| taeGut1.geneSymbol.LENGTH | 0.02 | 0.00 | 0.01 | |
| taeGut1.genscan.LENGTH | 0.06 | 0.03 | 0.10 | |
| taeGut1.nscanGene.LENGTH | 0.06 | 0.01 | 0.08 | |
| taeGut1.refGene.LENGTH | 0.00 | 0.02 | 0.01 | |
| taeGut1.xenoRefGene.LENGTH | 0.72 | 0.00 | 0.72 | |
| tetNig1.ensGene.LENGTH | 0.15 | 0.03 | 0.19 | |
| tetNig1.geneid.LENGTH | 0.13 | 0.02 | 0.14 | |
| tetNig1.genscan.LENGTH | 0.17 | 0.01 | 0.19 | |
| tetNig1.nscanGene.LENGTH | 0.14 | 0.03 | 0.17 | |
| tetNig2.ensGene.LENGTH | 0.14 | 0.02 | 0.16 | |
| unfactor | 0.05 | 0.00 | 0.04 | |
| xenTro1.genscan.LENGTH | 0.16 | 0.00 | 0.16 | |
| xenTro2.ensGene.LENGTH | 0.14 | 0.06 | 0.20 | |
| xenTro2.geneSymbol.LENGTH | 0.11 | 0.02 | 0.12 | |
| xenTro2.genscan.LENGTH | 0.17 | 0.01 | 0.19 | |
| xenTro2.refGene.LENGTH | 0.14 | 0.02 | 0.16 | |
geneLenDataBase.Rcheck/examples_x64/geneLenDataBase-Ex.timings:
| name | user | system | elapsed | |
| anoCar1.ensGene.LENGTH | 0.09 | 0.01 | 0.11 | |
| anoCar1.genscan.LENGTH | 0.08 | 0.05 | 0.12 | |
| anoCar1.xenoRefGene.LENGTH | 1.21 | 0.02 | 1.24 | |
| anoGam1.ensGene.LENGTH | 0.09 | 0.04 | 0.14 | |
| anoGam1.geneid.LENGTH | 0.08 | 0.05 | 0.13 | |
| anoGam1.genscan.LENGTH | 0.07 | 0.02 | 0.10 | |
| apiMel1.genscan.LENGTH | 0.05 | 0.04 | 0.09 | |
| apiMel2.ensGene.LENGTH | 0.14 | 0.01 | 0.17 | |
| apiMel2.geneid.LENGTH | 0.07 | 0.08 | 0.14 | |
| apiMel2.genscan.LENGTH | 0.06 | 0.05 | 0.11 | |
| aplCal1.xenoRefGene.LENGTH | 0.93 | 0.00 | 0.92 | |
| bosTau2.geneSymbol.LENGTH | 0.08 | 0.03 | 0.11 | |
| bosTau2.geneid.LENGTH | 0.78 | 0.00 | 0.78 | |
| bosTau2.genscan.LENGTH | 0.37 | 0.01 | 0.39 | |
| bosTau2.refGene.LENGTH | 0.07 | 0.02 | 0.10 | |
| bosTau2.sgpGene.LENGTH | 0.16 | 0.00 | 0.16 | |
| bosTau3.ensGene.LENGTH | 0.17 | 0.05 | 0.22 | |
| bosTau3.geneSymbol.LENGTH | 0.08 | 0.03 | 0.11 | |
| bosTau3.geneid.LENGTH | 0.22 | 0.01 | 0.24 | |
| bosTau3.genscan.LENGTH | 0.12 | 0.04 | 0.16 | |
| bosTau3.refGene.LENGTH | 0.09 | 0.01 | 0.11 | |
| bosTau3.sgpGene.LENGTH | 0.16 | 0.08 | 0.23 | |
| bosTau4.ensGene.LENGTH | 0.21 | 0.03 | 0.24 | |
| bosTau4.geneSymbol.LENGTH | 0.08 | 0.05 | 0.12 | |
| bosTau4.genscan.LENGTH | 0.13 | 0.01 | 0.14 | |
| bosTau4.nscanGene.LENGTH | 0.13 | 0.00 | 0.12 | |
| bosTau4.refGene.LENGTH | 0.04 | 0.05 | 0.09 | |
| braFlo1.xenoRefGene.LENGTH | 0.44 | 0.01 | 0.45 | |
| caeJap1.xenoRefGene.LENGTH | 0.46 | 0.00 | 0.45 | |
| caePb1.xenoRefGene.LENGTH | 0.56 | 0.00 | 0.56 | |
| caePb2.xenoRefGene.LENGTH | 0.54 | 0.00 | 0.55 | |
| caeRem2.xenoRefGene.LENGTH | 0.53 | 0.02 | 0.54 | |
| caeRem3.xenoRefGene.LENGTH | 0.45 | 0.00 | 0.45 | |
| calJac1.genscan.LENGTH | 0.14 | 0.06 | 0.20 | |
| calJac1.nscanGene.LENGTH | 0.2 | 0.0 | 0.2 | |
| calJac1.xenoRefGene.LENGTH | 0.99 | 0.02 | 1.01 | |
| canFam1.ensGene.LENGTH | 0.16 | 0.00 | 0.16 | |
| canFam1.geneSymbol.LENGTH | 0.00 | 0.01 | 0.02 | |
| canFam1.genscan.LENGTH | 0.06 | 0.02 | 0.08 | |
| canFam1.nscanGene.LENGTH | 0.09 | 0.00 | 0.09 | |
| canFam1.refGene.LENGTH | 0.02 | 0.00 | 0.02 | |
| canFam1.xenoRefGene.LENGTH | 0.70 | 0.02 | 0.71 | |
| canFam2.ensGene.LENGTH | 0.11 | 0.03 | 0.14 | |
| canFam2.geneSymbol.LENGTH | 0.00 | 0.01 | 0.01 | |
| canFam2.genscan.LENGTH | 0.08 | 0.02 | 0.10 | |
| canFam2.nscanGene.LENGTH | 0.1 | 0.0 | 0.1 | |
| canFam2.refGene.LENGTH | 0.02 | 0.00 | 0.02 | |
| canFam2.xenoRefGene.LENGTH | 0.7 | 0.0 | 0.7 | |
| cavPor3.ensGene.LENGTH | 0.15 | 0.01 | 0.17 | |
| cavPor3.genscan.LENGTH | 0.3 | 0.0 | 0.3 | |
| cavPor3.nscanGene.LENGTH | 0.09 | 0.03 | 0.13 | |
| cavPor3.xenoRefGene.LENGTH | 0.86 | 0.00 | 0.86 | |
| cb1.xenoRefGene.LENGTH | 0.53 | 0.00 | 0.53 | |
| cb3.xenoRefGene.LENGTH | 0.45 | 0.02 | 0.47 | |
| ce2.geneSymbol.LENGTH | 0.15 | 0.05 | 0.20 | |
| ce2.geneid.LENGTH | 0.10 | 0.00 | 0.09 | |
| ce2.refGene.LENGTH | 0.11 | 0.07 | 0.19 | |
| ce4.geneSymbol.LENGTH | 0.15 | 0.07 | 0.22 | |
| ce4.refGene.LENGTH | 0.36 | 0.09 | 0.47 | |
| ce4.xenoRefGene.LENGTH | 0.11 | 0.02 | 0.12 | |
| ce6.ensGene.LENGTH | 0.13 | 0.03 | 0.15 | |
| ce6.geneSymbol.LENGTH | 0.19 | 0.01 | 0.20 | |
| ce6.refGene.LENGTH | 0.10 | 0.08 | 0.18 | |
| ce6.xenoRefGene.LENGTH | 0.13 | 0.00 | 0.12 | |
| ci1.geneSymbol.LENGTH | 0.03 | 0.00 | 0.03 | |
| ci1.refGene.LENGTH | 0.01 | 0.02 | 0.03 | |
| ci1.xenoRefGene.LENGTH | 0.26 | 0.00 | 0.27 | |
| ci2.ensGene.LENGTH | 0.12 | 0.00 | 0.13 | |
| ci2.geneSymbol.LENGTH | 0.03 | 0.00 | 0.03 | |
| ci2.refGene.LENGTH | 0.03 | 0.00 | 0.03 | |
| ci2.xenoRefGene.LENGTH | 0.44 | 0.00 | 0.44 | |
| danRer3.ensGene.LENGTH | 0.17 | 0.01 | 0.19 | |
| danRer3.geneSymbol.LENGTH | 0.09 | 0.05 | 0.15 | |
| danRer3.refGene.LENGTH | 0.11 | 0.03 | 0.14 | |
| danRer4.ensGene.LENGTH | 0.15 | 0.00 | 0.16 | |
| danRer4.geneSymbol.LENGTH | 0.11 | 0.05 | 0.16 | |
| danRer4.genscan.LENGTH | 0.42 | 0.00 | 0.42 | |
| danRer4.nscanGene.LENGTH | 0.13 | 0.03 | 0.16 | |
| danRer4.refGene.LENGTH | 0.08 | 0.05 | 0.12 | |
| danRer5.ensGene.LENGTH | 0.16 | 0.00 | 0.15 | |
| danRer5.geneSymbol.LENGTH | 0.13 | 0.03 | 0.16 | |
| danRer5.refGene.LENGTH | 0.10 | 0.03 | 0.12 | |
| danRer5.vegaGene.LENGTH | 0.10 | 0.04 | 0.14 | |
| danRer5.vegaPseudoGene.LENGTH | 0.01 | 0.02 | 0.03 | |
| danRer6.ensGene.LENGTH | 0.17 | 0.03 | 0.21 | |
| danRer6.geneSymbol.LENGTH | 0.07 | 0.05 | 0.13 | |
| danRer6.refGene.LENGTH | 0.11 | 0.01 | 0.12 | |
| danRer6.xenoRefGene.LENGTH | 1.01 | 0.02 | 1.03 | |
| dm1.geneSymbol.LENGTH | 0.11 | 0.06 | 0.17 | |
| dm1.genscan.LENGTH | 0.03 | 0.05 | 0.08 | |
| dm1.refGene.LENGTH | 0.12 | 0.06 | 0.19 | |
| dm2.geneSymbol.LENGTH | 0.09 | 0.09 | 0.19 | |
| dm2.geneid.LENGTH | 0.09 | 0.05 | 0.14 | |
| dm2.genscan.LENGTH | 0.03 | 0.03 | 0.07 | |
| dm2.nscanGene.LENGTH | 0.07 | 0.00 | 0.07 | |
| dm2.refGene.LENGTH | 0.08 | 0.08 | 0.16 | |
| dm3.geneSymbol.LENGTH | 0.11 | 0.00 | 0.10 | |
| dm3.nscanPasaGene.LENGTH | 0.08 | 0.06 | 0.14 | |
| dm3.refGene.LENGTH | 0.09 | 0.00 | 0.09 | |
| dp2.genscan.LENGTH | 0.08 | 0.02 | 0.10 | |
| dp2.xenoRefGene.LENGTH | 0.26 | 0.00 | 0.27 | |
| dp3.geneid.LENGTH | 0.04 | 0.06 | 0.11 | |
| dp3.genscan.LENGTH | 0.06 | 0.03 | 0.09 | |
| dp3.xenoRefGene.LENGTH | 0.18 | 0.02 | 0.21 | |
| droAna1.geneid.LENGTH | 0.11 | 0.01 | 0.12 | |
| droAna1.genscan.LENGTH | 0.08 | 0.00 | 0.08 | |
| droAna1.xenoRefGene.LENGTH | 0.24 | 0.02 | 0.25 | |
| droAna2.genscan.LENGTH | 0.09 | 0.00 | 0.10 | |
| droAna2.xenoRefGene.LENGTH | 0.33 | 0.05 | 0.38 | |
| droEre1.genscan.LENGTH | 0.10 | 0.00 | 0.09 | |
| droEre1.xenoRefGene.LENGTH | 0.37 | 0.00 | 0.37 | |
| droGri1.genscan.LENGTH | 0.08 | 0.03 | 0.10 | |
| droGri1.xenoRefGene.LENGTH | 0.38 | 0.00 | 0.37 | |
| droMoj1.geneid.LENGTH | 0.14 | 0.03 | 0.18 | |
| droMoj1.genscan.LENGTH | 0.09 | 0.00 | 0.09 | |
| droMoj1.xenoRefGene.LENGTH | 0.26 | 0.03 | 0.29 | |
| droMoj2.genscan.LENGTH | 0.10 | 0.01 | 0.11 | |
| droMoj2.xenoRefGene.LENGTH | 0.38 | 0.02 | 0.39 | |
| droPer1.genscan.LENGTH | 0.10 | 0.02 | 0.11 | |
| droPer1.xenoRefGene.LENGTH | 0.33 | 0.01 | 0.34 | |
| droSec1.genscan.LENGTH | 0.06 | 0.03 | 0.09 | |
| droSec1.xenoRefGene.LENGTH | 0.31 | 0.00 | 0.31 | |
| droSim1.geneid.LENGTH | 0.06 | 0.05 | 0.11 | |
| droSim1.genscan.LENGTH | 0.05 | 0.03 | 0.08 | |
| droSim1.xenoRefGene.LENGTH | 0.29 | 0.00 | 0.30 | |
| droVir1.geneid.LENGTH | 0.17 | 0.02 | 0.19 | |
| droVir1.genscan.LENGTH | 0.06 | 0.06 | 0.13 | |
| droVir1.xenoRefGene.LENGTH | 0.36 | 0.00 | 0.36 | |
| droVir2.genscan.LENGTH | 0.11 | 0.00 | 0.11 | |
| droVir2.xenoRefGene.LENGTH | 0.36 | 0.02 | 0.38 | |
| droYak1.geneid.LENGTH | 0.07 | 0.05 | 0.11 | |
| droYak1.genscan.LENGTH | 0.06 | 0.01 | 0.08 | |
| droYak1.xenoRefGene.LENGTH | 0.28 | 0.00 | 0.28 | |
| droYak2.genscan.LENGTH | 0.06 | 0.03 | 0.09 | |
| droYak2.xenoRefGene.LENGTH | 0.34 | 0.00 | 0.35 | |
| equCab1.geneSymbol.LENGTH | 0.06 | 0.00 | 0.07 | |
| equCab1.geneid.LENGTH | 0.16 | 0.02 | 0.17 | |
| equCab1.nscanGene.LENGTH | 0.08 | 0.05 | 0.13 | |
| equCab1.refGene.LENGTH | 0.02 | 0.01 | 0.03 | |
| equCab1.sgpGene.LENGTH | 0.09 | 0.03 | 0.12 | |
| equCab2.ensGene.LENGTH | 0.17 | 0.01 | 0.19 | |
| equCab2.geneSymbol.LENGTH | 0.03 | 0.02 | 0.05 | |
| equCab2.nscanGene.LENGTH | 0.13 | 0.06 | 0.19 | |
| equCab2.refGene.LENGTH | 0.03 | 0.00 | 0.03 | |
| equCab2.xenoRefGene.LENGTH | 0.78 | 0.02 | 0.80 | |
| felCat3.ensGene.LENGTH | 0.13 | 0.00 | 0.13 | |
| felCat3.geneSymbol.LENGTH | 0.02 | 0.00 | 0.02 | |
| felCat3.geneid.LENGTH | 1.19 | 0.00 | 1.19 | |
| felCat3.genscan.LENGTH | 0.15 | 0.01 | 0.17 | |
| felCat3.nscanGene.LENGTH | 0.14 | 0.02 | 0.15 | |
| felCat3.refGene.LENGTH | 0.01 | 0.00 | 0.01 | |
| felCat3.sgpGene.LENGTH | 0.22 | 0.00 | 0.22 | |
| felCat3.xenoRefGene.LENGTH | 1.87 | 0.01 | 1.89 | |
| fr1.ensGene.LENGTH | 0.11 | 0.04 | 0.15 | |
| fr1.genscan.LENGTH | 0.16 | 0.00 | 0.16 | |
| fr2.ensGene.LENGTH | 0.22 | 0.03 | 0.25 | |
| galGal2.ensGene.LENGTH | 0.08 | 0.00 | 0.08 | |
| galGal2.geneSymbol.LENGTH | 0.03 | 0.02 | 0.05 | |
| galGal2.geneid.LENGTH | 0.05 | 0.06 | 0.11 | |
| galGal2.genscan.LENGTH | 0.07 | 0.05 | 0.12 | |
| galGal2.refGene.LENGTH | 0.05 | 0.00 | 0.05 | |
| galGal2.sgpGene.LENGTH | 0.06 | 0.06 | 0.12 | |
| galGal3.ensGene.LENGTH | 0.13 | 0.00 | 0.12 | |
| galGal3.geneSymbol.LENGTH | 0.05 | 0.02 | 0.06 | |
| galGal3.genscan.LENGTH | 0.10 | 0.03 | 0.14 | |
| galGal3.nscanGene.LENGTH | 0.11 | 0.00 | 0.11 | |
| galGal3.refGene.LENGTH | 0.03 | 0.01 | 0.05 | |
| galGal3.xenoRefGene.LENGTH | 0.67 | 0.00 | 0.67 | |
| gasAcu1.ensGene.LENGTH | 0.20 | 0.00 | 0.21 | |
| gasAcu1.nscanGene.LENGTH | 0.19 | 0.02 | 0.20 | |
| hg16.acembly.LENGTH | 0.54 | 0.00 | 0.54 | |
| hg16.ensGene.LENGTH | 0.12 | 0.01 | 0.15 | |
| hg16.exoniphy.LENGTH | 0.37 | 0.02 | 0.39 | |
| hg16.geneSymbol.LENGTH | 0.13 | 0.01 | 0.14 | |
| hg16.geneid.LENGTH | 0.09 | 0.04 | 0.12 | |
| hg16.genscan.LENGTH | 0.11 | 0.00 | 0.11 | |
| hg16.knownGene.LENGTH | 0.18 | 0.01 | 0.18 | |
| hg16.refGene.LENGTH | 0.14 | 0.00 | 0.14 | |
| hg16.sgpGene.LENGTH | 0.14 | 0.00 | 0.14 | |
| hg17.acembly.LENGTH | 0.65 | 0.02 | 0.67 | |
| hg17.acescan.LENGTH | 0.06 | 0.00 | 0.06 | |
| hg17.ccdsGene.LENGTH | 0.06 | 0.03 | 0.10 | |
| hg17.ensGene.LENGTH | 0.14 | 0.09 | 0.23 | |
| hg17.exoniphy.LENGTH | 0.61 | 0.00 | 0.61 | |
| hg17.geneSymbol.LENGTH | 0.26 | 0.02 | 0.28 | |
| hg17.geneid.LENGTH | 0.20 | 0.01 | 0.22 | |
| hg17.genscan.LENGTH | 0.14 | 0.02 | 0.15 | |
| hg17.knownGene.LENGTH | 0.20 | 0.05 | 0.25 | |
| hg17.refGene.LENGTH | 0.2 | 0.0 | 0.2 | |
| hg17.sgpGene.LENGTH | 0.15 | 0.01 | 0.17 | |
| hg17.vegaGene.LENGTH | 0.09 | 0.05 | 0.14 | |
| hg17.vegaPseudoGene.LENGTH | 0.08 | 0.01 | 0.09 | |
| hg17.xenoRefGene.LENGTH | 0.43 | 0.00 | 0.44 | |
| hg18.acembly.LENGTH | 1.15 | 0.00 | 1.15 | |
| hg18.acescan.LENGTH | 0.29 | 0.02 | 0.31 | |
| hg18.ccdsGene.LENGTH | 0.10 | 0.00 | 0.09 | |
| hg18.ensGene.LENGTH | 0.25 | 0.01 | 0.27 | |
| hg18.exoniphy.LENGTH | 0.58 | 0.00 | 0.58 | |
| hg18.geneSymbol.LENGTH | 0.18 | 0.02 | 0.20 | |
| hg18.geneid.LENGTH | 0.17 | 0.02 | 0.18 | |
| hg18.genscan.LENGTH | 0.09 | 0.01 | 0.11 | |
| hg18.knownGene.LENGTH | 0.28 | 0.00 | 0.28 | |
| hg18.knownGeneOld3.LENGTH | 0.21 | 0.03 | 0.24 | |
| hg18.refGene.LENGTH | 0.19 | 0.02 | 0.20 | |
| hg18.sgpGene.LENGTH | 0.16 | 0.01 | 0.17 | |
| hg18.sibGene.LENGTH | 1.06 | 0.00 | 1.06 | |
| hg18.xenoRefGene.LENGTH | 0.43 | 0.05 | 0.48 | |
| hg19.ccdsGene.LENGTH | 0.14 | 0.05 | 0.19 | |
| hg19.ensGene.LENGTH | 0.49 | 0.00 | 0.48 | |
| hg19.exoniphy.LENGTH | 0.60 | 0.00 | 0.59 | |
| hg19.geneSymbol.LENGTH | 0.14 | 0.00 | 0.14 | |
| hg19.knownGene.LENGTH | 0.31 | 0.01 | 0.33 | |
| hg19.nscanGene.LENGTH | 0.24 | 0.00 | 0.24 | |
| hg19.refGene.LENGTH | 0.13 | 0.02 | 0.14 | |
| hg19.xenoRefGene.LENGTH | 0.58 | 0.00 | 0.58 | |
| loxAfr3.xenoRefGene.LENGTH | 1.10 | 0.00 | 1.11 | |
| mm7.ensGene.LENGTH | 0.23 | 0.00 | 0.24 | |
| mm7.geneSymbol.LENGTH | 0.12 | 0.00 | 0.13 | |
| mm7.geneid.LENGTH | 0.17 | 0.03 | 0.20 | |
| mm7.genscan.LENGTH | 0.14 | 0.00 | 0.15 | |
| mm7.knownGene.LENGTH | 0.24 | 0.00 | 0.24 | |
| mm7.refGene.LENGTH | 0.16 | 0.00 | 0.16 | |
| mm7.sgpGene.LENGTH | 0.14 | 0.05 | 0.18 | |
| mm7.xenoRefGene.LENGTH | 0.42 | 0.00 | 0.42 | |
| mm8.ccdsGene.LENGTH | 0.08 | 0.03 | 0.11 | |
| mm8.ensGene.LENGTH | 0.18 | 0.00 | 0.17 | |
| mm8.geneSymbol.LENGTH | 0.17 | 0.00 | 0.18 | |
| mm8.geneid.LENGTH | 0.19 | 0.00 | 0.19 | |
| mm8.genscan.LENGTH | 0.14 | 0.00 | 0.14 | |
| mm8.knownGene.LENGTH | 0.11 | 0.01 | 0.12 | |
| mm8.nscanGene.LENGTH | 0.10 | 0.00 | 0.09 | |
| mm8.refGene.LENGTH | 0.12 | 0.00 | 0.12 | |
| mm8.sgpGene.LENGTH | 0.14 | 0.02 | 0.16 | |
| mm8.sibGene.LENGTH | 0.33 | 0.00 | 0.33 | |
| mm8.xenoRefGene.LENGTH | 0.51 | 0.00 | 0.52 | |
| mm9.acembly.LENGTH | 0.67 | 0.01 | 0.69 | |
| mm9.ccdsGene.LENGTH | 0.11 | 0.00 | 0.11 | |
| mm9.ensGene.LENGTH | 0.33 | 0.02 | 0.35 | |
| mm9.exoniphy.LENGTH | 0.5 | 0.0 | 0.5 | |
| mm9.geneSymbol.LENGTH | 0.11 | 0.00 | 0.11 | |
| mm9.geneid.LENGTH | 0.15 | 0.02 | 0.18 | |
| mm9.genscan.LENGTH | 0.11 | 0.01 | 0.12 | |
| mm9.knownGene.LENGTH | 0.17 | 0.06 | 0.24 | |
| mm9.nscanGene.LENGTH | 0.10 | 0.02 | 0.10 | |
| mm9.refGene.LENGTH | 0.22 | 0.00 | 0.21 | |
| mm9.sgpGene.LENGTH | 0.11 | 0.03 | 0.14 | |
| mm9.xenoRefGene.LENGTH | 0.47 | 0.03 | 0.50 | |
| monDom1.genscan.LENGTH | 0.14 | 0.02 | 0.16 | |
| monDom4.ensGene.LENGTH | 0.14 | 0.01 | 0.16 | |
| monDom4.geneSymbol.LENGTH | 0.02 | 0.00 | 0.01 | |
| monDom4.genscan.LENGTH | 0.12 | 0.05 | 0.17 | |
| monDom4.nscanGene.LENGTH | 0.11 | 0.06 | 0.17 | |
| monDom4.refGene.LENGTH | 0.08 | 0.00 | 0.08 | |
| monDom4.xenoRefGene.LENGTH | 0.47 | 0.00 | 0.47 | |
| monDom5.ensGene.LENGTH | 0.10 | 0.00 | 0.11 | |
| monDom5.geneSymbol.LENGTH | 0 | 0 | 0 | |
| monDom5.genscan.LENGTH | 0.06 | 0.00 | 0.06 | |
| monDom5.nscanGene.LENGTH | 0.13 | 0.02 | 0.14 | |
| monDom5.refGene.LENGTH | 0.01 | 0.01 | 0.04 | |
| monDom5.xenoRefGene.LENGTH | 0.63 | 0.00 | 0.62 | |
| ornAna1.ensGene.LENGTH | 0.14 | 0.05 | 0.19 | |
| ornAna1.geneSymbol.LENGTH | 0.03 | 0.00 | 0.03 | |
| ornAna1.refGene.LENGTH | 0.03 | 0.00 | 0.03 | |
| ornAna1.xenoRefGene.LENGTH | 0.63 | 0.00 | 0.62 | |
| oryLat2.ensGene.LENGTH | 0.12 | 0.03 | 0.15 | |
| oryLat2.geneSymbol.LENGTH | 0.01 | 0.00 | 0.02 | |
| oryLat2.refGene.LENGTH | 0.03 | 0.02 | 0.05 | |
| oryLat2.xenoRefGene.LENGTH | 0.55 | 0.00 | 0.54 | |
| panTro1.ensGene.LENGTH | 0.17 | 0.00 | 0.17 | |
| panTro1.geneid.LENGTH | 0.13 | 0.03 | 0.16 | |
| panTro1.genscan.LENGTH | 0.17 | 0.00 | 0.17 | |
| panTro1.xenoRefGene.LENGTH | 0.19 | 0.01 | 0.20 | |
| panTro2.ensGene.LENGTH | 0.27 | 0.02 | 0.28 | |
| panTro2.geneSymbol.LENGTH | 0.17 | 0.01 | 0.19 | |
| panTro2.genscan.LENGTH | 0.12 | 0.00 | 0.12 | |
| panTro2.nscanGene.LENGTH | 0.06 | 0.04 | 0.09 | |
| panTro2.refGene.LENGTH | 0.12 | 0.01 | 0.14 | |
| panTro2.xenoRefGene.LENGTH | 0.58 | 0.00 | 0.58 | |
| petMar1.xenoRefGene.LENGTH | 0.28 | 0.05 | 0.33 | |
| ponAbe2.ensGene.LENGTH | 0.09 | 0.05 | 0.14 | |
| ponAbe2.geneSymbol.LENGTH | 0.00 | 0.03 | 0.03 | |
| ponAbe2.genscan.LENGTH | 0.12 | 0.00 | 0.12 | |
| ponAbe2.nscanGene.LENGTH | 0.13 | 0.00 | 0.13 | |
| ponAbe2.refGene.LENGTH | 0.04 | 0.01 | 0.06 | |
| ponAbe2.xenoRefGene.LENGTH | 0.71 | 0.00 | 0.70 | |
| priPac1.xenoRefGene.LENGTH | 0.41 | 0.00 | 0.41 | |
| rheMac2.ensGene.LENGTH | 0.20 | 0.00 | 0.21 | |
| rheMac2.geneSymbol.LENGTH | 0.03 | 0.02 | 0.04 | |
| rheMac2.geneid.LENGTH | 0.13 | 0.01 | 0.14 | |
| rheMac2.nscanGene.LENGTH | 0.13 | 0.00 | 0.13 | |
| rheMac2.refGene.LENGTH | 0.04 | 0.00 | 0.04 | |
| rheMac2.sgpGene.LENGTH | 0.12 | 0.03 | 0.15 | |
| rheMac2.xenoRefGene.LENGTH | 0.58 | 0.02 | 0.60 | |
| rn3.ensGene.LENGTH | 0.20 | 0.02 | 0.22 | |
| rn3.geneSymbol.LENGTH | 0.12 | 0.03 | 0.16 | |
| rn3.geneid.LENGTH | 0.11 | 0.00 | 0.11 | |
| rn3.genscan.LENGTH | 0.11 | 0.03 | 0.14 | |
| rn3.knownGene.LENGTH | 0.12 | 0.00 | 0.13 | |
| rn3.nscanGene.LENGTH | 0.13 | 0.00 | 0.13 | |
| rn3.refGene.LENGTH | 0.14 | 0.03 | 0.17 | |
| rn3.sgpGene.LENGTH | 0.12 | 0.01 | 0.14 | |
| rn3.xenoRefGene.LENGTH | 0.67 | 0.02 | 0.69 | |
| rn4.ensGene.LENGTH | 0.14 | 0.02 | 0.16 | |
| rn4.geneSymbol.LENGTH | 0.12 | 0.01 | 0.14 | |
| rn4.geneid.LENGTH | 0.14 | 0.03 | 0.17 | |
| rn4.genscan.LENGTH | 0.14 | 0.00 | 0.14 | |
| rn4.knownGene.LENGTH | 0.08 | 0.02 | 0.10 | |
| rn4.nscanGene.LENGTH | 0.13 | 0.05 | 0.17 | |
| rn4.refGene.LENGTH | 0.06 | 0.06 | 0.13 | |
| rn4.sgpGene.LENGTH | 0.09 | 0.04 | 0.14 | |
| rn4.xenoRefGene.LENGTH | 0.41 | 0.00 | 0.41 | |
| sacCer1.ensGene.LENGTH | 0.08 | 0.00 | 0.07 | |
| sacCer2.ensGene.LENGTH | 0.05 | 0.03 | 0.08 | |
| strPur1.geneSymbol.LENGTH | 0.04 | 0.00 | 0.05 | |
| strPur1.genscan.LENGTH | 0.11 | 0.00 | 0.11 | |
| strPur1.refGene.LENGTH | 0.03 | 0.00 | 0.03 | |
| strPur1.xenoRefGene.LENGTH | 0.60 | 0.00 | 0.59 | |
| strPur2.geneSymbol.LENGTH | 0.04 | 0.00 | 0.05 | |
| strPur2.genscan.LENGTH | 0.19 | 0.00 | 0.19 | |
| strPur2.refGene.LENGTH | 0.06 | 0.00 | 0.06 | |
| strPur2.xenoRefGene.LENGTH | 0.84 | 0.00 | 0.84 | |
| supportedGeneIDs | 0.01 | 0.00 | 0.01 | |
| supportedGenomes | 0.38 | 0.05 | 62.33 | |
| taeGut1.ensGene.LENGTH | 0.15 | 0.00 | 0.15 | |
| taeGut1.geneSymbol.LENGTH | 0.01 | 0.00 | 0.01 | |
| taeGut1.genscan.LENGTH | 0.11 | 0.03 | 0.14 | |
| taeGut1.nscanGene.LENGTH | 0.11 | 0.03 | 0.14 | |
| taeGut1.refGene.LENGTH | 0.02 | 0.00 | 0.02 | |
| taeGut1.xenoRefGene.LENGTH | 0.60 | 0.02 | 0.62 | |
| tetNig1.ensGene.LENGTH | 0.09 | 0.04 | 0.14 | |
| tetNig1.geneid.LENGTH | 0.12 | 0.02 | 0.14 | |
| tetNig1.genscan.LENGTH | 0.19 | 0.03 | 0.22 | |
| tetNig1.nscanGene.LENGTH | 0.09 | 0.02 | 0.11 | |
| tetNig2.ensGene.LENGTH | 0.15 | 0.00 | 0.16 | |
| unfactor | 0.08 | 0.00 | 0.08 | |
| xenTro1.genscan.LENGTH | 0.14 | 0.01 | 0.16 | |
| xenTro2.ensGene.LENGTH | 0.52 | 0.02 | 0.53 | |
| xenTro2.geneSymbol.LENGTH | 0.08 | 0.01 | 0.09 | |
| xenTro2.genscan.LENGTH | 0.10 | 0.05 | 0.16 | |
| xenTro2.refGene.LENGTH | 0.08 | 0.01 | 0.09 | |