Back to the "Multiple platform build/check report" |
Package 53/140 | Hostname | OS / Arch | BUILD | CHECK | BUILD BIN | ||||
geneLenDataBase 0.99.10 Matthew Young
| george2 | Linux (Ubuntu 12.04.1 LTS) / x86_64 | OK | WARNINGS | |||||
lamb2 | Linux (openSUSE 11.4) / x86_64 | OK | [ WARNINGS ] | ||||||
moscato2 | Windows Server 2008 R2 Enterprise SP1 (64-bit) / x64 | OK | WARNINGS | OK | |||||
petty | Mac OS X Leopard (10.5.8) / i386 | OK | WARNINGS | OK |
Package: geneLenDataBase |
Version: 0.99.10 |
Command: /home/biocbuild/bbs-2.12-bioc/R/bin/R CMD check --no-vignettes --timings geneLenDataBase_0.99.10.tar.gz |
StartedAt: 2013-01-17 12:52:42 -0800 (Thu, 17 Jan 2013) |
EndedAt: 2013-01-17 13:02:13 -0800 (Thu, 17 Jan 2013) |
EllapsedTime: 571.1 seconds |
RetCode: 0 |
Status: WARNINGS |
CheckDir: geneLenDataBase.Rcheck |
Warnings: 1 |
* using log directory ‘/loc/home/biocbuild/bbs-2.12-data-experiment/meat/geneLenDataBase.Rcheck’ * using R Under development (unstable) (2012-12-17 r61365) * using platform: x86_64-unknown-linux-gnu (64-bit) * using session charset: UTF-8 * using option ‘--no-vignettes’ * checking for file ‘geneLenDataBase/DESCRIPTION’ ... OK * this is package ‘geneLenDataBase’ version ‘0.99.10’ * checking package namespace information ... OK * checking package dependencies ... OK * checking if this is a source package ... OK * checking if there is a namespace ... OK * checking for hidden files and directories ... OK * checking for portable file names ... OK * checking for sufficient/correct file permissions ... OK * checking whether package ‘geneLenDataBase’ can be installed ... OK * checking installed package size ... NOTE installed size is 100.3Mb sub-directories of 1Mb or more: data 99.7Mb * checking package directory ... OK * checking DESCRIPTION meta-information ... OK * checking top-level files ... OK * checking for left-over files ... OK * checking index information ... OK * checking package subdirectories ... OK * checking R files for non-ASCII characters ... OK * checking R files for syntax errors ... OK * checking whether the package can be loaded ... OK * checking whether the package can be loaded with stated dependencies ... OK * checking whether the package can be unloaded cleanly ... OK * checking whether the namespace can be loaded with stated dependencies ... OK * checking whether the namespace can be unloaded cleanly ... OK * checking for unstated dependencies in R code ... OK * checking S3 generic/method consistency ... OK * checking replacement functions ... OK * checking foreign function calls ... OK * checking R code for possible problems ... OK * checking Rd files ... OK * checking Rd metadata ... OK * checking Rd cross-references ... WARNING Missing link or links in documentation object ‘/loc/home/biocbuild/bbs-2.12-data-experiment/meat/geneLenDataBase.Rcheck/00_pkg_src/geneLenDataBase/man/anoCar1.ensGene.LENGTH.Rd’: ‘downloadLengthFromUCSC’ Missing link or links in documentation object ‘/loc/home/biocbuild/bbs-2.12-data-experiment/meat/geneLenDataBase.Rcheck/00_pkg_src/geneLenDataBase/man/anoCar1.genscan.LENGTH.Rd’: ‘downloadLengthFromUCSC’ Missing link or links in documentation object ‘/loc/home/biocbuild/bbs-2.12-data-experiment/meat/geneLenDataBase.Rcheck/00_pkg_src/geneLenDataBase/man/anoCar1.xenoRefGene.LENGTH.Rd’: ‘downloadLengthFromUCSC’ Missing link or links in documentation object ‘/loc/home/biocbuild/bbs-2.12-data-experiment/meat/geneLenDataBase.Rcheck/00_pkg_src/geneLenDataBase/man/anoGam1.ensGene.LENGTH.Rd’: ‘downloadLengthFromUCSC’ Missing link or links in documentation object ‘/loc/home/biocbuild/bbs-2.12-data-experiment/meat/geneLenDataBase.Rcheck/00_pkg_src/geneLenDataBase/man/anoGam1.geneid.LENGTH.Rd’: ‘downloadLengthFromUCSC’ Missing link or links in documentation object ‘/loc/home/biocbuild/bbs-2.12-data-experiment/meat/geneLenDataBase.Rcheck/00_pkg_src/geneLenDataBase/man/anoGam1.genscan.LENGTH.Rd’: ‘downloadLengthFromUCSC’ Missing link or links in documentation object ‘/loc/home/biocbuild/bbs-2.12-data-experiment/meat/geneLenDataBase.Rcheck/00_pkg_src/geneLenDataBase/man/apiMel1.genscan.LENGTH.Rd’: ‘downloadLengthFromUCSC’ Missing link or links in documentation object ‘/loc/home/biocbuild/bbs-2.12-data-experiment/meat/geneLenDataBase.Rcheck/00_pkg_src/geneLenDataBase/man/apiMel2.ensGene.LENGTH.Rd’: ‘downloadLengthFromUCSC’ Missing link or links in documentation object ‘/loc/home/biocbuild/bbs-2.12-data-experiment/meat/geneLenDataBase.Rcheck/00_pkg_src/geneLenDataBase/man/apiMel2.geneid.LENGTH.Rd’: ‘downloadLengthFromUCSC’ Missing link or links in documentation object ‘/loc/home/biocbuild/bbs-2.12-data-experiment/meat/geneLenDataBase.Rcheck/00_pkg_src/geneLenDataBase/man/apiMel2.genscan.LENGTH.Rd’: ‘downloadLengthFromUCSC’ Missing link or links in documentation object ‘/loc/home/biocbuild/bbs-2.12-data-experiment/meat/geneLenDataBase.Rcheck/00_pkg_src/geneLenDataBase/man/aplCal1.xenoRefGene.LENGTH.Rd’: ‘downloadLengthFromUCSC’ Missing link or links in documentation object ‘/loc/home/biocbuild/bbs-2.12-data-experiment/meat/geneLenDataBase.Rcheck/00_pkg_src/geneLenDataBase/man/bosTau2.geneSymbol.LENGTH.Rd’: ‘downloadLengthFromUCSC’ Missing link or links in documentation object ‘/loc/home/biocbuild/bbs-2.12-data-experiment/meat/geneLenDataBase.Rcheck/00_pkg_src/geneLenDataBase/man/bosTau2.geneid.LENGTH.Rd’: ‘downloadLengthFromUCSC’ Missing link or links in documentation object ‘/loc/home/biocbuild/bbs-2.12-data-experiment/meat/geneLenDataBase.Rcheck/00_pkg_src/geneLenDataBase/man/bosTau2.genscan.LENGTH.Rd’: ‘downloadLengthFromUCSC’ Missing link or links in documentation object ‘/loc/home/biocbuild/bbs-2.12-data-experiment/meat/geneLenDataBase.Rcheck/00_pkg_src/geneLenDataBase/man/bosTau2.refGene.LENGTH.Rd’: ‘downloadLengthFromUCSC’ Missing link or links in documentation object ‘/loc/home/biocbuild/bbs-2.12-data-experiment/meat/geneLenDataBase.Rcheck/00_pkg_src/geneLenDataBase/man/bosTau2.sgpGene.LENGTH.Rd’: ‘downloadLengthFromUCSC’ Missing link or links in documentation object ‘/loc/home/biocbuild/bbs-2.12-data-experiment/meat/geneLenDataBase.Rcheck/00_pkg_src/geneLenDataBase/man/bosTau3.ensGene.LENGTH.Rd’: ‘downloadLengthFromUCSC’ Missing link or links in documentation object ‘/loc/home/biocbuild/bbs-2.12-data-experiment/meat/geneLenDataBase.Rcheck/00_pkg_src/geneLenDataBase/man/bosTau3.geneSymbol.LENGTH.Rd’: ‘downloadLengthFromUCSC’ Missing link or links in documentation object ‘/loc/home/biocbuild/bbs-2.12-data-experiment/meat/geneLenDataBase.Rcheck/00_pkg_src/geneLenDataBase/man/bosTau3.geneid.LENGTH.Rd’: ‘downloadLengthFromUCSC’ Missing link or links in documentation object ‘/loc/home/biocbuild/bbs-2.12-data-experiment/meat/geneLenDataBase.Rcheck/00_pkg_src/geneLenDataBase/man/bosTau3.genscan.LENGTH.Rd’: ‘downloadLengthFromUCSC’ Missing link or links in documentation object ‘/loc/home/biocbuild/bbs-2.12-data-experiment/meat/geneLenDataBase.Rcheck/00_pkg_src/geneLenDataBase/man/bosTau3.refGene.LENGTH.Rd’: ‘downloadLengthFromUCSC’ Missing link or links in documentation object ‘/loc/home/biocbuild/bbs-2.12-data-experiment/meat/geneLenDataBase.Rcheck/00_pkg_src/geneLenDataBase/man/bosTau3.sgpGene.LENGTH.Rd’: ‘downloadLengthFromUCSC’ Missing link or links in documentation object ‘/loc/home/biocbuild/bbs-2.12-data-experiment/meat/geneLenDataBase.Rcheck/00_pkg_src/geneLenDataBase/man/bosTau4.ensGene.LENGTH.Rd’: ‘downloadLengthFromUCSC’ Missing link or links in documentation object ‘/loc/home/biocbuild/bbs-2.12-data-experiment/meat/geneLenDataBase.Rcheck/00_pkg_src/geneLenDataBase/man/bosTau4.geneSymbol.LENGTH.Rd’: ‘downloadLengthFromUCSC’ Missing link or links in documentation object ‘/loc/home/biocbuild/bbs-2.12-data-experiment/meat/geneLenDataBase.Rcheck/00_pkg_src/geneLenDataBase/man/bosTau4.genscan.LENGTH.Rd’: ‘downloadLengthFromUCSC’ Missing link or links in documentation object ‘/loc/home/biocbuild/bbs-2.12-data-experiment/meat/geneLenDataBase.Rcheck/00_pkg_src/geneLenDataBase/man/bosTau4.nscanGene.LENGTH.Rd’: ‘downloadLengthFromUCSC’ Missing link or links in documentation object ‘/loc/home/biocbuild/bbs-2.12-data-experiment/meat/geneLenDataBase.Rcheck/00_pkg_src/geneLenDataBase/man/bosTau4.refGene.LENGTH.Rd’: ‘downloadLengthFromUCSC’ Missing link or links in documentation object ‘/loc/home/biocbuild/bbs-2.12-data-experiment/meat/geneLenDataBase.Rcheck/00_pkg_src/geneLenDataBase/man/braFlo1.xenoRefGene.LENGTH.Rd’: ‘downloadLengthFromUCSC’ Missing link or links in documentation object ‘/loc/home/biocbuild/bbs-2.12-data-experiment/meat/geneLenDataBase.Rcheck/00_pkg_src/geneLenDataBase/man/caeJap1.xenoRefGene.LENGTH.Rd’: ‘downloadLengthFromUCSC’ Missing link or links in documentation object ‘/loc/home/biocbuild/bbs-2.12-data-experiment/meat/geneLenDataBase.Rcheck/00_pkg_src/geneLenDataBase/man/caePb1.xenoRefGene.LENGTH.Rd’: ‘downloadLengthFromUCSC’ Missing link or links in documentation object ‘/loc/home/biocbuild/bbs-2.12-data-experiment/meat/geneLenDataBase.Rcheck/00_pkg_src/geneLenDataBase/man/caePb2.xenoRefGene.LENGTH.Rd’: ‘downloadLengthFromUCSC’ Missing link or links in documentation object ‘/loc/home/biocbuild/bbs-2.12-data-experiment/meat/geneLenDataBase.Rcheck/00_pkg_src/geneLenDataBase/man/caeRem2.xenoRefGene.LENGTH.Rd’: ‘downloadLengthFromUCSC’ Missing link or links in documentation object ‘/loc/home/biocbuild/bbs-2.12-data-experiment/meat/geneLenDataBase.Rcheck/00_pkg_src/geneLenDataBase/man/caeRem3.xenoRefGene.LENGTH.Rd’: ‘downloadLengthFromUCSC’ Missing link or links in documentation object ‘/loc/home/biocbuild/bbs-2.12-data-experiment/meat/geneLenDataBase.Rcheck/00_pkg_src/geneLenDataBase/man/calJac1.genscan.LENGTH.Rd’: ‘downloadLengthFromUCSC’ Missing link or links in documentation object ‘/loc/home/biocbuild/bbs-2.12-data-experiment/meat/geneLenDataBase.Rcheck/00_pkg_src/geneLenDataBase/man/calJac1.nscanGene.LENGTH.Rd’: ‘downloadLengthFromUCSC’ Missing link or links in documentation object ‘/loc/home/biocbuild/bbs-2.12-data-experiment/meat/geneLenDataBase.Rcheck/00_pkg_src/geneLenDataBase/man/calJac1.xenoRefGene.LENGTH.Rd’: ‘downloadLengthFromUCSC’ Missing link or links in documentation object ‘/loc/home/biocbuild/bbs-2.12-data-experiment/meat/geneLenDataBase.Rcheck/00_pkg_src/geneLenDataBase/man/canFam1.ensGene.LENGTH.Rd’: ‘downloadLengthFromUCSC’ Missing link or links in documentation object ‘/loc/home/biocbuild/bbs-2.12-data-experiment/meat/geneLenDataBase.Rcheck/00_pkg_src/geneLenDataBase/man/canFam1.geneSymbol.LENGTH.Rd’: ‘downloadLengthFromUCSC’ Missing link or links in documentation object ‘/loc/home/biocbuild/bbs-2.12-data-experiment/meat/geneLenDataBase.Rcheck/00_pkg_src/geneLenDataBase/man/canFam1.genscan.LENGTH.Rd’: ‘downloadLengthFromUCSC’ Missing link or links in documentation object ‘/loc/home/biocbuild/bbs-2.12-data-experiment/meat/geneLenDataBase.Rcheck/00_pkg_src/geneLenDataBase/man/canFam1.nscanGene.LENGTH.Rd’: ‘downloadLengthFromUCSC’ Missing link or links in documentation object ‘/loc/home/biocbuild/bbs-2.12-data-experiment/meat/geneLenDataBase.Rcheck/00_pkg_src/geneLenDataBase/man/canFam1.refGene.LENGTH.Rd’: ‘downloadLengthFromUCSC’ Missing link or links in documentation object ‘/loc/home/biocbuild/bbs-2.12-data-experiment/meat/geneLenDataBase.Rcheck/00_pkg_src/geneLenDataBase/man/canFam1.xenoRefGene.LENGTH.Rd’: ‘downloadLengthFromUCSC’ Missing link or links in documentation object ‘/loc/home/biocbuild/bbs-2.12-data-experiment/meat/geneLenDataBase.Rcheck/00_pkg_src/geneLenDataBase/man/canFam2.ensGene.LENGTH.Rd’: ‘downloadLengthFromUCSC’ Missing link or links in documentation object ‘/loc/home/biocbuild/bbs-2.12-data-experiment/meat/geneLenDataBase.Rcheck/00_pkg_src/geneLenDataBase/man/canFam2.geneSymbol.LENGTH.Rd’: ‘downloadLengthFromUCSC’ Missing link or links in documentation object ‘/loc/home/biocbuild/bbs-2.12-data-experiment/meat/geneLenDataBase.Rcheck/00_pkg_src/geneLenDataBase/man/canFam2.genscan.LENGTH.Rd’: ‘downloadLengthFromUCSC’ Missing link or links in documentation object ‘/loc/home/biocbuild/bbs-2.12-data-experiment/meat/geneLenDataBase.Rcheck/00_pkg_src/geneLenDataBase/man/canFam2.nscanGene.LENGTH.Rd’: ‘downloadLengthFromUCSC’ Missing link or links in documentation object ‘/loc/home/biocbuild/bbs-2.12-data-experiment/meat/geneLenDataBase.Rcheck/00_pkg_src/geneLenDataBase/man/canFam2.refGene.LENGTH.Rd’: ‘downloadLengthFromUCSC’ Missing link or links in documentation object ‘/loc/home/biocbuild/bbs-2.12-data-experiment/meat/geneLenDataBase.Rcheck/00_pkg_src/geneLenDataBase/man/canFam2.xenoRefGene.LENGTH.Rd’: ‘downloadLengthFromUCSC’ Missing link or links in documentation object ‘/loc/home/biocbuild/bbs-2.12-data-experiment/meat/geneLenDataBase.Rcheck/00_pkg_src/geneLenDataBase/man/cavPor3.ensGene.LENGTH.Rd’: ‘downloadLengthFromUCSC’ Missing link or links in documentation object ‘/loc/home/biocbuild/bbs-2.12-data-experiment/meat/geneLenDataBase.Rcheck/00_pkg_src/geneLenDataBase/man/cavPor3.genscan.LENGTH.Rd’: ‘downloadLengthFromUCSC’ Missing link or links in documentation object ‘/loc/home/biocbuild/bbs-2.12-data-experiment/meat/geneLenDataBase.Rcheck/00_pkg_src/geneLenDataBase/man/cavPor3.nscanGene.LENGTH.Rd’: ‘downloadLengthFromUCSC’ Missing link or links in documentation object ‘/loc/home/biocbuild/bbs-2.12-data-experiment/meat/geneLenDataBase.Rcheck/00_pkg_src/geneLenDataBase/man/cavPor3.xenoRefGene.LENGTH.Rd’: ‘downloadLengthFromUCSC’ Missing link or links in documentation object ‘/loc/home/biocbuild/bbs-2.12-data-experiment/meat/geneLenDataBase.Rcheck/00_pkg_src/geneLenDataBase/man/cb1.xenoRefGene.LENGTH.Rd’: ‘downloadLengthFromUCSC’ Missing link or links in documentation object ‘/loc/home/biocbuild/bbs-2.12-data-experiment/meat/geneLenDataBase.Rcheck/00_pkg_src/geneLenDataBase/man/cb3.xenoRefGene.LENGTH.Rd’: ‘downloadLengthFromUCSC’ Missing link or links in documentation object ‘/loc/home/biocbuild/bbs-2.12-data-experiment/meat/geneLenDataBase.Rcheck/00_pkg_src/geneLenDataBase/man/ce2.geneSymbol.LENGTH.Rd’: ‘downloadLengthFromUCSC’ Missing link or links in documentation object ‘/loc/home/biocbuild/bbs-2.12-data-experiment/meat/geneLenDataBase.Rcheck/00_pkg_src/geneLenDataBase/man/ce2.geneid.LENGTH.Rd’: ‘downloadLengthFromUCSC’ Missing link or links in documentation object ‘/loc/home/biocbuild/bbs-2.12-data-experiment/meat/geneLenDataBase.Rcheck/00_pkg_src/geneLenDataBase/man/ce2.refGene.LENGTH.Rd’: ‘downloadLengthFromUCSC’ Missing link or links in documentation object ‘/loc/home/biocbuild/bbs-2.12-data-experiment/meat/geneLenDataBase.Rcheck/00_pkg_src/geneLenDataBase/man/ce4.geneSymbol.LENGTH.Rd’: ‘downloadLengthFromUCSC’ Missing link or links in documentation object ‘/loc/home/biocbuild/bbs-2.12-data-experiment/meat/geneLenDataBase.Rcheck/00_pkg_src/geneLenDataBase/man/ce4.refGene.LENGTH.Rd’: ‘downloadLengthFromUCSC’ Missing link or links in documentation object ‘/loc/home/biocbuild/bbs-2.12-data-experiment/meat/geneLenDataBase.Rcheck/00_pkg_src/geneLenDataBase/man/ce4.xenoRefGene.LENGTH.Rd’: ‘downloadLengthFromUCSC’ Missing link or links in documentation object ‘/loc/home/biocbuild/bbs-2.12-data-experiment/meat/geneLenDataBase.Rcheck/00_pkg_src/geneLenDataBase/man/ce6.ensGene.LENGTH.Rd’: ‘downloadLengthFromUCSC’ Missing link or links in documentation object ‘/loc/home/biocbuild/bbs-2.12-data-experiment/meat/geneLenDataBase.Rcheck/00_pkg_src/geneLenDataBase/man/ce6.geneSymbol.LENGTH.Rd’: ‘downloadLengthFromUCSC’ Missing link or links in documentation object ‘/loc/home/biocbuild/bbs-2.12-data-experiment/meat/geneLenDataBase.Rcheck/00_pkg_src/geneLenDataBase/man/ce6.refGene.LENGTH.Rd’: ‘downloadLengthFromUCSC’ Missing link or links in documentation object ‘/loc/home/biocbuild/bbs-2.12-data-experiment/meat/geneLenDataBase.Rcheck/00_pkg_src/geneLenDataBase/man/ce6.xenoRefGene.LENGTH.Rd’: ‘downloadLengthFromUCSC’ Missing link or links in documentation object ‘/loc/home/biocbuild/bbs-2.12-data-experiment/meat/geneLenDataBase.Rcheck/00_pkg_src/geneLenDataBase/man/ci1.geneSymbol.LENGTH.Rd’: ‘downloadLengthFromUCSC’ Missing link or links in documentation object ‘/loc/home/biocbuild/bbs-2.12-data-experiment/meat/geneLenDataBase.Rcheck/00_pkg_src/geneLenDataBase/man/ci1.refGene.LENGTH.Rd’: ‘downloadLengthFromUCSC’ Missing link or links in documentation object ‘/loc/home/biocbuild/bbs-2.12-data-experiment/meat/geneLenDataBase.Rcheck/00_pkg_src/geneLenDataBase/man/ci1.xenoRefGene.LENGTH.Rd’: ‘downloadLengthFromUCSC’ Missing link or links in documentation object ‘/loc/home/biocbuild/bbs-2.12-data-experiment/meat/geneLenDataBase.Rcheck/00_pkg_src/geneLenDataBase/man/ci2.ensGene.LENGTH.Rd’: ‘downloadLengthFromUCSC’ Missing link or links in documentation object ‘/loc/home/biocbuild/bbs-2.12-data-experiment/meat/geneLenDataBase.Rcheck/00_pkg_src/geneLenDataBase/man/ci2.geneSymbol.LENGTH.Rd’: ‘downloadLengthFromUCSC’ Missing link or links in documentation object ‘/loc/home/biocbuild/bbs-2.12-data-experiment/meat/geneLenDataBase.Rcheck/00_pkg_src/geneLenDataBase/man/ci2.refGene.LENGTH.Rd’: ‘downloadLengthFromUCSC’ Missing link or links in documentation object ‘/loc/home/biocbuild/bbs-2.12-data-experiment/meat/geneLenDataBase.Rcheck/00_pkg_src/geneLenDataBase/man/ci2.xenoRefGene.LENGTH.Rd’: ‘downloadLengthFromUCSC’ Missing link or links in documentation object ‘/loc/home/biocbuild/bbs-2.12-data-experiment/meat/geneLenDataBase.Rcheck/00_pkg_src/geneLenDataBase/man/danRer3.ensGene.LENGTH.Rd’: ‘downloadLengthFromUCSC’ Missing link or links in documentation object ‘/loc/home/biocbuild/bbs-2.12-data-experiment/meat/geneLenDataBase.Rcheck/00_pkg_src/geneLenDataBase/man/danRer3.geneSymbol.LENGTH.Rd’: ‘downloadLengthFromUCSC’ Missing link or links in documentation object ‘/loc/home/biocbuild/bbs-2.12-data-experiment/meat/geneLenDataBase.Rcheck/00_pkg_src/geneLenDataBase/man/danRer3.refGene.LENGTH.Rd’: ‘downloadLengthFromUCSC’ Missing link or links in documentation object ‘/loc/home/biocbuild/bbs-2.12-data-experiment/meat/geneLenDataBase.Rcheck/00_pkg_src/geneLenDataBase/man/danRer4.ensGene.LENGTH.Rd’: ‘downloadLengthFromUCSC’ Missing link or links in documentation object ‘/loc/home/biocbuild/bbs-2.12-data-experiment/meat/geneLenDataBase.Rcheck/00_pkg_src/geneLenDataBase/man/danRer4.geneSymbol.LENGTH.Rd’: ‘downloadLengthFromUCSC’ Missing link or links in documentation object ‘/loc/home/biocbuild/bbs-2.12-data-experiment/meat/geneLenDataBase.Rcheck/00_pkg_src/geneLenDataBase/man/danRer4.genscan.LENGTH.Rd’: ‘downloadLengthFromUCSC’ Missing link or links in documentation object ‘/loc/home/biocbuild/bbs-2.12-data-experiment/meat/geneLenDataBase.Rcheck/00_pkg_src/geneLenDataBase/man/danRer4.nscanGene.LENGTH.Rd’: ‘downloadLengthFromUCSC’ Missing link or links in documentation object ‘/loc/home/biocbuild/bbs-2.12-data-experiment/meat/geneLenDataBase.Rcheck/00_pkg_src/geneLenDataBase/man/danRer4.refGene.LENGTH.Rd’: ‘downloadLengthFromUCSC’ Missing link or links in documentation object ‘/loc/home/biocbuild/bbs-2.12-data-experiment/meat/geneLenDataBase.Rcheck/00_pkg_src/geneLenDataBase/man/danRer5.ensGene.LENGTH.Rd’: ‘downloadLengthFromUCSC’ Missing link or links in documentation object ‘/loc/home/biocbuild/bbs-2.12-data-experiment/meat/geneLenDataBase.Rcheck/00_pkg_src/geneLenDataBase/man/danRer5.geneSymbol.LENGTH.Rd’: ‘downloadLengthFromUCSC’ Missing link or links in documentation object ‘/loc/home/biocbuild/bbs-2.12-data-experiment/meat/geneLenDataBase.Rcheck/00_pkg_src/geneLenDataBase/man/danRer5.refGene.LENGTH.Rd’: ‘downloadLengthFromUCSC’ Missing link or links in documentation object ‘/loc/home/biocbuild/bbs-2.12-data-experiment/meat/geneLenDataBase.Rcheck/00_pkg_src/geneLenDataBase/man/danRer5.vegaGene.LENGTH.Rd’: ‘downloadLengthFromUCSC’ Missing link or links in documentation object ‘/loc/home/biocbuild/bbs-2.12-data-experiment/meat/geneLenDataBase.Rcheck/00_pkg_src/geneLenDataBase/man/danRer5.vegaPseudoGene.LENGTH.Rd’: ‘downloadLengthFromUCSC’ Missing link or links in documentation object ‘/loc/home/biocbuild/bbs-2.12-data-experiment/meat/geneLenDataBase.Rcheck/00_pkg_src/geneLenDataBase/man/danRer6.ensGene.LENGTH.Rd’: ‘downloadLengthFromUCSC’ Missing link or links in documentation object ‘/loc/home/biocbuild/bbs-2.12-data-experiment/meat/geneLenDataBase.Rcheck/00_pkg_src/geneLenDataBase/man/danRer6.geneSymbol.LENGTH.Rd’: ‘downloadLengthFromUCSC’ Missing link or links in documentation object ‘/loc/home/biocbuild/bbs-2.12-data-experiment/meat/geneLenDataBase.Rcheck/00_pkg_src/geneLenDataBase/man/danRer6.refGene.LENGTH.Rd’: ‘downloadLengthFromUCSC’ Missing link or links in documentation object ‘/loc/home/biocbuild/bbs-2.12-data-experiment/meat/geneLenDataBase.Rcheck/00_pkg_src/geneLenDataBase/man/danRer6.xenoRefGene.LENGTH.Rd’: ‘downloadLengthFromUCSC’ Missing link or links in documentation object ‘/loc/home/biocbuild/bbs-2.12-data-experiment/meat/geneLenDataBase.Rcheck/00_pkg_src/geneLenDataBase/man/dm1.geneSymbol.LENGTH.Rd’: ‘downloadLengthFromUCSC’ Missing link or links in documentation object ‘/loc/home/biocbuild/bbs-2.12-data-experiment/meat/geneLenDataBase.Rcheck/00_pkg_src/geneLenDataBase/man/dm1.genscan.LENGTH.Rd’: ‘downloadLengthFromUCSC’ Missing link or links in documentation object ‘/loc/home/biocbuild/bbs-2.12-data-experiment/meat/geneLenDataBase.Rcheck/00_pkg_src/geneLenDataBase/man/dm1.refGene.LENGTH.Rd’: ‘downloadLengthFromUCSC’ Missing link or links in documentation object ‘/loc/home/biocbuild/bbs-2.12-data-experiment/meat/geneLenDataBase.Rcheck/00_pkg_src/geneLenDataBase/man/dm2.geneSymbol.LENGTH.Rd’: ‘downloadLengthFromUCSC’ Missing link or links in documentation object ‘/loc/home/biocbuild/bbs-2.12-data-experiment/meat/geneLenDataBase.Rcheck/00_pkg_src/geneLenDataBase/man/dm2.geneid.LENGTH.Rd’: ‘downloadLengthFromUCSC’ Missing link or links in documentation object ‘/loc/home/biocbuild/bbs-2.12-data-experiment/meat/geneLenDataBase.Rcheck/00_pkg_src/geneLenDataBase/man/dm2.genscan.LENGTH.Rd’: ‘downloadLengthFromUCSC’ Missing link or links in documentation object ‘/loc/home/biocbuild/bbs-2.12-data-experiment/meat/geneLenDataBase.Rcheck/00_pkg_src/geneLenDataBase/man/dm2.nscanGene.LENGTH.Rd’: ‘downloadLengthFromUCSC’ Missing link or links in documentation object ‘/loc/home/biocbuild/bbs-2.12-data-experiment/meat/geneLenDataBase.Rcheck/00_pkg_src/geneLenDataBase/man/dm2.refGene.LENGTH.Rd’: ‘downloadLengthFromUCSC’ Missing link or links in documentation object ‘/loc/home/biocbuild/bbs-2.12-data-experiment/meat/geneLenDataBase.Rcheck/00_pkg_src/geneLenDataBase/man/dm3.geneSymbol.LENGTH.Rd’: ‘downloadLengthFromUCSC’ Missing link or links in documentation object ‘/loc/home/biocbuild/bbs-2.12-data-experiment/meat/geneLenDataBase.Rcheck/00_pkg_src/geneLenDataBase/man/dm3.nscanPasaGene.LENGTH.Rd’: ‘downloadLengthFromUCSC’ Missing link or links in documentation object ‘/loc/home/biocbuild/bbs-2.12-data-experiment/meat/geneLenDataBase.Rcheck/00_pkg_src/geneLenDataBase/man/dm3.refGene.LENGTH.Rd’: ‘downloadLengthFromUCSC’ Missing link or links in documentation object ‘/loc/home/biocbuild/bbs-2.12-data-experiment/meat/geneLenDataBase.Rcheck/00_pkg_src/geneLenDataBase/man/dp2.genscan.LENGTH.Rd’: ‘downloadLengthFromUCSC’ Missing link or links in documentation object ‘/loc/home/biocbuild/bbs-2.12-data-experiment/meat/geneLenDataBase.Rcheck/00_pkg_src/geneLenDataBase/man/dp2.xenoRefGene.LENGTH.Rd’: ‘downloadLengthFromUCSC’ Missing link or links in documentation object ‘/loc/home/biocbuild/bbs-2.12-data-experiment/meat/geneLenDataBase.Rcheck/00_pkg_src/geneLenDataBase/man/dp3.geneid.LENGTH.Rd’: ‘downloadLengthFromUCSC’ Missing link or links in documentation object ‘/loc/home/biocbuild/bbs-2.12-data-experiment/meat/geneLenDataBase.Rcheck/00_pkg_src/geneLenDataBase/man/dp3.genscan.LENGTH.Rd’: ‘downloadLengthFromUCSC’ Missing link or links in documentation object ‘/loc/home/biocbuild/bbs-2.12-data-experiment/meat/geneLenDataBase.Rcheck/00_pkg_src/geneLenDataBase/man/dp3.xenoRefGene.LENGTH.Rd’: ‘downloadLengthFromUCSC’ Missing link or links in documentation object ‘/loc/home/biocbuild/bbs-2.12-data-experiment/meat/geneLenDataBase.Rcheck/00_pkg_src/geneLenDataBase/man/droAna1.geneid.LENGTH.Rd’: ‘downloadLengthFromUCSC’ Missing link or links in documentation object ‘/loc/home/biocbuild/bbs-2.12-data-experiment/meat/geneLenDataBase.Rcheck/00_pkg_src/geneLenDataBase/man/droAna1.genscan.LENGTH.Rd’: ‘downloadLengthFromUCSC’ Missing link or links in documentation object ‘/loc/home/biocbuild/bbs-2.12-data-experiment/meat/geneLenDataBase.Rcheck/00_pkg_src/geneLenDataBase/man/droAna1.xenoRefGene.LENGTH.Rd’: ‘downloadLengthFromUCSC’ Missing link or links in documentation object ‘/loc/home/biocbuild/bbs-2.12-data-experiment/meat/geneLenDataBase.Rcheck/00_pkg_src/geneLenDataBase/man/droAna2.genscan.LENGTH.Rd’: ‘downloadLengthFromUCSC’ Missing link or links in documentation object ‘/loc/home/biocbuild/bbs-2.12-data-experiment/meat/geneLenDataBase.Rcheck/00_pkg_src/geneLenDataBase/man/droAna2.xenoRefGene.LENGTH.Rd’: ‘downloadLengthFromUCSC’ Missing link or links in documentation object ‘/loc/home/biocbuild/bbs-2.12-data-experiment/meat/geneLenDataBase.Rcheck/00_pkg_src/geneLenDataBase/man/droEre1.genscan.LENGTH.Rd’: ‘downloadLengthFromUCSC’ Missing link or links in documentation object ‘/loc/home/biocbuild/bbs-2.12-data-experiment/meat/geneLenDataBase.Rcheck/00_pkg_src/geneLenDataBase/man/droEre1.xenoRefGene.LENGTH.Rd’: ‘downloadLengthFromUCSC’ Missing link or links in documentation object ‘/loc/home/biocbuild/bbs-2.12-data-experiment/meat/geneLenDataBase.Rcheck/00_pkg_src/geneLenDataBase/man/droGri1.genscan.LENGTH.Rd’: ‘downloadLengthFromUCSC’ Missing link or links in documentation object ‘/loc/home/biocbuild/bbs-2.12-data-experiment/meat/geneLenDataBase.Rcheck/00_pkg_src/geneLenDataBase/man/droGri1.xenoRefGene.LENGTH.Rd’: ‘downloadLengthFromUCSC’ Missing link or links in documentation object ‘/loc/home/biocbuild/bbs-2.12-data-experiment/meat/geneLenDataBase.Rcheck/00_pkg_src/geneLenDataBase/man/droMoj1.geneid.LENGTH.Rd’: ‘downloadLengthFromUCSC’ Missing link or links in documentation object ‘/loc/home/biocbuild/bbs-2.12-data-experiment/meat/geneLenDataBase.Rcheck/00_pkg_src/geneLenDataBase/man/droMoj1.genscan.LENGTH.Rd’: ‘downloadLengthFromUCSC’ Missing link or links in documentation object ‘/loc/home/biocbuild/bbs-2.12-data-experiment/meat/geneLenDataBase.Rcheck/00_pkg_src/geneLenDataBase/man/droMoj1.xenoRefGene.LENGTH.Rd’: ‘downloadLengthFromUCSC’ Missing link or links in documentation object ‘/loc/home/biocbuild/bbs-2.12-data-experiment/meat/geneLenDataBase.Rcheck/00_pkg_src/geneLenDataBase/man/droMoj2.genscan.LENGTH.Rd’: ‘downloadLengthFromUCSC’ Missing link or links in documentation object ‘/loc/home/biocbuild/bbs-2.12-data-experiment/meat/geneLenDataBase.Rcheck/00_pkg_src/geneLenDataBase/man/droMoj2.xenoRefGene.LENGTH.Rd’: ‘downloadLengthFromUCSC’ Missing link or links in documentation object ‘/loc/home/biocbuild/bbs-2.12-data-experiment/meat/geneLenDataBase.Rcheck/00_pkg_src/geneLenDataBase/man/droPer1.genscan.LENGTH.Rd’: ‘downloadLengthFromUCSC’ Missing link or links in documentation object ‘/loc/home/biocbuild/bbs-2.12-data-experiment/meat/geneLenDataBase.Rcheck/00_pkg_src/geneLenDataBase/man/droPer1.xenoRefGene.LENGTH.Rd’: ‘downloadLengthFromUCSC’ Missing link or links in documentation object ‘/loc/home/biocbuild/bbs-2.12-data-experiment/meat/geneLenDataBase.Rcheck/00_pkg_src/geneLenDataBase/man/droSec1.genscan.LENGTH.Rd’: ‘downloadLengthFromUCSC’ Missing link or links in documentation object ‘/loc/home/biocbuild/bbs-2.12-data-experiment/meat/geneLenDataBase.Rcheck/00_pkg_src/geneLenDataBase/man/droSec1.xenoRefGene.LENGTH.Rd’: ‘downloadLengthFromUCSC’ Missing link or links in documentation object ‘/loc/home/biocbuild/bbs-2.12-data-experiment/meat/geneLenDataBase.Rcheck/00_pkg_src/geneLenDataBase/man/droSim1.geneid.LENGTH.Rd’: ‘downloadLengthFromUCSC’ Missing link or links in documentation object ‘/loc/home/biocbuild/bbs-2.12-data-experiment/meat/geneLenDataBase.Rcheck/00_pkg_src/geneLenDataBase/man/droSim1.genscan.LENGTH.Rd’: ‘downloadLengthFromUCSC’ Missing link or links in documentation object ‘/loc/home/biocbuild/bbs-2.12-data-experiment/meat/geneLenDataBase.Rcheck/00_pkg_src/geneLenDataBase/man/droSim1.xenoRefGene.LENGTH.Rd’: ‘downloadLengthFromUCSC’ Missing link or links in documentation object ‘/loc/home/biocbuild/bbs-2.12-data-experiment/meat/geneLenDataBase.Rcheck/00_pkg_src/geneLenDataBase/man/droVir1.geneid.LENGTH.Rd’: ‘downloadLengthFromUCSC’ Missing link or links in documentation object ‘/loc/home/biocbuild/bbs-2.12-data-experiment/meat/geneLenDataBase.Rcheck/00_pkg_src/geneLenDataBase/man/droVir1.genscan.LENGTH.Rd’: ‘downloadLengthFromUCSC’ Missing link or links in documentation object ‘/loc/home/biocbuild/bbs-2.12-data-experiment/meat/geneLenDataBase.Rcheck/00_pkg_src/geneLenDataBase/man/droVir1.xenoRefGene.LENGTH.Rd’: ‘downloadLengthFromUCSC’ Missing link or links in documentation object ‘/loc/home/biocbuild/bbs-2.12-data-experiment/meat/geneLenDataBase.Rcheck/00_pkg_src/geneLenDataBase/man/droVir2.genscan.LENGTH.Rd’: ‘downloadLengthFromUCSC’ Missing link or links in documentation object ‘/loc/home/biocbuild/bbs-2.12-data-experiment/meat/geneLenDataBase.Rcheck/00_pkg_src/geneLenDataBase/man/droVir2.xenoRefGene.LENGTH.Rd’: ‘downloadLengthFromUCSC’ Missing link or links in documentation object ‘/loc/home/biocbuild/bbs-2.12-data-experiment/meat/geneLenDataBase.Rcheck/00_pkg_src/geneLenDataBase/man/droYak1.geneid.LENGTH.Rd’: ‘downloadLengthFromUCSC’ Missing link or links in documentation object ‘/loc/home/biocbuild/bbs-2.12-data-experiment/meat/geneLenDataBase.Rcheck/00_pkg_src/geneLenDataBase/man/droYak1.genscan.LENGTH.Rd’: ‘downloadLengthFromUCSC’ Missing link or links in documentation object ‘/loc/home/biocbuild/bbs-2.12-data-experiment/meat/geneLenDataBase.Rcheck/00_pkg_src/geneLenDataBase/man/droYak1.xenoRefGene.LENGTH.Rd’: ‘downloadLengthFromUCSC’ Missing link or links in documentation object ‘/loc/home/biocbuild/bbs-2.12-data-experiment/meat/geneLenDataBase.Rcheck/00_pkg_src/geneLenDataBase/man/droYak2.genscan.LENGTH.Rd’: ‘downloadLengthFromUCSC’ Missing link or links in documentation object ‘/loc/home/biocbuild/bbs-2.12-data-experiment/meat/geneLenDataBase.Rcheck/00_pkg_src/geneLenDataBase/man/droYak2.xenoRefGene.LENGTH.Rd’: ‘downloadLengthFromUCSC’ Missing link or links in documentation object ‘/loc/home/biocbuild/bbs-2.12-data-experiment/meat/geneLenDataBase.Rcheck/00_pkg_src/geneLenDataBase/man/equCab1.geneSymbol.LENGTH.Rd’: ‘downloadLengthFromUCSC’ Missing link or links in documentation object ‘/loc/home/biocbuild/bbs-2.12-data-experiment/meat/geneLenDataBase.Rcheck/00_pkg_src/geneLenDataBase/man/equCab1.geneid.LENGTH.Rd’: ‘downloadLengthFromUCSC’ Missing link or links in documentation object ‘/loc/home/biocbuild/bbs-2.12-data-experiment/meat/geneLenDataBase.Rcheck/00_pkg_src/geneLenDataBase/man/equCab1.nscanGene.LENGTH.Rd’: ‘downloadLengthFromUCSC’ Missing link or links in documentation object ‘/loc/home/biocbuild/bbs-2.12-data-experiment/meat/geneLenDataBase.Rcheck/00_pkg_src/geneLenDataBase/man/equCab1.refGene.LENGTH.Rd’: ‘downloadLengthFromUCSC’ Missing link or links in documentation object ‘/loc/home/biocbuild/bbs-2.12-data-experiment/meat/geneLenDataBase.Rcheck/00_pkg_src/geneLenDataBase/man/equCab1.sgpGene.LENGTH.Rd’: ‘downloadLengthFromUCSC’ Missing link or links in documentation object ‘/loc/home/biocbuild/bbs-2.12-data-experiment/meat/geneLenDataBase.Rcheck/00_pkg_src/geneLenDataBase/man/equCab2.ensGene.LENGTH.Rd’: ‘downloadLengthFromUCSC’ Missing link or links in documentation object ‘/loc/home/biocbuild/bbs-2.12-data-experiment/meat/geneLenDataBase.Rcheck/00_pkg_src/geneLenDataBase/man/equCab2.geneSymbol.LENGTH.Rd’: ‘downloadLengthFromUCSC’ Missing link or links in documentation object ‘/loc/home/biocbuild/bbs-2.12-data-experiment/meat/geneLenDataBase.Rcheck/00_pkg_src/geneLenDataBase/man/equCab2.nscanGene.LENGTH.Rd’: ‘downloadLengthFromUCSC’ Missing link or links in documentation object ‘/loc/home/biocbuild/bbs-2.12-data-experiment/meat/geneLenDataBase.Rcheck/00_pkg_src/geneLenDataBase/man/equCab2.refGene.LENGTH.Rd’: ‘downloadLengthFromUCSC’ Missing link or links in documentation object ‘/loc/home/biocbuild/bbs-2.12-data-experiment/meat/geneLenDataBase.Rcheck/00_pkg_src/geneLenDataBase/man/equCab2.xenoRefGene.LENGTH.Rd’: ‘downloadLengthFromUCSC’ Missing link or links in documentation object ‘/loc/home/biocbuild/bbs-2.12-data-experiment/meat/geneLenDataBase.Rcheck/00_pkg_src/geneLenDataBase/man/felCat3.ensGene.LENGTH.Rd’: ‘downloadLengthFromUCSC’ Missing link or links in documentation object ‘/loc/home/biocbuild/bbs-2.12-data-experiment/meat/geneLenDataBase.Rcheck/00_pkg_src/geneLenDataBase/man/felCat3.geneSymbol.LENGTH.Rd’: ‘downloadLengthFromUCSC’ Missing link or links in documentation object ‘/loc/home/biocbuild/bbs-2.12-data-experiment/meat/geneLenDataBase.Rcheck/00_pkg_src/geneLenDataBase/man/felCat3.geneid.LENGTH.Rd’: ‘downloadLengthFromUCSC’ Missing link or links in documentation object ‘/loc/home/biocbuild/bbs-2.12-data-experiment/meat/geneLenDataBase.Rcheck/00_pkg_src/geneLenDataBase/man/felCat3.genscan.LENGTH.Rd’: ‘downloadLengthFromUCSC’ Missing link or links in documentation object ‘/loc/home/biocbuild/bbs-2.12-data-experiment/meat/geneLenDataBase.Rcheck/00_pkg_src/geneLenDataBase/man/felCat3.nscanGene.LENGTH.Rd’: ‘downloadLengthFromUCSC’ Missing link or links in documentation object ‘/loc/home/biocbuild/bbs-2.12-data-experiment/meat/geneLenDataBase.Rcheck/00_pkg_src/geneLenDataBase/man/felCat3.refGene.LENGTH.Rd’: ‘downloadLengthFromUCSC’ Missing link or links in documentation object ‘/loc/home/biocbuild/bbs-2.12-data-experiment/meat/geneLenDataBase.Rcheck/00_pkg_src/geneLenDataBase/man/felCat3.sgpGene.LENGTH.Rd’: ‘downloadLengthFromUCSC’ Missing link or links in documentation object ‘/loc/home/biocbuild/bbs-2.12-data-experiment/meat/geneLenDataBase.Rcheck/00_pkg_src/geneLenDataBase/man/felCat3.xenoRefGene.LENGTH.Rd’: ‘downloadLengthFromUCSC’ Missing link or links in documentation object ‘/loc/home/biocbuild/bbs-2.12-data-experiment/meat/geneLenDataBase.Rcheck/00_pkg_src/geneLenDataBase/man/fr1.ensGene.LENGTH.Rd’: ‘downloadLengthFromUCSC’ Missing link or links in documentation object ‘/loc/home/biocbuild/bbs-2.12-data-experiment/meat/geneLenDataBase.Rcheck/00_pkg_src/geneLenDataBase/man/fr1.genscan.LENGTH.Rd’: ‘downloadLengthFromUCSC’ Missing link or links in documentation object ‘/loc/home/biocbuild/bbs-2.12-data-experiment/meat/geneLenDataBase.Rcheck/00_pkg_src/geneLenDataBase/man/fr2.ensGene.LENGTH.Rd’: ‘downloadLengthFromUCSC’ Missing link or links in documentation object ‘/loc/home/biocbuild/bbs-2.12-data-experiment/meat/geneLenDataBase.Rcheck/00_pkg_src/geneLenDataBase/man/galGal2.ensGene.LENGTH.Rd’: ‘downloadLengthFromUCSC’ Missing link or links in documentation object ‘/loc/home/biocbuild/bbs-2.12-data-experiment/meat/geneLenDataBase.Rcheck/00_pkg_src/geneLenDataBase/man/galGal2.geneSymbol.LENGTH.Rd’: ‘downloadLengthFromUCSC’ Missing link or links in documentation object ‘/loc/home/biocbuild/bbs-2.12-data-experiment/meat/geneLenDataBase.Rcheck/00_pkg_src/geneLenDataBase/man/galGal2.geneid.LENGTH.Rd’: ‘downloadLengthFromUCSC’ Missing link or links in documentation object ‘/loc/home/biocbuild/bbs-2.12-data-experiment/meat/geneLenDataBase.Rcheck/00_pkg_src/geneLenDataBase/man/galGal2.genscan.LENGTH.Rd’: ‘downloadLengthFromUCSC’ Missing link or links in documentation object ‘/loc/home/biocbuild/bbs-2.12-data-experiment/meat/geneLenDataBase.Rcheck/00_pkg_src/geneLenDataBase/man/galGal2.refGene.LENGTH.Rd’: ‘downloadLengthFromUCSC’ Missing link or links in documentation object ‘/loc/home/biocbuild/bbs-2.12-data-experiment/meat/geneLenDataBase.Rcheck/00_pkg_src/geneLenDataBase/man/galGal2.sgpGene.LENGTH.Rd’: ‘downloadLengthFromUCSC’ Missing link or links in documentation object ‘/loc/home/biocbuild/bbs-2.12-data-experiment/meat/geneLenDataBase.Rcheck/00_pkg_src/geneLenDataBase/man/galGal3.ensGene.LENGTH.Rd’: ‘downloadLengthFromUCSC’ Missing link or links in documentation object ‘/loc/home/biocbuild/bbs-2.12-data-experiment/meat/geneLenDataBase.Rcheck/00_pkg_src/geneLenDataBase/man/galGal3.geneSymbol.LENGTH.Rd’: ‘downloadLengthFromUCSC’ Missing link or links in documentation object ‘/loc/home/biocbuild/bbs-2.12-data-experiment/meat/geneLenDataBase.Rcheck/00_pkg_src/geneLenDataBase/man/galGal3.genscan.LENGTH.Rd’: ‘downloadLengthFromUCSC’ Missing link or links in documentation object ‘/loc/home/biocbuild/bbs-2.12-data-experiment/meat/geneLenDataBase.Rcheck/00_pkg_src/geneLenDataBase/man/galGal3.nscanGene.LENGTH.Rd’: ‘downloadLengthFromUCSC’ Missing link or links in documentation object ‘/loc/home/biocbuild/bbs-2.12-data-experiment/meat/geneLenDataBase.Rcheck/00_pkg_src/geneLenDataBase/man/galGal3.refGene.LENGTH.Rd’: ‘downloadLengthFromUCSC’ Missing link or links in documentation object ‘/loc/home/biocbuild/bbs-2.12-data-experiment/meat/geneLenDataBase.Rcheck/00_pkg_src/geneLenDataBase/man/galGal3.xenoRefGene.LENGTH.Rd’: ‘downloadLengthFromUCSC’ Missing link or links in documentation object ‘/loc/home/biocbuild/bbs-2.12-data-experiment/meat/geneLenDataBase.Rcheck/00_pkg_src/geneLenDataBase/man/gasAcu1.ensGene.LENGTH.Rd’: ‘downloadLengthFromUCSC’ Missing link or links in documentation object ‘/loc/home/biocbuild/bbs-2.12-data-experiment/meat/geneLenDataBase.Rcheck/00_pkg_src/geneLenDataBase/man/gasAcu1.nscanGene.LENGTH.Rd’: ‘downloadLengthFromUCSC’ Missing link or links in documentation object ‘/loc/home/biocbuild/bbs-2.12-data-experiment/meat/geneLenDataBase.Rcheck/00_pkg_src/geneLenDataBase/man/hg16.acembly.LENGTH.Rd’: ‘downloadLengthFromUCSC’ Missing link or links in documentation object ‘/loc/home/biocbuild/bbs-2.12-data-experiment/meat/geneLenDataBase.Rcheck/00_pkg_src/geneLenDataBase/man/hg16.ensGene.LENGTH.Rd’: ‘downloadLengthFromUCSC’ Missing link or links in documentation object ‘/loc/home/biocbuild/bbs-2.12-data-experiment/meat/geneLenDataBase.Rcheck/00_pkg_src/geneLenDataBase/man/hg16.exoniphy.LENGTH.Rd’: ‘downloadLengthFromUCSC’ Missing link or links in documentation object ‘/loc/home/biocbuild/bbs-2.12-data-experiment/meat/geneLenDataBase.Rcheck/00_pkg_src/geneLenDataBase/man/hg16.geneSymbol.LENGTH.Rd’: ‘downloadLengthFromUCSC’ Missing link or links in documentation object ‘/loc/home/biocbuild/bbs-2.12-data-experiment/meat/geneLenDataBase.Rcheck/00_pkg_src/geneLenDataBase/man/hg16.geneid.LENGTH.Rd’: ‘downloadLengthFromUCSC’ Missing link or links in documentation object ‘/loc/home/biocbuild/bbs-2.12-data-experiment/meat/geneLenDataBase.Rcheck/00_pkg_src/geneLenDataBase/man/hg16.genscan.LENGTH.Rd’: ‘downloadLengthFromUCSC’ Missing link or links in documentation object ‘/loc/home/biocbuild/bbs-2.12-data-experiment/meat/geneLenDataBase.Rcheck/00_pkg_src/geneLenDataBase/man/hg16.knownGene.LENGTH.Rd’: ‘downloadLengthFromUCSC’ Missing link or links in documentation object ‘/loc/home/biocbuild/bbs-2.12-data-experiment/meat/geneLenDataBase.Rcheck/00_pkg_src/geneLenDataBase/man/hg16.refGene.LENGTH.Rd’: ‘downloadLengthFromUCSC’ Missing link or links in documentation object ‘/loc/home/biocbuild/bbs-2.12-data-experiment/meat/geneLenDataBase.Rcheck/00_pkg_src/geneLenDataBase/man/hg16.sgpGene.LENGTH.Rd’: ‘downloadLengthFromUCSC’ Missing link or links in documentation object ‘/loc/home/biocbuild/bbs-2.12-data-experiment/meat/geneLenDataBase.Rcheck/00_pkg_src/geneLenDataBase/man/hg17.acembly.LENGTH.Rd’: ‘downloadLengthFromUCSC’ Missing link or links in documentation object ‘/loc/home/biocbuild/bbs-2.12-data-experiment/meat/geneLenDataBase.Rcheck/00_pkg_src/geneLenDataBase/man/hg17.acescan.LENGTH.Rd’: ‘downloadLengthFromUCSC’ Missing link or links in documentation object ‘/loc/home/biocbuild/bbs-2.12-data-experiment/meat/geneLenDataBase.Rcheck/00_pkg_src/geneLenDataBase/man/hg17.ccdsGene.LENGTH.Rd’: ‘downloadLengthFromUCSC’ Missing link or links in documentation object ‘/loc/home/biocbuild/bbs-2.12-data-experiment/meat/geneLenDataBase.Rcheck/00_pkg_src/geneLenDataBase/man/hg17.ensGene.LENGTH.Rd’: ‘downloadLengthFromUCSC’ Missing link or links in documentation object ‘/loc/home/biocbuild/bbs-2.12-data-experiment/meat/geneLenDataBase.Rcheck/00_pkg_src/geneLenDataBase/man/hg17.exoniphy.LENGTH.Rd’: ‘downloadLengthFromUCSC’ Missing link or links in documentation object ‘/loc/home/biocbuild/bbs-2.12-data-experiment/meat/geneLenDataBase.Rcheck/00_pkg_src/geneLenDataBase/man/hg17.geneSymbol.LENGTH.Rd’: ‘downloadLengthFromUCSC’ Missing link or links in documentation object ‘/loc/home/biocbuild/bbs-2.12-data-experiment/meat/geneLenDataBase.Rcheck/00_pkg_src/geneLenDataBase/man/hg17.geneid.LENGTH.Rd’: ‘downloadLengthFromUCSC’ Missing link or links in documentation object ‘/loc/home/biocbuild/bbs-2.12-data-experiment/meat/geneLenDataBase.Rcheck/00_pkg_src/geneLenDataBase/man/hg17.genscan.LENGTH.Rd’: ‘downloadLengthFromUCSC’ Missing link or links in documentation object ‘/loc/home/biocbuild/bbs-2.12-data-experiment/meat/geneLenDataBase.Rcheck/00_pkg_src/geneLenDataBase/man/hg17.knownGene.LENGTH.Rd’: ‘downloadLengthFromUCSC’ Missing link or links in documentation object ‘/loc/home/biocbuild/bbs-2.12-data-experiment/meat/geneLenDataBase.Rcheck/00_pkg_src/geneLenDataBase/man/hg17.refGene.LENGTH.Rd’: ‘downloadLengthFromUCSC’ Missing link or links in documentation object ‘/loc/home/biocbuild/bbs-2.12-data-experiment/meat/geneLenDataBase.Rcheck/00_pkg_src/geneLenDataBase/man/hg17.sgpGene.LENGTH.Rd’: ‘downloadLengthFromUCSC’ Missing link or links in documentation object ‘/loc/home/biocbuild/bbs-2.12-data-experiment/meat/geneLenDataBase.Rcheck/00_pkg_src/geneLenDataBase/man/hg17.vegaGene.LENGTH.Rd’: ‘downloadLengthFromUCSC’ Missing link or links in documentation object ‘/loc/home/biocbuild/bbs-2.12-data-experiment/meat/geneLenDataBase.Rcheck/00_pkg_src/geneLenDataBase/man/hg17.vegaPseudoGene.LENGTH.Rd’: ‘downloadLengthFromUCSC’ Missing link or links in documentation object ‘/loc/home/biocbuild/bbs-2.12-data-experiment/meat/geneLenDataBase.Rcheck/00_pkg_src/geneLenDataBase/man/hg17.xenoRefGene.LENGTH.Rd’: ‘downloadLengthFromUCSC’ Missing link or links in documentation object ‘/loc/home/biocbuild/bbs-2.12-data-experiment/meat/geneLenDataBase.Rcheck/00_pkg_src/geneLenDataBase/man/hg18.acembly.LENGTH.Rd’: ‘downloadLengthFromUCSC’ Missing link or links in documentation object ‘/loc/home/biocbuild/bbs-2.12-data-experiment/meat/geneLenDataBase.Rcheck/00_pkg_src/geneLenDataBase/man/hg18.acescan.LENGTH.Rd’: ‘downloadLengthFromUCSC’ Missing link or links in documentation object ‘/loc/home/biocbuild/bbs-2.12-data-experiment/meat/geneLenDataBase.Rcheck/00_pkg_src/geneLenDataBase/man/hg18.ccdsGene.LENGTH.Rd’: ‘downloadLengthFromUCSC’ Missing link or links in documentation object ‘/loc/home/biocbuild/bbs-2.12-data-experiment/meat/geneLenDataBase.Rcheck/00_pkg_src/geneLenDataBase/man/hg18.ensGene.LENGTH.Rd’: ‘downloadLengthFromUCSC’ Missing link or links in documentation object ‘/loc/home/biocbuild/bbs-2.12-data-experiment/meat/geneLenDataBase.Rcheck/00_pkg_src/geneLenDataBase/man/hg18.exoniphy.LENGTH.Rd’: ‘downloadLengthFromUCSC’ Missing link or links in documentation object ‘/loc/home/biocbuild/bbs-2.12-data-experiment/meat/geneLenDataBase.Rcheck/00_pkg_src/geneLenDataBase/man/hg18.geneSymbol.LENGTH.Rd’: ‘downloadLengthFromUCSC’ Missing link or links in documentation object ‘/loc/home/biocbuild/bbs-2.12-data-experiment/meat/geneLenDataBase.Rcheck/00_pkg_src/geneLenDataBase/man/hg18.geneid.LENGTH.Rd’: ‘downloadLengthFromUCSC’ Missing link or links in documentation object ‘/loc/home/biocbuild/bbs-2.12-data-experiment/meat/geneLenDataBase.Rcheck/00_pkg_src/geneLenDataBase/man/hg18.genscan.LENGTH.Rd’: ‘downloadLengthFromUCSC’ Missing link or links in documentation object ‘/loc/home/biocbuild/bbs-2.12-data-experiment/meat/geneLenDataBase.Rcheck/00_pkg_src/geneLenDataBase/man/hg18.knownGene.LENGTH.Rd’: ‘downloadLengthFromUCSC’ Missing link or links in documentation object ‘/loc/home/biocbuild/bbs-2.12-data-experiment/meat/geneLenDataBase.Rcheck/00_pkg_src/geneLenDataBase/man/hg18.knownGeneOld3.LENGTH.Rd’: ‘downloadLengthFromUCSC’ Missing link or links in documentation object ‘/loc/home/biocbuild/bbs-2.12-data-experiment/meat/geneLenDataBase.Rcheck/00_pkg_src/geneLenDataBase/man/hg18.refGene.LENGTH.Rd’: ‘downloadLengthFromUCSC’ Missing link or links in documentation object ‘/loc/home/biocbuild/bbs-2.12-data-experiment/meat/geneLenDataBase.Rcheck/00_pkg_src/geneLenDataBase/man/hg18.sgpGene.LENGTH.Rd’: ‘downloadLengthFromUCSC’ Missing link or links in documentation object ‘/loc/home/biocbuild/bbs-2.12-data-experiment/meat/geneLenDataBase.Rcheck/00_pkg_src/geneLenDataBase/man/hg18.sibGene.LENGTH.Rd’: ‘downloadLengthFromUCSC’ Missing link or links in documentation object ‘/loc/home/biocbuild/bbs-2.12-data-experiment/meat/geneLenDataBase.Rcheck/00_pkg_src/geneLenDataBase/man/hg18.xenoRefGene.LENGTH.Rd’: ‘downloadLengthFromUCSC’ Missing link or links in documentation object ‘/loc/home/biocbuild/bbs-2.12-data-experiment/meat/geneLenDataBase.Rcheck/00_pkg_src/geneLenDataBase/man/hg19.ccdsGene.LENGTH.Rd’: ‘downloadLengthFromUCSC’ Missing link or links in documentation object ‘/loc/home/biocbuild/bbs-2.12-data-experiment/meat/geneLenDataBase.Rcheck/00_pkg_src/geneLenDataBase/man/hg19.ensGene.LENGTH.Rd’: ‘downloadLengthFromUCSC’ Missing link or links in documentation object ‘/loc/home/biocbuild/bbs-2.12-data-experiment/meat/geneLenDataBase.Rcheck/00_pkg_src/geneLenDataBase/man/hg19.exoniphy.LENGTH.Rd’: ‘downloadLengthFromUCSC’ Missing link or links in documentation object ‘/loc/home/biocbuild/bbs-2.12-data-experiment/meat/geneLenDataBase.Rcheck/00_pkg_src/geneLenDataBase/man/hg19.geneSymbol.LENGTH.Rd’: ‘downloadLengthFromUCSC’ Missing link or links in documentation object ‘/loc/home/biocbuild/bbs-2.12-data-experiment/meat/geneLenDataBase.Rcheck/00_pkg_src/geneLenDataBase/man/hg19.knownGene.LENGTH.Rd’: ‘downloadLengthFromUCSC’ Missing link or links in documentation object ‘/loc/home/biocbuild/bbs-2.12-data-experiment/meat/geneLenDataBase.Rcheck/00_pkg_src/geneLenDataBase/man/hg19.nscanGene.LENGTH.Rd’: ‘downloadLengthFromUCSC’ Missing link or links in documentation object ‘/loc/home/biocbuild/bbs-2.12-data-experiment/meat/geneLenDataBase.Rcheck/00_pkg_src/geneLenDataBase/man/hg19.refGene.LENGTH.Rd’: ‘downloadLengthFromUCSC’ Missing link or links in documentation object ‘/loc/home/biocbuild/bbs-2.12-data-experiment/meat/geneLenDataBase.Rcheck/00_pkg_src/geneLenDataBase/man/hg19.xenoRefGene.LENGTH.Rd’: ‘downloadLengthFromUCSC’ Missing link or links in documentation object ‘/loc/home/biocbuild/bbs-2.12-data-experiment/meat/geneLenDataBase.Rcheck/00_pkg_src/geneLenDataBase/man/loxAfr3.xenoRefGene.LENGTH.Rd’: ‘downloadLengthFromUCSC’ Missing link or links in documentation object ‘/loc/home/biocbuild/bbs-2.12-data-experiment/meat/geneLenDataBase.Rcheck/00_pkg_src/geneLenDataBase/man/mm7.ensGene.LENGTH.Rd’: ‘downloadLengthFromUCSC’ Missing link or links in documentation object ‘/loc/home/biocbuild/bbs-2.12-data-experiment/meat/geneLenDataBase.Rcheck/00_pkg_src/geneLenDataBase/man/mm7.geneSymbol.LENGTH.Rd’: ‘downloadLengthFromUCSC’ Missing link or links in documentation object ‘/loc/home/biocbuild/bbs-2.12-data-experiment/meat/geneLenDataBase.Rcheck/00_pkg_src/geneLenDataBase/man/mm7.geneid.LENGTH.Rd’: ‘downloadLengthFromUCSC’ Missing link or links in documentation object ‘/loc/home/biocbuild/bbs-2.12-data-experiment/meat/geneLenDataBase.Rcheck/00_pkg_src/geneLenDataBase/man/mm7.genscan.LENGTH.Rd’: ‘downloadLengthFromUCSC’ Missing link or links in documentation object ‘/loc/home/biocbuild/bbs-2.12-data-experiment/meat/geneLenDataBase.Rcheck/00_pkg_src/geneLenDataBase/man/mm7.knownGene.LENGTH.Rd’: ‘downloadLengthFromUCSC’ Missing link or links in documentation object ‘/loc/home/biocbuild/bbs-2.12-data-experiment/meat/geneLenDataBase.Rcheck/00_pkg_src/geneLenDataBase/man/mm7.refGene.LENGTH.Rd’: ‘downloadLengthFromUCSC’ Missing link or links in documentation object ‘/loc/home/biocbuild/bbs-2.12-data-experiment/meat/geneLenDataBase.Rcheck/00_pkg_src/geneLenDataBase/man/mm7.sgpGene.LENGTH.Rd’: ‘downloadLengthFromUCSC’ Missing link or links in documentation object ‘/loc/home/biocbuild/bbs-2.12-data-experiment/meat/geneLenDataBase.Rcheck/00_pkg_src/geneLenDataBase/man/mm7.xenoRefGene.LENGTH.Rd’: ‘downloadLengthFromUCSC’ Missing link or links in documentation object ‘/loc/home/biocbuild/bbs-2.12-data-experiment/meat/geneLenDataBase.Rcheck/00_pkg_src/geneLenDataBase/man/mm8.ccdsGene.LENGTH.Rd’: ‘downloadLengthFromUCSC’ Missing link or links in documentation object ‘/loc/home/biocbuild/bbs-2.12-data-experiment/meat/geneLenDataBase.Rcheck/00_pkg_src/geneLenDataBase/man/mm8.ensGene.LENGTH.Rd’: ‘downloadLengthFromUCSC’ Missing link or links in documentation object ‘/loc/home/biocbuild/bbs-2.12-data-experiment/meat/geneLenDataBase.Rcheck/00_pkg_src/geneLenDataBase/man/mm8.geneSymbol.LENGTH.Rd’: ‘downloadLengthFromUCSC’ Missing link or links in documentation object ‘/loc/home/biocbuild/bbs-2.12-data-experiment/meat/geneLenDataBase.Rcheck/00_pkg_src/geneLenDataBase/man/mm8.geneid.LENGTH.Rd’: ‘downloadLengthFromUCSC’ Missing link or links in documentation object ‘/loc/home/biocbuild/bbs-2.12-data-experiment/meat/geneLenDataBase.Rcheck/00_pkg_src/geneLenDataBase/man/mm8.genscan.LENGTH.Rd’: ‘downloadLengthFromUCSC’ Missing link or links in documentation object ‘/loc/home/biocbuild/bbs-2.12-data-experiment/meat/geneLenDataBase.Rcheck/00_pkg_src/geneLenDataBase/man/mm8.knownGene.LENGTH.Rd’: ‘downloadLengthFromUCSC’ Missing link or links in documentation object ‘/loc/home/biocbuild/bbs-2.12-data-experiment/meat/geneLenDataBase.Rcheck/00_pkg_src/geneLenDataBase/man/mm8.nscanGene.LENGTH.Rd’: ‘downloadLengthFromUCSC’ Missing link or links in documentation object ‘/loc/home/biocbuild/bbs-2.12-data-experiment/meat/geneLenDataBase.Rcheck/00_pkg_src/geneLenDataBase/man/mm8.refGene.LENGTH.Rd’: ‘downloadLengthFromUCSC’ Missing link or links in documentation object ‘/loc/home/biocbuild/bbs-2.12-data-experiment/meat/geneLenDataBase.Rcheck/00_pkg_src/geneLenDataBase/man/mm8.sgpGene.LENGTH.Rd’: ‘downloadLengthFromUCSC’ Missing link or links in documentation object ‘/loc/home/biocbuild/bbs-2.12-data-experiment/meat/geneLenDataBase.Rcheck/00_pkg_src/geneLenDataBase/man/mm8.sibGene.LENGTH.Rd’: ‘downloadLengthFromUCSC’ Missing link or links in documentation object ‘/loc/home/biocbuild/bbs-2.12-data-experiment/meat/geneLenDataBase.Rcheck/00_pkg_src/geneLenDataBase/man/mm8.xenoRefGene.LENGTH.Rd’: ‘downloadLengthFromUCSC’ Missing link or links in documentation object ‘/loc/home/biocbuild/bbs-2.12-data-experiment/meat/geneLenDataBase.Rcheck/00_pkg_src/geneLenDataBase/man/mm9.acembly.LENGTH.Rd’: ‘downloadLengthFromUCSC’ Missing link or links in documentation object ‘/loc/home/biocbuild/bbs-2.12-data-experiment/meat/geneLenDataBase.Rcheck/00_pkg_src/geneLenDataBase/man/mm9.ccdsGene.LENGTH.Rd’: ‘downloadLengthFromUCSC’ Missing link or links in documentation object ‘/loc/home/biocbuild/bbs-2.12-data-experiment/meat/geneLenDataBase.Rcheck/00_pkg_src/geneLenDataBase/man/mm9.ensGene.LENGTH.Rd’: ‘downloadLengthFromUCSC’ Missing link or links in documentation object ‘/loc/home/biocbuild/bbs-2.12-data-experiment/meat/geneLenDataBase.Rcheck/00_pkg_src/geneLenDataBase/man/mm9.exoniphy.LENGTH.Rd’: ‘downloadLengthFromUCSC’ Missing link or links in documentation object ‘/loc/home/biocbuild/bbs-2.12-data-experiment/meat/geneLenDataBase.Rcheck/00_pkg_src/geneLenDataBase/man/mm9.geneSymbol.LENGTH.Rd’: ‘downloadLengthFromUCSC’ Missing link or links in documentation object ‘/loc/home/biocbuild/bbs-2.12-data-experiment/meat/geneLenDataBase.Rcheck/00_pkg_src/geneLenDataBase/man/mm9.geneid.LENGTH.Rd’: ‘downloadLengthFromUCSC’ Missing link or links in documentation object ‘/loc/home/biocbuild/bbs-2.12-data-experiment/meat/geneLenDataBase.Rcheck/00_pkg_src/geneLenDataBase/man/mm9.genscan.LENGTH.Rd’: ‘downloadLengthFromUCSC’ Missing link or links in documentation object ‘/loc/home/biocbuild/bbs-2.12-data-experiment/meat/geneLenDataBase.Rcheck/00_pkg_src/geneLenDataBase/man/mm9.knownGene.LENGTH.Rd’: ‘downloadLengthFromUCSC’ Missing link or links in documentation object ‘/loc/home/biocbuild/bbs-2.12-data-experiment/meat/geneLenDataBase.Rcheck/00_pkg_src/geneLenDataBase/man/mm9.nscanGene.LENGTH.Rd’: ‘downloadLengthFromUCSC’ Missing link or links in documentation object ‘/loc/home/biocbuild/bbs-2.12-data-experiment/meat/geneLenDataBase.Rcheck/00_pkg_src/geneLenDataBase/man/mm9.refGene.LENGTH.Rd’: ‘downloadLengthFromUCSC’ Missing link or links in documentation object ‘/loc/home/biocbuild/bbs-2.12-data-experiment/meat/geneLenDataBase.Rcheck/00_pkg_src/geneLenDataBase/man/mm9.sgpGene.LENGTH.Rd’: ‘downloadLengthFromUCSC’ Missing link or links in documentation object ‘/loc/home/biocbuild/bbs-2.12-data-experiment/meat/geneLenDataBase.Rcheck/00_pkg_src/geneLenDataBase/man/mm9.xenoRefGene.LENGTH.Rd’: ‘downloadLengthFromUCSC’ Missing link or links in documentation object ‘/loc/home/biocbuild/bbs-2.12-data-experiment/meat/geneLenDataBase.Rcheck/00_pkg_src/geneLenDataBase/man/monDom1.genscan.LENGTH.Rd’: ‘downloadLengthFromUCSC’ Missing link or links in documentation object ‘/loc/home/biocbuild/bbs-2.12-data-experiment/meat/geneLenDataBase.Rcheck/00_pkg_src/geneLenDataBase/man/monDom4.ensGene.LENGTH.Rd’: ‘downloadLengthFromUCSC’ Missing link or links in documentation object ‘/loc/home/biocbuild/bbs-2.12-data-experiment/meat/geneLenDataBase.Rcheck/00_pkg_src/geneLenDataBase/man/monDom4.geneSymbol.LENGTH.Rd’: ‘downloadLengthFromUCSC’ Missing link or links in documentation object ‘/loc/home/biocbuild/bbs-2.12-data-experiment/meat/geneLenDataBase.Rcheck/00_pkg_src/geneLenDataBase/man/monDom4.genscan.LENGTH.Rd’: ‘downloadLengthFromUCSC’ Missing link or links in documentation object ‘/loc/home/biocbuild/bbs-2.12-data-experiment/meat/geneLenDataBase.Rcheck/00_pkg_src/geneLenDataBase/man/monDom4.nscanGene.LENGTH.Rd’: ‘downloadLengthFromUCSC’ Missing link or links in documentation object ‘/loc/home/biocbuild/bbs-2.12-data-experiment/meat/geneLenDataBase.Rcheck/00_pkg_src/geneLenDataBase/man/monDom4.refGene.LENGTH.Rd’: ‘downloadLengthFromUCSC’ Missing link or links in documentation object ‘/loc/home/biocbuild/bbs-2.12-data-experiment/meat/geneLenDataBase.Rcheck/00_pkg_src/geneLenDataBase/man/monDom4.xenoRefGene.LENGTH.Rd’: ‘downloadLengthFromUCSC’ Missing link or links in documentation object ‘/loc/home/biocbuild/bbs-2.12-data-experiment/meat/geneLenDataBase.Rcheck/00_pkg_src/geneLenDataBase/man/monDom5.ensGene.LENGTH.Rd’: ‘downloadLengthFromUCSC’ Missing link or links in documentation object ‘/loc/home/biocbuild/bbs-2.12-data-experiment/meat/geneLenDataBase.Rcheck/00_pkg_src/geneLenDataBase/man/monDom5.geneSymbol.LENGTH.Rd’: ‘downloadLengthFromUCSC’ Missing link or links in documentation object ‘/loc/home/biocbuild/bbs-2.12-data-experiment/meat/geneLenDataBase.Rcheck/00_pkg_src/geneLenDataBase/man/monDom5.genscan.LENGTH.Rd’: ‘downloadLengthFromUCSC’ Missing link or links in documentation object ‘/loc/home/biocbuild/bbs-2.12-data-experiment/meat/geneLenDataBase.Rcheck/00_pkg_src/geneLenDataBase/man/monDom5.nscanGene.LENGTH.Rd’: ‘downloadLengthFromUCSC’ Missing link or links in documentation object ‘/loc/home/biocbuild/bbs-2.12-data-experiment/meat/geneLenDataBase.Rcheck/00_pkg_src/geneLenDataBase/man/monDom5.refGene.LENGTH.Rd’: ‘downloadLengthFromUCSC’ Missing link or links in documentation object ‘/loc/home/biocbuild/bbs-2.12-data-experiment/meat/geneLenDataBase.Rcheck/00_pkg_src/geneLenDataBase/man/monDom5.xenoRefGene.LENGTH.Rd’: ‘downloadLengthFromUCSC’ Missing link or links in documentation object ‘/loc/home/biocbuild/bbs-2.12-data-experiment/meat/geneLenDataBase.Rcheck/00_pkg_src/geneLenDataBase/man/ornAna1.ensGene.LENGTH.Rd’: ‘downloadLengthFromUCSC’ Missing link or links in documentation object ‘/loc/home/biocbuild/bbs-2.12-data-experiment/meat/geneLenDataBase.Rcheck/00_pkg_src/geneLenDataBase/man/ornAna1.geneSymbol.LENGTH.Rd’: ‘downloadLengthFromUCSC’ Missing link or links in documentation object ‘/loc/home/biocbuild/bbs-2.12-data-experiment/meat/geneLenDataBase.Rcheck/00_pkg_src/geneLenDataBase/man/ornAna1.refGene.LENGTH.Rd’: ‘downloadLengthFromUCSC’ Missing link or links in documentation object ‘/loc/home/biocbuild/bbs-2.12-data-experiment/meat/geneLenDataBase.Rcheck/00_pkg_src/geneLenDataBase/man/ornAna1.xenoRefGene.LENGTH.Rd’: ‘downloadLengthFromUCSC’ Missing link or links in documentation object ‘/loc/home/biocbuild/bbs-2.12-data-experiment/meat/geneLenDataBase.Rcheck/00_pkg_src/geneLenDataBase/man/oryLat2.ensGene.LENGTH.Rd’: ‘downloadLengthFromUCSC’ Missing link or links in documentation object ‘/loc/home/biocbuild/bbs-2.12-data-experiment/meat/geneLenDataBase.Rcheck/00_pkg_src/geneLenDataBase/man/oryLat2.geneSymbol.LENGTH.Rd’: ‘downloadLengthFromUCSC’ Missing link or links in documentation object ‘/loc/home/biocbuild/bbs-2.12-data-experiment/meat/geneLenDataBase.Rcheck/00_pkg_src/geneLenDataBase/man/oryLat2.refGene.LENGTH.Rd’: ‘downloadLengthFromUCSC’ Missing link or links in documentation object ‘/loc/home/biocbuild/bbs-2.12-data-experiment/meat/geneLenDataBase.Rcheck/00_pkg_src/geneLenDataBase/man/oryLat2.xenoRefGene.LENGTH.Rd’: ‘downloadLengthFromUCSC’ Missing link or links in documentation object ‘/loc/home/biocbuild/bbs-2.12-data-experiment/meat/geneLenDataBase.Rcheck/00_pkg_src/geneLenDataBase/man/panTro1.ensGene.LENGTH.Rd’: ‘downloadLengthFromUCSC’ Missing link or links in documentation object ‘/loc/home/biocbuild/bbs-2.12-data-experiment/meat/geneLenDataBase.Rcheck/00_pkg_src/geneLenDataBase/man/panTro1.geneid.LENGTH.Rd’: ‘downloadLengthFromUCSC’ Missing link or links in documentation object ‘/loc/home/biocbuild/bbs-2.12-data-experiment/meat/geneLenDataBase.Rcheck/00_pkg_src/geneLenDataBase/man/panTro1.genscan.LENGTH.Rd’: ‘downloadLengthFromUCSC’ Missing link or links in documentation object ‘/loc/home/biocbuild/bbs-2.12-data-experiment/meat/geneLenDataBase.Rcheck/00_pkg_src/geneLenDataBase/man/panTro1.xenoRefGene.LENGTH.Rd’: ‘downloadLengthFromUCSC’ Missing link or links in documentation object ‘/loc/home/biocbuild/bbs-2.12-data-experiment/meat/geneLenDataBase.Rcheck/00_pkg_src/geneLenDataBase/man/panTro2.ensGene.LENGTH.Rd’: ‘downloadLengthFromUCSC’ Missing link or links in documentation object ‘/loc/home/biocbuild/bbs-2.12-data-experiment/meat/geneLenDataBase.Rcheck/00_pkg_src/geneLenDataBase/man/panTro2.geneSymbol.LENGTH.Rd’: ‘downloadLengthFromUCSC’ Missing link or links in documentation object ‘/loc/home/biocbuild/bbs-2.12-data-experiment/meat/geneLenDataBase.Rcheck/00_pkg_src/geneLenDataBase/man/panTro2.genscan.LENGTH.Rd’: ‘downloadLengthFromUCSC’ Missing link or links in documentation object ‘/loc/home/biocbuild/bbs-2.12-data-experiment/meat/geneLenDataBase.Rcheck/00_pkg_src/geneLenDataBase/man/panTro2.nscanGene.LENGTH.Rd’: ‘downloadLengthFromUCSC’ Missing link or links in documentation object ‘/loc/home/biocbuild/bbs-2.12-data-experiment/meat/geneLenDataBase.Rcheck/00_pkg_src/geneLenDataBase/man/panTro2.refGene.LENGTH.Rd’: ‘downloadLengthFromUCSC’ Missing link or links in documentation object ‘/loc/home/biocbuild/bbs-2.12-data-experiment/meat/geneLenDataBase.Rcheck/00_pkg_src/geneLenDataBase/man/panTro2.xenoRefGene.LENGTH.Rd’: ‘downloadLengthFromUCSC’ Missing link or links in documentation object ‘/loc/home/biocbuild/bbs-2.12-data-experiment/meat/geneLenDataBase.Rcheck/00_pkg_src/geneLenDataBase/man/petMar1.xenoRefGene.LENGTH.Rd’: ‘downloadLengthFromUCSC’ Missing link or links in documentation object ‘/loc/home/biocbuild/bbs-2.12-data-experiment/meat/geneLenDataBase.Rcheck/00_pkg_src/geneLenDataBase/man/ponAbe2.ensGene.LENGTH.Rd’: ‘downloadLengthFromUCSC’ Missing link or links in documentation object ‘/loc/home/biocbuild/bbs-2.12-data-experiment/meat/geneLenDataBase.Rcheck/00_pkg_src/geneLenDataBase/man/ponAbe2.geneSymbol.LENGTH.Rd’: ‘downloadLengthFromUCSC’ Missing link or links in documentation object ‘/loc/home/biocbuild/bbs-2.12-data-experiment/meat/geneLenDataBase.Rcheck/00_pkg_src/geneLenDataBase/man/ponAbe2.genscan.LENGTH.Rd’: ‘downloadLengthFromUCSC’ Missing link or links in documentation object ‘/loc/home/biocbuild/bbs-2.12-data-experiment/meat/geneLenDataBase.Rcheck/00_pkg_src/geneLenDataBase/man/ponAbe2.nscanGene.LENGTH.Rd’: ‘downloadLengthFromUCSC’ Missing link or links in documentation object ‘/loc/home/biocbuild/bbs-2.12-data-experiment/meat/geneLenDataBase.Rcheck/00_pkg_src/geneLenDataBase/man/ponAbe2.refGene.LENGTH.Rd’: ‘downloadLengthFromUCSC’ Missing link or links in documentation object ‘/loc/home/biocbuild/bbs-2.12-data-experiment/meat/geneLenDataBase.Rcheck/00_pkg_src/geneLenDataBase/man/ponAbe2.xenoRefGene.LENGTH.Rd’: ‘downloadLengthFromUCSC’ Missing link or links in documentation object ‘/loc/home/biocbuild/bbs-2.12-data-experiment/meat/geneLenDataBase.Rcheck/00_pkg_src/geneLenDataBase/man/priPac1.xenoRefGene.LENGTH.Rd’: ‘downloadLengthFromUCSC’ Missing link or links in documentation object ‘/loc/home/biocbuild/bbs-2.12-data-experiment/meat/geneLenDataBase.Rcheck/00_pkg_src/geneLenDataBase/man/rheMac2.ensGene.LENGTH.Rd’: ‘downloadLengthFromUCSC’ Missing link or links in documentation object ‘/loc/home/biocbuild/bbs-2.12-data-experiment/meat/geneLenDataBase.Rcheck/00_pkg_src/geneLenDataBase/man/rheMac2.geneSymbol.LENGTH.Rd’: ‘downloadLengthFromUCSC’ Missing link or links in documentation object ‘/loc/home/biocbuild/bbs-2.12-data-experiment/meat/geneLenDataBase.Rcheck/00_pkg_src/geneLenDataBase/man/rheMac2.geneid.LENGTH.Rd’: ‘downloadLengthFromUCSC’ Missing link or links in documentation object ‘/loc/home/biocbuild/bbs-2.12-data-experiment/meat/geneLenDataBase.Rcheck/00_pkg_src/geneLenDataBase/man/rheMac2.nscanGene.LENGTH.Rd’: ‘downloadLengthFromUCSC’ Missing link or links in documentation object ‘/loc/home/biocbuild/bbs-2.12-data-experiment/meat/geneLenDataBase.Rcheck/00_pkg_src/geneLenDataBase/man/rheMac2.refGene.LENGTH.Rd’: ‘downloadLengthFromUCSC’ Missing link or links in documentation object ‘/loc/home/biocbuild/bbs-2.12-data-experiment/meat/geneLenDataBase.Rcheck/00_pkg_src/geneLenDataBase/man/rheMac2.sgpGene.LENGTH.Rd’: ‘downloadLengthFromUCSC’ Missing link or links in documentation object ‘/loc/home/biocbuild/bbs-2.12-data-experiment/meat/geneLenDataBase.Rcheck/00_pkg_src/geneLenDataBase/man/rheMac2.xenoRefGene.LENGTH.Rd’: ‘downloadLengthFromUCSC’ Missing link or links in documentation object ‘/loc/home/biocbuild/bbs-2.12-data-experiment/meat/geneLenDataBase.Rcheck/00_pkg_src/geneLenDataBase/man/rn3.ensGene.LENGTH.Rd’: ‘downloadLengthFromUCSC’ Missing link or links in documentation object ‘/loc/home/biocbuild/bbs-2.12-data-experiment/meat/geneLenDataBase.Rcheck/00_pkg_src/geneLenDataBase/man/rn3.geneSymbol.LENGTH.Rd’: ‘downloadLengthFromUCSC’ Missing link or links in documentation object ‘/loc/home/biocbuild/bbs-2.12-data-experiment/meat/geneLenDataBase.Rcheck/00_pkg_src/geneLenDataBase/man/rn3.geneid.LENGTH.Rd’: ‘downloadLengthFromUCSC’ Missing link or links in documentation object ‘/loc/home/biocbuild/bbs-2.12-data-experiment/meat/geneLenDataBase.Rcheck/00_pkg_src/geneLenDataBase/man/rn3.genscan.LENGTH.Rd’: ‘downloadLengthFromUCSC’ Missing link or links in documentation object ‘/loc/home/biocbuild/bbs-2.12-data-experiment/meat/geneLenDataBase.Rcheck/00_pkg_src/geneLenDataBase/man/rn3.knownGene.LENGTH.Rd’: ‘downloadLengthFromUCSC’ Missing link or links in documentation object ‘/loc/home/biocbuild/bbs-2.12-data-experiment/meat/geneLenDataBase.Rcheck/00_pkg_src/geneLenDataBase/man/rn3.nscanGene.LENGTH.Rd’: ‘downloadLengthFromUCSC’ Missing link or links in documentation object ‘/loc/home/biocbuild/bbs-2.12-data-experiment/meat/geneLenDataBase.Rcheck/00_pkg_src/geneLenDataBase/man/rn3.refGene.LENGTH.Rd’: ‘downloadLengthFromUCSC’ Missing link or links in documentation object ‘/loc/home/biocbuild/bbs-2.12-data-experiment/meat/geneLenDataBase.Rcheck/00_pkg_src/geneLenDataBase/man/rn3.sgpGene.LENGTH.Rd’: ‘downloadLengthFromUCSC’ Missing link or links in documentation object ‘/loc/home/biocbuild/bbs-2.12-data-experiment/meat/geneLenDataBase.Rcheck/00_pkg_src/geneLenDataBase/man/rn3.xenoRefGene.LENGTH.Rd’: ‘downloadLengthFromUCSC’ Missing link or links in documentation object ‘/loc/home/biocbuild/bbs-2.12-data-experiment/meat/geneLenDataBase.Rcheck/00_pkg_src/geneLenDataBase/man/rn4.ensGene.LENGTH.Rd’: ‘downloadLengthFromUCSC’ Missing link or links in documentation object ‘/loc/home/biocbuild/bbs-2.12-data-experiment/meat/geneLenDataBase.Rcheck/00_pkg_src/geneLenDataBase/man/rn4.geneSymbol.LENGTH.Rd’: ‘downloadLengthFromUCSC’ Missing link or links in documentation object ‘/loc/home/biocbuild/bbs-2.12-data-experiment/meat/geneLenDataBase.Rcheck/00_pkg_src/geneLenDataBase/man/rn4.geneid.LENGTH.Rd’: ‘downloadLengthFromUCSC’ Missing link or links in documentation object ‘/loc/home/biocbuild/bbs-2.12-data-experiment/meat/geneLenDataBase.Rcheck/00_pkg_src/geneLenDataBase/man/rn4.genscan.LENGTH.Rd’: ‘downloadLengthFromUCSC’ Missing link or links in documentation object ‘/loc/home/biocbuild/bbs-2.12-data-experiment/meat/geneLenDataBase.Rcheck/00_pkg_src/geneLenDataBase/man/rn4.knownGene.LENGTH.Rd’: ‘downloadLengthFromUCSC’ Missing link or links in documentation object ‘/loc/home/biocbuild/bbs-2.12-data-experiment/meat/geneLenDataBase.Rcheck/00_pkg_src/geneLenDataBase/man/rn4.nscanGene.LENGTH.Rd’: ‘downloadLengthFromUCSC’ Missing link or links in documentation object ‘/loc/home/biocbuild/bbs-2.12-data-experiment/meat/geneLenDataBase.Rcheck/00_pkg_src/geneLenDataBase/man/rn4.refGene.LENGTH.Rd’: ‘downloadLengthFromUCSC’ Missing link or links in documentation object ‘/loc/home/biocbuild/bbs-2.12-data-experiment/meat/geneLenDataBase.Rcheck/00_pkg_src/geneLenDataBase/man/rn4.sgpGene.LENGTH.Rd’: ‘downloadLengthFromUCSC’ Missing link or links in documentation object ‘/loc/home/biocbuild/bbs-2.12-data-experiment/meat/geneLenDataBase.Rcheck/00_pkg_src/geneLenDataBase/man/rn4.xenoRefGene.LENGTH.Rd’: ‘downloadLengthFromUCSC’ Missing link or links in documentation object ‘/loc/home/biocbuild/bbs-2.12-data-experiment/meat/geneLenDataBase.Rcheck/00_pkg_src/geneLenDataBase/man/sacCer1.ensGene.LENGTH.Rd’: ‘downloadLengthFromUCSC’ Missing link or links in documentation object ‘/loc/home/biocbuild/bbs-2.12-data-experiment/meat/geneLenDataBase.Rcheck/00_pkg_src/geneLenDataBase/man/sacCer2.ensGene.LENGTH.Rd’: ‘downloadLengthFromUCSC’ Missing link or links in documentation object ‘/loc/home/biocbuild/bbs-2.12-data-experiment/meat/geneLenDataBase.Rcheck/00_pkg_src/geneLenDataBase/man/strPur1.geneSymbol.LENGTH.Rd’: ‘downloadLengthFromUCSC’ Missing link or links in documentation object ‘/loc/home/biocbuild/bbs-2.12-data-experiment/meat/geneLenDataBase.Rcheck/00_pkg_src/geneLenDataBase/man/strPur1.genscan.LENGTH.Rd’: ‘downloadLengthFromUCSC’ Missing link or links in documentation object ‘/loc/home/biocbuild/bbs-2.12-data-experiment/meat/geneLenDataBase.Rcheck/00_pkg_src/geneLenDataBase/man/strPur1.refGene.LENGTH.Rd’: ‘downloadLengthFromUCSC’ Missing link or links in documentation object ‘/loc/home/biocbuild/bbs-2.12-data-experiment/meat/geneLenDataBase.Rcheck/00_pkg_src/geneLenDataBase/man/strPur1.xenoRefGene.LENGTH.Rd’: ‘downloadLengthFromUCSC’ Missing link or links in documentation object ‘/loc/home/biocbuild/bbs-2.12-data-experiment/meat/geneLenDataBase.Rcheck/00_pkg_src/geneLenDataBase/man/strPur2.geneSymbol.LENGTH.Rd’: ‘downloadLengthFromUCSC’ Missing link or links in documentation object ‘/loc/home/biocbuild/bbs-2.12-data-experiment/meat/geneLenDataBase.Rcheck/00_pkg_src/geneLenDataBase/man/strPur2.genscan.LENGTH.Rd’: ‘downloadLengthFromUCSC’ Missing link or links in documentation object ‘/loc/home/biocbuild/bbs-2.12-data-experiment/meat/geneLenDataBase.Rcheck/00_pkg_src/geneLenDataBase/man/strPur2.refGene.LENGTH.Rd’: ‘downloadLengthFromUCSC’ Missing link or links in documentation object ‘/loc/home/biocbuild/bbs-2.12-data-experiment/meat/geneLenDataBase.Rcheck/00_pkg_src/geneLenDataBase/man/strPur2.xenoRefGene.LENGTH.Rd’: ‘downloadLengthFromUCSC’ Missing link or links in documentation object ‘/loc/home/biocbuild/bbs-2.12-data-experiment/meat/geneLenDataBase.Rcheck/00_pkg_src/geneLenDataBase/man/taeGut1.ensGene.LENGTH.Rd’: ‘downloadLengthFromUCSC’ Missing link or links in documentation object ‘/loc/home/biocbuild/bbs-2.12-data-experiment/meat/geneLenDataBase.Rcheck/00_pkg_src/geneLenDataBase/man/taeGut1.geneSymbol.LENGTH.Rd’: ‘downloadLengthFromUCSC’ Missing link or links in documentation object ‘/loc/home/biocbuild/bbs-2.12-data-experiment/meat/geneLenDataBase.Rcheck/00_pkg_src/geneLenDataBase/man/taeGut1.genscan.LENGTH.Rd’: ‘downloadLengthFromUCSC’ Missing link or links in documentation object ‘/loc/home/biocbuild/bbs-2.12-data-experiment/meat/geneLenDataBase.Rcheck/00_pkg_src/geneLenDataBase/man/taeGut1.nscanGene.LENGTH.Rd’: ‘downloadLengthFromUCSC’ Missing link or links in documentation object ‘/loc/home/biocbuild/bbs-2.12-data-experiment/meat/geneLenDataBase.Rcheck/00_pkg_src/geneLenDataBase/man/taeGut1.refGene.LENGTH.Rd’: ‘downloadLengthFromUCSC’ Missing link or links in documentation object ‘/loc/home/biocbuild/bbs-2.12-data-experiment/meat/geneLenDataBase.Rcheck/00_pkg_src/geneLenDataBase/man/taeGut1.xenoRefGene.LENGTH.Rd’: ‘downloadLengthFromUCSC’ Missing link or links in documentation object ‘/loc/home/biocbuild/bbs-2.12-data-experiment/meat/geneLenDataBase.Rcheck/00_pkg_src/geneLenDataBase/man/tetNig1.ensGene.LENGTH.Rd’: ‘downloadLengthFromUCSC’ Missing link or links in documentation object ‘/loc/home/biocbuild/bbs-2.12-data-experiment/meat/geneLenDataBase.Rcheck/00_pkg_src/geneLenDataBase/man/tetNig1.geneid.LENGTH.Rd’: ‘downloadLengthFromUCSC’ Missing link or links in documentation object ‘/loc/home/biocbuild/bbs-2.12-data-experiment/meat/geneLenDataBase.Rcheck/00_pkg_src/geneLenDataBase/man/tetNig1.genscan.LENGTH.Rd’: ‘downloadLengthFromUCSC’ Missing link or links in documentation object ‘/loc/home/biocbuild/bbs-2.12-data-experiment/meat/geneLenDataBase.Rcheck/00_pkg_src/geneLenDataBase/man/tetNig1.nscanGene.LENGTH.Rd’: ‘downloadLengthFromUCSC’ Missing link or links in documentation object ‘/loc/home/biocbuild/bbs-2.12-data-experiment/meat/geneLenDataBase.Rcheck/00_pkg_src/geneLenDataBase/man/tetNig2.ensGene.LENGTH.Rd’: ‘downloadLengthFromUCSC’ Missing link or links in documentation object ‘/loc/home/biocbuild/bbs-2.12-data-experiment/meat/geneLenDataBase.Rcheck/00_pkg_src/geneLenDataBase/man/xenTro1.genscan.LENGTH.Rd’: ‘downloadLengthFromUCSC’ Missing link or links in documentation object ‘/loc/home/biocbuild/bbs-2.12-data-experiment/meat/geneLenDataBase.Rcheck/00_pkg_src/geneLenDataBase/man/xenTro2.ensGene.LENGTH.Rd’: ‘downloadLengthFromUCSC’ Missing link or links in documentation object ‘/loc/home/biocbuild/bbs-2.12-data-experiment/meat/geneLenDataBase.Rcheck/00_pkg_src/geneLenDataBase/man/xenTro2.geneSymbol.LENGTH.Rd’: ‘downloadLengthFromUCSC’ Missing link or links in documentation object ‘/loc/home/biocbuild/bbs-2.12-data-experiment/meat/geneLenDataBase.Rcheck/00_pkg_src/geneLenDataBase/man/xenTro2.genscan.LENGTH.Rd’: ‘downloadLengthFromUCSC’ Missing link or links in documentation object ‘/loc/home/biocbuild/bbs-2.12-data-experiment/meat/geneLenDataBase.Rcheck/00_pkg_src/geneLenDataBase/man/xenTro2.refGene.LENGTH.Rd’: ‘downloadLengthFromUCSC’ See the information in section ‘Cross-references’ of the ‘Writing R Extensions’ manual. * checking for missing documentation entries ... OK * checking for code/documentation mismatches ... OK * checking Rd \usage sections ... OK * checking Rd contents ... OK * checking for unstated dependencies in examples ... OK * checking contents of ‘data’ directory ... OK * checking data for non-ASCII characters ... OK * checking data for ASCII and uncompressed saves ... OK * checking examples ... OK * checking PDF version of manual ... OK WARNING: There was 1 warning. NOTE: There was 1 note. See ‘/loc/home/biocbuild/bbs-2.12-data-experiment/meat/geneLenDataBase.Rcheck/00check.log’ for details.
geneLenDataBase.Rcheck/00install.out:
* installing *source* package ‘geneLenDataBase’ ... ** R ** data ** preparing package for lazy loading ** help *** installing help indices ** building package indices ** testing if installed package can be loaded * DONE (geneLenDataBase)
geneLenDataBase.Rcheck/geneLenDataBase-Ex.timings:
name | user | system | elapsed | |
anoCar1.ensGene.LENGTH | 0.160 | 0.008 | 0.191 | |
anoCar1.genscan.LENGTH | 0.092 | 0.028 | 0.119 | |
anoCar1.xenoRefGene.LENGTH | 2.596 | 0.012 | 2.622 | |
anoGam1.ensGene.LENGTH | 0.604 | 0.024 | 0.686 | |
anoGam1.geneid.LENGTH | 0.088 | 0.024 | 0.112 | |
anoGam1.genscan.LENGTH | 0.072 | 0.020 | 0.097 | |
apiMel1.genscan.LENGTH | 0.096 | 0.008 | 0.116 | |
apiMel2.ensGene.LENGTH | 0.156 | 0.020 | 0.176 | |
apiMel2.geneid.LENGTH | 0.088 | 0.028 | 0.122 | |
apiMel2.genscan.LENGTH | 0.100 | 0.012 | 0.110 | |
aplCal1.xenoRefGene.LENGTH | 1.461 | 0.008 | 1.483 | |
bosTau2.geneSymbol.LENGTH | 0.120 | 0.008 | 0.128 | |
bosTau2.geneid.LENGTH | 0.556 | 0.008 | 0.569 | |
bosTau2.genscan.LENGTH | 0.196 | 0.012 | 0.210 | |
bosTau2.refGene.LENGTH | 0.096 | 0.028 | 0.133 | |
bosTau2.sgpGene.LENGTH | 0.224 | 0.000 | 0.229 | |
bosTau3.ensGene.LENGTH | 0.288 | 0.016 | 0.301 | |
bosTau3.geneSymbol.LENGTH | 0.068 | 0.012 | 0.081 | |
bosTau3.geneid.LENGTH | 0.164 | 0.004 | 0.171 | |
bosTau3.genscan.LENGTH | 0.124 | 0.008 | 0.134 | |
bosTau3.refGene.LENGTH | 0.088 | 0.024 | 0.125 | |
bosTau3.sgpGene.LENGTH | 0.160 | 0.024 | 0.181 | |
bosTau4.ensGene.LENGTH | 0.268 | 0.028 | 0.293 | |
bosTau4.geneSymbol.LENGTH | 0.088 | 0.020 | 0.114 | |
bosTau4.genscan.LENGTH | 0.128 | 0.004 | 0.134 | |
bosTau4.nscanGene.LENGTH | 0.084 | 0.008 | 0.092 | |
bosTau4.refGene.LENGTH | 0.120 | 0.012 | 0.142 | |
braFlo1.xenoRefGene.LENGTH | 0.724 | 0.000 | 0.739 | |
caeJap1.xenoRefGene.LENGTH | 0.696 | 0.004 | 0.715 | |
caePb1.xenoRefGene.LENGTH | 1.324 | 0.004 | 1.357 | |
caePb2.xenoRefGene.LENGTH | 0.584 | 0.008 | 0.594 | |
caeRem2.xenoRefGene.LENGTH | 0.668 | 0.004 | 0.672 | |
caeRem3.xenoRefGene.LENGTH | 0.576 | 0.004 | 0.751 | |
calJac1.genscan.LENGTH | 0.132 | 0.012 | 0.157 | |
calJac1.nscanGene.LENGTH | 0.132 | 0.004 | 0.135 | |
calJac1.xenoRefGene.LENGTH | 1.132 | 0.068 | 1.223 | |
canFam1.ensGene.LENGTH | 0.276 | 0.004 | 0.279 | |
canFam1.geneSymbol.LENGTH | 0.016 | 0.004 | 0.029 | |
canFam1.genscan.LENGTH | 0.092 | 0.004 | 0.095 | |
canFam1.nscanGene.LENGTH | 0.084 | 0.008 | 0.095 | |
canFam1.refGene.LENGTH | 0.028 | 0.004 | 0.033 | |
canFam1.xenoRefGene.LENGTH | 1.052 | 0.004 | 1.063 | |
canFam2.ensGene.LENGTH | 0.308 | 0.016 | 0.332 | |
canFam2.geneSymbol.LENGTH | 0.076 | 0.000 | 0.073 | |
canFam2.genscan.LENGTH | 0.148 | 0.004 | 0.152 | |
canFam2.nscanGene.LENGTH | 0.212 | 0.000 | 0.211 | |
canFam2.refGene.LENGTH | 0.056 | 0.004 | 0.060 | |
canFam2.xenoRefGene.LENGTH | 1.233 | 0.000 | 1.242 | |
cavPor3.ensGene.LENGTH | 0.268 | 0.012 | 0.281 | |
cavPor3.genscan.LENGTH | 0.112 | 0.004 | 0.120 | |
cavPor3.nscanGene.LENGTH | 0.104 | 0.004 | 0.110 | |
cavPor3.xenoRefGene.LENGTH | 1.144 | 0.008 | 1.151 | |
cb1.xenoRefGene.LENGTH | 0.740 | 0.004 | 0.755 | |
cb3.xenoRefGene.LENGTH | 0.616 | 0.004 | 0.634 | |
ce2.geneSymbol.LENGTH | 0.140 | 0.028 | 0.165 | |
ce2.geneid.LENGTH | 0.148 | 0.000 | 0.147 | |
ce2.refGene.LENGTH | 0.096 | 0.032 | 0.128 | |
ce4.geneSymbol.LENGTH | 0.136 | 0.024 | 0.159 | |
ce4.refGene.LENGTH | 0.116 | 0.036 | 0.151 | |
ce4.xenoRefGene.LENGTH | 0.160 | 0.004 | 0.171 | |
ce6.ensGene.LENGTH | 0.188 | 0.008 | 0.194 | |
ce6.geneSymbol.LENGTH | 0.144 | 0.040 | 0.184 | |
ce6.refGene.LENGTH | 0.152 | 0.028 | 0.251 | |
ce6.xenoRefGene.LENGTH | 0.172 | 0.000 | 0.174 | |
ci1.geneSymbol.LENGTH | 0.068 | 0.000 | 0.071 | |
ci1.refGene.LENGTH | 0.048 | 0.000 | 0.055 | |
ci1.xenoRefGene.LENGTH | 0.312 | 0.000 | 0.316 | |
ci2.ensGene.LENGTH | 0.172 | 0.004 | 0.183 | |
ci2.geneSymbol.LENGTH | 0.040 | 0.008 | 0.055 | |
ci2.refGene.LENGTH | 0.056 | 0.000 | 0.058 | |
ci2.xenoRefGene.LENGTH | 0.608 | 0.004 | 0.625 | |
danRer3.ensGene.LENGTH | 0.284 | 0.012 | 0.300 | |
danRer3.geneSymbol.LENGTH | 0.144 | 0.012 | 0.157 | |
danRer3.refGene.LENGTH | 0.184 | 0.028 | 0.215 | |
danRer4.ensGene.LENGTH | 0.316 | 0.000 | 0.316 | |
danRer4.geneSymbol.LENGTH | 0.156 | 0.008 | 0.163 | |
danRer4.genscan.LENGTH | 0.2 | 0.0 | 0.2 | |
danRer4.nscanGene.LENGTH | 0.132 | 0.020 | 0.153 | |
danRer4.refGene.LENGTH | 0.108 | 0.012 | 0.120 | |
danRer5.ensGene.LENGTH | 0.220 | 0.000 | 0.223 | |
danRer5.geneSymbol.LENGTH | 0.092 | 0.028 | 0.124 | |
danRer5.refGene.LENGTH | 0.100 | 0.020 | 0.119 | |
danRer5.vegaGene.LENGTH | 0.108 | 0.020 | 0.126 | |
danRer5.vegaPseudoGene.LENGTH | 0.004 | 0.004 | 0.017 | |
danRer6.ensGene.LENGTH | 0.224 | 0.016 | 0.241 | |
danRer6.geneSymbol.LENGTH | 0.112 | 0.020 | 0.129 | |
danRer6.refGene.LENGTH | 0.116 | 0.012 | 0.129 | |
danRer6.xenoRefGene.LENGTH | 1.008 | 0.000 | 1.024 | |
dm1.geneSymbol.LENGTH | 0.092 | 0.028 | 0.138 | |
dm1.genscan.LENGTH | 0.056 | 0.008 | 0.074 | |
dm1.refGene.LENGTH | 0.116 | 0.012 | 0.127 | |
dm2.geneSymbol.LENGTH | 0.092 | 0.036 | 0.139 | |
dm2.geneid.LENGTH | 0.064 | 0.028 | 0.098 | |
dm2.genscan.LENGTH | 0.040 | 0.008 | 0.048 | |
dm2.nscanGene.LENGTH | 0.096 | 0.000 | 0.096 | |
dm2.refGene.LENGTH | 0.088 | 0.032 | 0.121 | |
dm3.geneSymbol.LENGTH | 0.116 | 0.000 | 0.117 | |
dm3.nscanPasaGene.LENGTH | 0.068 | 0.040 | 0.109 | |
dm3.refGene.LENGTH | 0.120 | 0.000 | 0.121 | |
dp2.genscan.LENGTH | 0.068 | 0.020 | 0.101 | |
dp2.xenoRefGene.LENGTH | 0.504 | 0.008 | 0.512 | |
dp3.geneid.LENGTH | 0.092 | 0.028 | 0.133 | |
dp3.genscan.LENGTH | 0.112 | 0.012 | 0.128 | |
dp3.xenoRefGene.LENGTH | 0.209 | 0.024 | 0.234 | |
droAna1.geneid.LENGTH | 0.152 | 0.004 | 0.164 | |
droAna1.genscan.LENGTH | 0.080 | 0.000 | 0.079 | |
droAna1.xenoRefGene.LENGTH | 0.440 | 0.008 | 0.452 | |
droAna2.genscan.LENGTH | 0.120 | 0.000 | 0.122 | |
droAna2.xenoRefGene.LENGTH | 0.592 | 0.012 | 0.617 | |
droEre1.genscan.LENGTH | 0.040 | 0.016 | 0.075 | |
droEre1.xenoRefGene.LENGTH | 0.420 | 0.004 | 0.422 | |
droGri1.genscan.LENGTH | 0.076 | 0.024 | 0.100 | |
droGri1.xenoRefGene.LENGTH | 0.448 | 0.000 | 0.447 | |
droMoj1.geneid.LENGTH | 0.216 | 0.012 | 0.271 | |
droMoj1.genscan.LENGTH | 0.116 | 0.004 | 0.118 | |
droMoj1.xenoRefGene.LENGTH | 0.388 | 0.012 | 0.405 | |
droMoj2.genscan.LENGTH | 0.136 | 0.024 | 0.172 | |
droMoj2.xenoRefGene.LENGTH | 0.460 | 0.008 | 0.471 | |
droPer1.genscan.LENGTH | 0.108 | 0.016 | 0.123 | |
droPer1.xenoRefGene.LENGTH | 0.584 | 0.008 | 0.592 | |
droSec1.genscan.LENGTH | 0.084 | 0.020 | 0.106 | |
droSec1.xenoRefGene.LENGTH | 0.576 | 0.000 | 0.576 | |
droSim1.geneid.LENGTH | 0.084 | 0.008 | 0.095 | |
droSim1.genscan.LENGTH | 0.064 | 0.000 | 0.064 | |
droSim1.xenoRefGene.LENGTH | 0.344 | 0.004 | 0.351 | |
droVir1.geneid.LENGTH | 0.204 | 0.004 | 0.216 | |
droVir1.genscan.LENGTH | 0.088 | 0.024 | 0.131 | |
droVir1.xenoRefGene.LENGTH | 0.404 | 0.000 | 0.411 | |
droVir2.genscan.LENGTH | 0.072 | 0.020 | 0.100 | |
droVir2.xenoRefGene.LENGTH | 0.468 | 0.004 | 0.469 | |
droYak1.geneid.LENGTH | 0.092 | 0.020 | 0.115 | |
droYak1.genscan.LENGTH | 0.116 | 0.012 | 0.127 | |
droYak1.xenoRefGene.LENGTH | 0.404 | 0.004 | 0.409 | |
droYak2.genscan.LENGTH | 0.080 | 0.016 | 0.109 | |
droYak2.xenoRefGene.LENGTH | 0.500 | 0.004 | 0.508 | |
equCab1.geneSymbol.LENGTH | 0.084 | 0.000 | 0.092 | |
equCab1.geneid.LENGTH | 0.168 | 0.008 | 0.178 | |
equCab1.nscanGene.LENGTH | 0.104 | 0.024 | 0.181 | |
equCab1.refGene.LENGTH | 0.056 | 0.004 | 0.069 | |
equCab1.sgpGene.LENGTH | 0.124 | 0.016 | 0.141 | |
equCab2.ensGene.LENGTH | 0.264 | 0.008 | 0.270 | |
equCab2.geneSymbol.LENGTH | 0.064 | 0.000 | 0.073 | |
equCab2.nscanGene.LENGTH | 0.196 | 0.020 | 0.227 | |
equCab2.refGene.LENGTH | 0.064 | 0.004 | 0.075 | |
equCab2.xenoRefGene.LENGTH | 1.160 | 0.000 | 1.181 | |
felCat3.ensGene.LENGTH | 0.196 | 0.000 | 0.199 | |
felCat3.geneSymbol.LENGTH | 0.052 | 0.004 | 0.064 | |
felCat3.geneid.LENGTH | 1.717 | 0.008 | 1.739 | |
felCat3.genscan.LENGTH | 0.716 | 0.000 | 0.719 | |
felCat3.nscanGene.LENGTH | 0.112 | 0.016 | 0.129 | |
felCat3.refGene.LENGTH | 0.016 | 0.000 | 0.017 | |
felCat3.sgpGene.LENGTH | 0.236 | 0.000 | 0.238 | |
felCat3.xenoRefGene.LENGTH | 2.052 | 0.008 | 2.074 | |
fr1.ensGene.LENGTH | 0.156 | 0.008 | 0.165 | |
fr1.genscan.LENGTH | 0.124 | 0.008 | 0.144 | |
fr2.ensGene.LENGTH | 0.240 | 0.012 | 0.251 | |
galGal2.ensGene.LENGTH | 0.144 | 0.000 | 0.156 | |
galGal2.geneSymbol.LENGTH | 0.568 | 0.012 | 0.591 | |
galGal2.geneid.LENGTH | 0.060 | 0.012 | 0.083 | |
galGal2.genscan.LENGTH | 0.064 | 0.028 | 0.091 | |
galGal2.refGene.LENGTH | 0.016 | 0.012 | 0.040 | |
galGal2.sgpGene.LENGTH | 0.072 | 0.020 | 0.090 | |
galGal3.ensGene.LENGTH | 0.116 | 0.004 | 0.120 | |
galGal3.geneSymbol.LENGTH | 0.036 | 0.004 | 0.044 | |
galGal3.genscan.LENGTH | 0.064 | 0.024 | 0.087 | |
galGal3.nscanGene.LENGTH | 0.068 | 0.004 | 0.072 | |
galGal3.refGene.LENGTH | 0.016 | 0.008 | 0.034 | |
galGal3.xenoRefGene.LENGTH | 0.548 | 0.004 | 0.572 | |
gasAcu1.ensGene.LENGTH | 0.168 | 0.016 | 0.188 | |
gasAcu1.nscanGene.LENGTH | 0.184 | 0.020 | 0.207 | |
hg16.acembly.LENGTH | 0.760 | 0.008 | 0.769 | |
hg16.ensGene.LENGTH | 0.168 | 0.004 | 0.173 | |
hg16.exoniphy.LENGTH | 0.492 | 0.008 | 0.515 | |
hg16.geneSymbol.LENGTH | 0.096 | 0.012 | 0.115 | |
hg16.geneid.LENGTH | 0.080 | 0.008 | 0.097 | |
hg16.genscan.LENGTH | 0.088 | 0.008 | 0.101 | |
hg16.knownGene.LENGTH | 0.164 | 0.020 | 0.181 | |
hg16.refGene.LENGTH | 0.16 | 0.00 | 0.16 | |
hg16.sgpGene.LENGTH | 0.100 | 0.004 | 0.106 | |
hg17.acembly.LENGTH | 0.708 | 0.000 | 0.711 | |
hg17.acescan.LENGTH | 0.072 | 0.004 | 0.087 | |
hg17.ccdsGene.LENGTH | 0.224 | 0.012 | 0.239 | |
hg17.ensGene.LENGTH | 0.236 | 0.012 | 0.249 | |
hg17.exoniphy.LENGTH | 0.620 | 0.008 | 0.630 | |
hg17.geneSymbol.LENGTH | 0.280 | 0.000 | 0.282 | |
hg17.geneid.LENGTH | 0.184 | 0.004 | 0.190 | |
hg17.genscan.LENGTH | 0.236 | 0.008 | 0.245 | |
hg17.knownGene.LENGTH | 0.236 | 0.016 | 0.256 | |
hg17.refGene.LENGTH | 0.204 | 0.004 | 0.210 | |
hg17.sgpGene.LENGTH | 0.176 | 0.012 | 0.188 | |
hg17.vegaGene.LENGTH | 0.140 | 0.016 | 0.166 | |
hg17.vegaPseudoGene.LENGTH | 0.112 | 0.004 | 0.125 | |
hg17.xenoRefGene.LENGTH | 0.408 | 0.000 | 0.428 | |
hg18.acembly.LENGTH | 0.561 | 0.000 | 0.567 | |
hg18.acescan.LENGTH | 0.016 | 0.004 | 0.019 | |
hg18.ccdsGene.LENGTH | 0.112 | 0.004 | 0.122 | |
hg18.ensGene.LENGTH | 0.256 | 0.012 | 0.276 | |
hg18.exoniphy.LENGTH | 0.764 | 0.008 | 0.789 | |
hg18.geneSymbol.LENGTH | 0.232 | 0.008 | 0.245 | |
hg18.geneid.LENGTH | 0.204 | 0.004 | 0.209 | |
hg18.genscan.LENGTH | 0.184 | 0.000 | 0.185 | |
hg18.knownGene.LENGTH | 0.388 | 0.008 | 0.736 | |
hg18.knownGeneOld3.LENGTH | 0.696 | 0.012 | 0.710 | |
hg18.refGene.LENGTH | 0.156 | 0.008 | 0.166 | |
hg18.sgpGene.LENGTH | 0.132 | 0.016 | 0.148 | |
hg18.sibGene.LENGTH | 0.492 | 0.004 | 0.501 | |
hg18.xenoRefGene.LENGTH | 0.600 | 0.012 | 0.624 | |
hg19.ccdsGene.LENGTH | 0.136 | 0.012 | 0.146 | |
hg19.ensGene.LENGTH | 0.912 | 0.020 | 0.943 | |
hg19.exoniphy.LENGTH | 0.556 | 0.004 | 0.578 | |
hg19.geneSymbol.LENGTH | 0.128 | 0.008 | 0.136 | |
hg19.knownGene.LENGTH | 0.284 | 0.020 | 0.308 | |
hg19.nscanGene.LENGTH | 0.224 | 0.000 | 0.225 | |
hg19.refGene.LENGTH | 0.100 | 0.016 | 0.117 | |
hg19.xenoRefGene.LENGTH | 0.500 | 0.004 | 0.505 | |
loxAfr3.xenoRefGene.LENGTH | 1.820 | 0.000 | 1.849 | |
mm7.ensGene.LENGTH | 0.280 | 0.000 | 0.279 | |
mm7.geneSymbol.LENGTH | 0.200 | 0.000 | 0.203 | |
mm7.geneid.LENGTH | 0.316 | 0.012 | 0.329 | |
mm7.genscan.LENGTH | 0.176 | 0.004 | 0.178 | |
mm7.knownGene.LENGTH | 1.072 | 0.008 | 1.080 | |
mm7.refGene.LENGTH | 0.552 | 0.000 | 0.549 | |
mm7.sgpGene.LENGTH | 0.124 | 0.020 | 0.148 | |
mm7.xenoRefGene.LENGTH | 0.528 | 0.000 | 0.539 | |
mm8.ccdsGene.LENGTH | 0.088 | 0.004 | 0.100 | |
mm8.ensGene.LENGTH | 0.172 | 0.012 | 0.187 | |
mm8.geneSymbol.LENGTH | 0.180 | 0.004 | 0.183 | |
mm8.geneid.LENGTH | 0.164 | 0.012 | 0.179 | |
mm8.genscan.LENGTH | 0.080 | 0.008 | 0.086 | |
mm8.knownGene.LENGTH | 0.208 | 0.004 | 0.213 | |
mm8.nscanGene.LENGTH | 0.152 | 0.004 | 0.156 | |
mm8.refGene.LENGTH | 0.188 | 0.000 | 0.185 | |
mm8.sgpGene.LENGTH | 0.184 | 0.004 | 0.189 | |
mm8.sibGene.LENGTH | 0.532 | 0.000 | 0.542 | |
mm8.xenoRefGene.LENGTH | 0.668 | 0.012 | 0.708 | |
mm9.acembly.LENGTH | 1.532 | 0.000 | 1.533 | |
mm9.ccdsGene.LENGTH | 0.076 | 0.020 | 0.111 | |
mm9.ensGene.LENGTH | 0.240 | 0.012 | 0.259 | |
mm9.exoniphy.LENGTH | 1.200 | 0.000 | 1.214 | |
mm9.geneSymbol.LENGTH | 0.124 | 0.000 | 0.127 | |
mm9.geneid.LENGTH | 0.148 | 0.008 | 0.154 | |
mm9.genscan.LENGTH | 0.120 | 0.000 | 0.118 | |
mm9.knownGene.LENGTH | 0.168 | 0.024 | 0.192 | |
mm9.nscanGene.LENGTH | 0.120 | 0.000 | 0.122 | |
mm9.refGene.LENGTH | 0.140 | 0.000 | 0.139 | |
mm9.sgpGene.LENGTH | 0.156 | 0.008 | 0.161 | |
mm9.xenoRefGene.LENGTH | 0.440 | 0.024 | 0.500 | |
monDom1.genscan.LENGTH | 0.264 | 0.004 | 0.285 | |
monDom4.ensGene.LENGTH | 0.176 | 0.000 | 0.200 | |
monDom4.geneSymbol.LENGTH | 0.520 | 0.004 | 0.538 | |
monDom4.genscan.LENGTH | 0.080 | 0.024 | 0.108 | |
monDom4.nscanGene.LENGTH | 0.068 | 0.024 | 0.109 | |
monDom4.refGene.LENGTH | 0.004 | 0.004 | 0.015 | |
monDom4.xenoRefGene.LENGTH | 0.372 | 0.000 | 0.415 | |
monDom5.ensGene.LENGTH | 0.156 | 0.000 | 0.170 | |
monDom5.geneSymbol.LENGTH | 0.048 | 0.000 | 0.144 | |
monDom5.genscan.LENGTH | 0.068 | 0.000 | 0.073 | |
monDom5.nscanGene.LENGTH | 0.168 | 0.000 | 0.172 | |
monDom5.refGene.LENGTH | 0.064 | 0.000 | 0.091 | |
monDom5.xenoRefGene.LENGTH | 0.908 | 0.000 | 0.963 | |
ornAna1.ensGene.LENGTH | 0.160 | 0.008 | 0.179 | |
ornAna1.geneSymbol.LENGTH | 0.048 | 0.000 | 0.063 | |
ornAna1.refGene.LENGTH | 0.052 | 0.000 | 0.094 | |
ornAna1.xenoRefGene.LENGTH | 0.636 | 0.012 | 0.669 | |
oryLat2.ensGene.LENGTH | 0.132 | 0.008 | 0.165 | |
oryLat2.geneSymbol.LENGTH | 0.056 | 0.004 | 0.063 | |
oryLat2.refGene.LENGTH | 0.064 | 0.000 | 0.061 | |
oryLat2.xenoRefGene.LENGTH | 0.624 | 0.000 | 0.626 | |
panTro1.ensGene.LENGTH | 0.180 | 0.004 | 0.185 | |
panTro1.geneid.LENGTH | 0.128 | 0.024 | 0.164 | |
panTro1.genscan.LENGTH | 0.132 | 0.000 | 0.132 | |
panTro1.xenoRefGene.LENGTH | 0.208 | 0.012 | 0.224 | |
panTro2.ensGene.LENGTH | 0.184 | 0.004 | 0.190 | |
panTro2.geneSymbol.LENGTH | 0.196 | 0.008 | 0.202 | |
panTro2.genscan.LENGTH | 0.208 | 0.004 | 0.214 | |
panTro2.nscanGene.LENGTH | 0.060 | 0.004 | 0.066 | |
panTro2.refGene.LENGTH | 0.116 | 0.008 | 0.124 | |
panTro2.xenoRefGene.LENGTH | 0.532 | 0.004 | 0.535 | |
petMar1.xenoRefGene.LENGTH | 0.729 | 0.024 | 0.764 | |
ponAbe2.ensGene.LENGTH | 0.116 | 0.024 | 0.150 | |
ponAbe2.geneSymbol.LENGTH | 0.048 | 0.008 | 0.067 | |
ponAbe2.genscan.LENGTH | 0.104 | 0.000 | 0.103 | |
ponAbe2.nscanGene.LENGTH | 0.104 | 0.000 | 0.106 | |
ponAbe2.refGene.LENGTH | 0.056 | 0.004 | 0.062 | |
ponAbe2.xenoRefGene.LENGTH | 0.688 | 0.008 | 0.710 | |
priPac1.xenoRefGene.LENGTH | 0.456 | 0.000 | 0.471 | |
rheMac2.ensGene.LENGTH | 0.216 | 0.012 | 0.238 | |
rheMac2.geneSymbol.LENGTH | 0.008 | 0.000 | 0.021 | |
rheMac2.geneid.LENGTH | 0.164 | 0.008 | 0.170 | |
rheMac2.nscanGene.LENGTH | 0.128 | 0.004 | 0.133 | |
rheMac2.refGene.LENGTH | 0.012 | 0.004 | 0.021 | |
rheMac2.sgpGene.LENGTH | 0.152 | 0.008 | 0.162 | |
rheMac2.xenoRefGene.LENGTH | 0.664 | 0.004 | 0.682 | |
rn3.ensGene.LENGTH | 0.104 | 0.020 | 0.125 | |
rn3.geneSymbol.LENGTH | 0.144 | 0.016 | 0.161 | |
rn3.geneid.LENGTH | 0.064 | 0.000 | 0.063 | |
rn3.genscan.LENGTH | 0.152 | 0.004 | 0.156 | |
rn3.knownGene.LENGTH | 0.116 | 0.012 | 0.133 | |
rn3.nscanGene.LENGTH | 0.152 | 0.000 | 0.156 | |
rn3.refGene.LENGTH | 0.148 | 0.020 | 0.186 | |
rn3.sgpGene.LENGTH | 0.240 | 0.004 | 0.245 | |
rn3.xenoRefGene.LENGTH | 0.676 | 0.008 | 0.690 | |
rn4.ensGene.LENGTH | 0.244 | 0.004 | 0.265 | |
rn4.geneSymbol.LENGTH | 0.624 | 0.020 | 0.644 | |
rn4.geneid.LENGTH | 0.136 | 0.012 | 0.147 | |
rn4.genscan.LENGTH | 0.096 | 0.008 | 0.103 | |
rn4.knownGene.LENGTH | 0.064 | 0.012 | 0.173 | |
rn4.nscanGene.LENGTH | 0.132 | 0.024 | 0.162 | |
rn4.refGene.LENGTH | 0.116 | 0.016 | 0.131 | |
rn4.sgpGene.LENGTH | 0.140 | 0.016 | 0.161 | |
rn4.xenoRefGene.LENGTH | 0.564 | 0.004 | 0.580 | |
sacCer1.ensGene.LENGTH | 0.036 | 0.004 | 0.041 | |
sacCer2.ensGene.LENGTH | 0.020 | 0.020 | 0.041 | |
strPur1.geneSymbol.LENGTH | 0.012 | 0.000 | 0.012 | |
strPur1.genscan.LENGTH | 0.076 | 0.004 | 0.134 | |
strPur1.refGene.LENGTH | 0.012 | 0.000 | 0.132 | |
strPur1.xenoRefGene.LENGTH | 0.900 | 0.000 | 0.924 | |
strPur2.geneSymbol.LENGTH | 0.064 | 0.004 | 0.065 | |
strPur2.genscan.LENGTH | 0.120 | 0.008 | 0.141 | |
strPur2.refGene.LENGTH | 0.076 | 0.000 | 0.085 | |
strPur2.xenoRefGene.LENGTH | 1.120 | 0.000 | 1.131 | |
supportedGeneIDs | 0.016 | 0.000 | 0.025 | |
supportedGenomes | 0.136 | 0.008 | 0.376 | |
taeGut1.ensGene.LENGTH | 0.100 | 0.000 | 0.121 | |
taeGut1.geneSymbol.LENGTH | 0.012 | 0.000 | 0.013 | |
taeGut1.genscan.LENGTH | 0.148 | 0.008 | 0.163 | |
taeGut1.nscanGene.LENGTH | 0.116 | 0.012 | 0.130 | |
taeGut1.refGene.LENGTH | 0.080 | 0.000 | 0.114 | |
taeGut1.xenoRefGene.LENGTH | 0.736 | 0.000 | 0.757 | |
tetNig1.ensGene.LENGTH | 0.204 | 0.020 | 0.269 | |
tetNig1.geneid.LENGTH | 0.192 | 0.004 | 0.198 | |
tetNig1.genscan.LENGTH | 0.192 | 0.016 | 0.207 | |
tetNig1.nscanGene.LENGTH | 0.252 | 0.008 | 0.267 | |
tetNig2.ensGene.LENGTH | 0.216 | 0.012 | 0.231 | |
unfactor | 0.228 | 0.000 | 0.232 | |
xenTro1.genscan.LENGTH | 0.321 | 0.000 | 0.330 | |
xenTro2.ensGene.LENGTH | 0.804 | 0.024 | 0.838 | |
xenTro2.geneSymbol.LENGTH | 0.060 | 0.024 | 0.092 | |
xenTro2.genscan.LENGTH | 0.096 | 0.020 | 0.115 | |
xenTro2.refGene.LENGTH | 0.048 | 0.008 | 0.068 | |