rtracklayer 1.20.4 Michael Lawrence
Snapshot Date: 2013-10-08 17:00:48 -0700 (Tue, 08 Oct 2013) | URL: https://hedgehog.fhcrc.org/bioconductor/branches/RELEASE_2_12/madman/Rpacks/rtracklayer | Last Changed Rev: 78365 / Revision: 81334 | Last Changed Date: 2013-07-12 05:44:34 -0700 (Fri, 12 Jul 2013) |
| george2 | Linux (Ubuntu 12.04.1 LTS) / x86_64 | OK | WARNINGS | |
moscato2 | Windows Server 2008 R2 Enterprise SP1 (64-bit) / x64 | OK | OK | OK |
petty | Mac OS X Snow Leopard (10.6.8) / x86_64 | OK | [ WARNINGS ] | OK |
* using log directory '/Users/biocbuild/bbs-2.12-bioc/meat/rtracklayer.Rcheck'
* using R version 3.0.1 (2013-05-16)
* using platform: x86_64-apple-darwin10.8.0 (64-bit)
* using session charset: ASCII
* using option '--no-vignettes'
* checking for file 'rtracklayer/DESCRIPTION' ... OK
* this is package 'rtracklayer' version '1.20.4'
* checking package namespace information ... OK
* checking package dependencies ... OK
* checking if this is a source package ... OK
* checking if there is a namespace ... OK
* checking for hidden files and directories ... OK
* checking for portable file names ... OK
* checking for sufficient/correct file permissions ... OK
* checking whether package 'rtracklayer' can be installed ... [43s/50s] OK
* checking installed package size ... OK
* checking package directory ... OK
* checking DESCRIPTION meta-information ... OK
* checking top-level files ... OK
* checking for left-over files ... OK
* checking index information ... OK
* checking package subdirectories ... OK
* checking R files for non-ASCII characters ... OK
* checking R files for syntax errors ... OK
* checking whether the package can be loaded ... OK
* checking whether the package can be loaded with stated dependencies ... OK
* checking whether the package can be unloaded cleanly ... OK
* checking whether the namespace can be loaded with stated dependencies ... OK
* checking whether the namespace can be unloaded cleanly ... OK
* checking for unstated dependencies in R code ... OK
* checking S3 generic/method consistency ... OK
* checking replacement functions ... OK
* checking foreign function calls ... OK
* checking R code for possible problems ... OK
* checking Rd files ... OK
* checking Rd metadata ... OK
* checking Rd cross-references ... OK
* checking for missing documentation entries ... OK
* checking for code/documentation mismatches ... OK
* checking Rd \usage sections ... OK
* checking Rd contents ... OK
* checking for unstated dependencies in examples ... OK
* checking contents of 'data' directory ... OK
* checking data for non-ASCII characters ... OK
* checking data for ASCII and uncompressed saves ... OK
* checking line endings in C/C++/Fortran sources/headers ... OK
* checking line endings in Makefiles ... OK
* checking for portable compilation flags in Makevars ... OK
* checking for portable use of $(BLAS_LIBS) and $(LAPACK_LIBS) ... OK
* checking compiled code ... WARNING
File '/Users/biocbuild/bbs-2.12-bioc/meat/rtracklayer.Rcheck/rtracklayer/libs/rtracklayer.so':
Found '___stderrp', possibly from 'stderr' (C)
Objects: 'ucsc/errabort.o', 'ucsc/obscure.o', 'ucsc/net.o',
'ucsc/verbose.o', 'ucsc/os.o'
Found '___stdoutp', possibly from 'stdout' (C)
Objects: 'ucsc/common.o', 'ucsc/errabort.o', 'ucsc/net.o',
'ucsc/verbose.o', 'ucsc/os.o'
Found '_abort', possibly from 'abort' (C)
Object: 'ucsc/errabort.o'
Found '_exit', possibly from 'exit' (C)
Objects: 'ucsc/errabort.o', 'ucsc/pipeline.o'
Found '_printf', possibly from 'printf' (C)
Objects: 'ucsc/pipeline.o', 'ucsc/net.o'
Found '_putchar', possibly from 'putchar' (C)
Object: 'ucsc/net.o'
Found '_puts', possibly from 'printf' (C), 'puts' (C)
Object: 'ucsc/pipeline.o'
Compiled code should not call entry points which might terminate R nor
write to stdout/stderr instead of to the console.
See 'Writing portable packages' in the 'Writing R Extensions' manual.
* checking sizes of PDF files under 'inst/doc' ... OK
* checking installed files from 'inst/doc' ... OK
* checking examples ... [50s/52s] OK
Examples with CPU or elapsed time > 5s
user system elapsed
BigWigFile 20.713 1.646 22.868
* checking for unstated dependencies in tests ... OK
* checking tests ...
Running 'rtracklayer_unit_tests.R' [125s/128s]
[125s/128s] OK
* checking for unstated dependencies in vignettes ... OK
* checking package vignettes in 'inst/doc' ... OK
* checking running R code from vignettes ... SKIPPED
* checking re-building of vignettes ... SKIPPED
* checking PDF version of manual ... OK
WARNING: There was 1 warning.
See
'/Users/biocbuild/bbs-2.12-bioc/meat/rtracklayer.Rcheck/00check.log'
for details.
* installing *source* package 'rtracklayer' ...
** libs
llvm-gcc-4.2 -arch x86_64 -std=gnu99 -I/Library/Frameworks/R.framework/Resources/include -DNDEBUG -D_FILE_OFFSET_BITS=64 -I/usr/local/include -I"/Library/Frameworks/R.framework/Versions/3.0/Resources/library/IRanges/include" -g -fPIC -mtune=core2 -g -O2 -c IRanges_stubs.c -o IRanges_stubs.o
llvm-gcc-4.2 -arch x86_64 -std=gnu99 -I/Library/Frameworks/R.framework/Resources/include -DNDEBUG -D_FILE_OFFSET_BITS=64 -I/usr/local/include -I"/Library/Frameworks/R.framework/Versions/3.0/Resources/library/IRanges/include" -g -fPIC -mtune=core2 -g -O2 -c R_init_rtracklayer.c -o R_init_rtracklayer.o
llvm-gcc-4.2 -arch x86_64 -std=gnu99 -I/Library/Frameworks/R.framework/Resources/include -DNDEBUG -D_FILE_OFFSET_BITS=64 -I/usr/local/include -I"/Library/Frameworks/R.framework/Versions/3.0/Resources/library/IRanges/include" -g -fPIC -mtune=core2 -g -O2 -c bigWig.c -o bigWig.o
llvm-gcc-4.2 -arch x86_64 -std=gnu99 -I/Library/Frameworks/R.framework/Resources/include -DNDEBUG -D_FILE_OFFSET_BITS=64 -I/usr/local/include -I"/Library/Frameworks/R.framework/Versions/3.0/Resources/library/IRanges/include" -g -fPIC -mtune=core2 -g -O2 -c chain_io.c -o chain_io.o
llvm-gcc-4.2 -arch x86_64 -std=gnu99 -I/Library/Frameworks/R.framework/Resources/include -DNDEBUG -D_FILE_OFFSET_BITS=64 -I/usr/local/include -I"/Library/Frameworks/R.framework/Versions/3.0/Resources/library/IRanges/include" -g -fPIC -mtune=core2 -g -O2 -c twoBit.c -o twoBit.o
llvm-gcc-4.2 -arch x86_64 -std=gnu99 -I/Library/Frameworks/R.framework/Resources/include -DNDEBUG -D_FILE_OFFSET_BITS=64 -I/usr/local/include -I"/Library/Frameworks/R.framework/Versions/3.0/Resources/library/IRanges/include" -g -fPIC -mtune=core2 -g -O2 -c handlers.c -o handlers.o
llvm-gcc-4.2 -arch x86_64 -std=gnu99 -I/Library/Frameworks/R.framework/Resources/include -DNDEBUG -D_FILE_OFFSET_BITS=64 -I/usr/local/include -I"/Library/Frameworks/R.framework/Versions/3.0/Resources/library/IRanges/include" -g -fPIC -mtune=core2 -g -O2 -c utils.c -o utils.o
llvm-gcc-4.2 -arch x86_64 -std=gnu99 -I/Library/Frameworks/R.framework/Resources/include -DNDEBUG -D_FILE_OFFSET_BITS=64 -I/usr/local/include -I"/Library/Frameworks/R.framework/Versions/3.0/Resources/library/IRanges/include" -g -fPIC -mtune=core2 -g -O2 -c ucsc/bPlusTree.c -o ucsc/bPlusTree.o
llvm-gcc-4.2 -arch x86_64 -std=gnu99 -I/Library/Frameworks/R.framework/Resources/include -DNDEBUG -D_FILE_OFFSET_BITS=64 -I/usr/local/include -I"/Library/Frameworks/R.framework/Versions/3.0/Resources/library/IRanges/include" -g -fPIC -mtune=core2 -g -O2 -c ucsc/bbiRead.c -o ucsc/bbiRead.o
llvm-gcc-4.2 -arch x86_64 -std=gnu99 -I/Library/Frameworks/R.framework/Resources/include -DNDEBUG -D_FILE_OFFSET_BITS=64 -I/usr/local/include -I"/Library/Frameworks/R.framework/Versions/3.0/Resources/library/IRanges/include" -g -fPIC -mtune=core2 -g -O2 -c ucsc/bbiWrite.c -o ucsc/bbiWrite.o
llvm-gcc-4.2 -arch x86_64 -std=gnu99 -I/Library/Frameworks/R.framework/Resources/include -DNDEBUG -D_FILE_OFFSET_BITS=64 -I/usr/local/include -I"/Library/Frameworks/R.framework/Versions/3.0/Resources/library/IRanges/include" -g -fPIC -mtune=core2 -g -O2 -c ucsc/bwgCreate.c -o ucsc/bwgCreate.o
llvm-gcc-4.2 -arch x86_64 -std=gnu99 -I/Library/Frameworks/R.framework/Resources/include -DNDEBUG -D_FILE_OFFSET_BITS=64 -I/usr/local/include -I"/Library/Frameworks/R.framework/Versions/3.0/Resources/library/IRanges/include" -g -fPIC -mtune=core2 -g -O2 -c ucsc/bwgQuery.c -o ucsc/bwgQuery.o
llvm-gcc-4.2 -arch x86_64 -std=gnu99 -I/Library/Frameworks/R.framework/Resources/include -DNDEBUG -D_FILE_OFFSET_BITS=64 -I/usr/local/include -I"/Library/Frameworks/R.framework/Versions/3.0/Resources/library/IRanges/include" -g -fPIC -mtune=core2 -g -O2 -c ucsc/cirTree.c -o ucsc/cirTree.o
llvm-gcc-4.2 -arch x86_64 -std=gnu99 -I/Library/Frameworks/R.framework/Resources/include -DNDEBUG -D_FILE_OFFSET_BITS=64 -I/usr/local/include -I"/Library/Frameworks/R.framework/Versions/3.0/Resources/library/IRanges/include" -g -fPIC -mtune=core2 -g -O2 -c ucsc/common.c -o ucsc/common.o
llvm-gcc-4.2 -arch x86_64 -std=gnu99 -I/Library/Frameworks/R.framework/Resources/include -DNDEBUG -D_FILE_OFFSET_BITS=64 -I/usr/local/include -I"/Library/Frameworks/R.framework/Versions/3.0/Resources/library/IRanges/include" -g -fPIC -mtune=core2 -g -O2 -c ucsc/dnaseq.c -o ucsc/dnaseq.o
llvm-gcc-4.2 -arch x86_64 -std=gnu99 -I/Library/Frameworks/R.framework/Resources/include -DNDEBUG -D_FILE_OFFSET_BITS=64 -I/usr/local/include -I"/Library/Frameworks/R.framework/Versions/3.0/Resources/library/IRanges/include" -g -fPIC -mtune=core2 -g -O2 -c ucsc/dnautil.c -o ucsc/dnautil.o
llvm-gcc-4.2 -arch x86_64 -std=gnu99 -I/Library/Frameworks/R.framework/Resources/include -DNDEBUG -D_FILE_OFFSET_BITS=64 -I/usr/local/include -I"/Library/Frameworks/R.framework/Versions/3.0/Resources/library/IRanges/include" -g -fPIC -mtune=core2 -g -O2 -c ucsc/errabort.c -o ucsc/errabort.o
llvm-gcc-4.2 -arch x86_64 -std=gnu99 -I/Library/Frameworks/R.framework/Resources/include -DNDEBUG -D_FILE_OFFSET_BITS=64 -I/usr/local/include -I"/Library/Frameworks/R.framework/Versions/3.0/Resources/library/IRanges/include" -g -fPIC -mtune=core2 -g -O2 -c ucsc/hash.c -o ucsc/hash.o
llvm-gcc-4.2 -arch x86_64 -std=gnu99 -I/Library/Frameworks/R.framework/Resources/include -DNDEBUG -D_FILE_OFFSET_BITS=64 -I/usr/local/include -I"/Library/Frameworks/R.framework/Versions/3.0/Resources/library/IRanges/include" -g -fPIC -mtune=core2 -g -O2 -c ucsc/linefile.c -o ucsc/linefile.o
llvm-gcc-4.2 -arch x86_64 -std=gnu99 -I/Library/Frameworks/R.framework/Resources/include -DNDEBUG -D_FILE_OFFSET_BITS=64 -I/usr/local/include -I"/Library/Frameworks/R.framework/Versions/3.0/Resources/library/IRanges/include" -g -fPIC -mtune=core2 -g -O2 -c ucsc/localmem.c -o ucsc/localmem.o
llvm-gcc-4.2 -arch x86_64 -std=gnu99 -I/Library/Frameworks/R.framework/Resources/include -DNDEBUG -D_FILE_OFFSET_BITS=64 -I/usr/local/include -I"/Library/Frameworks/R.framework/Versions/3.0/Resources/library/IRanges/include" -g -fPIC -mtune=core2 -g -O2 -c ucsc/sqlNum.c -o ucsc/sqlNum.o
llvm-gcc-4.2 -arch x86_64 -std=gnu99 -I/Library/Frameworks/R.framework/Resources/include -DNDEBUG -D_FILE_OFFSET_BITS=64 -I/usr/local/include -I"/Library/Frameworks/R.framework/Versions/3.0/Resources/library/IRanges/include" -g -fPIC -mtune=core2 -g -O2 -c ucsc/zlibFace.c -o ucsc/zlibFace.o
llvm-gcc-4.2 -arch x86_64 -std=gnu99 -I/Library/Frameworks/R.framework/Resources/include -DNDEBUG -D_FILE_OFFSET_BITS=64 -I/usr/local/include -I"/Library/Frameworks/R.framework/Versions/3.0/Resources/library/IRanges/include" -g -fPIC -mtune=core2 -g -O2 -c ucsc/dystring.c -o ucsc/dystring.o
llvm-gcc-4.2 -arch x86_64 -std=gnu99 -I/Library/Frameworks/R.framework/Resources/include -DNDEBUG -D_FILE_OFFSET_BITS=64 -I/usr/local/include -I"/Library/Frameworks/R.framework/Versions/3.0/Resources/library/IRanges/include" -g -fPIC -mtune=core2 -g -O2 -c ucsc/hmmstats.c -o ucsc/hmmstats.o
llvm-gcc-4.2 -arch x86_64 -std=gnu99 -I/Library/Frameworks/R.framework/Resources/include -DNDEBUG -D_FILE_OFFSET_BITS=64 -I/usr/local/include -I"/Library/Frameworks/R.framework/Versions/3.0/Resources/library/IRanges/include" -g -fPIC -mtune=core2 -g -O2 -c ucsc/obscure.c -o ucsc/obscure.o
llvm-gcc-4.2 -arch x86_64 -std=gnu99 -I/Library/Frameworks/R.framework/Resources/include -DNDEBUG -D_FILE_OFFSET_BITS=64 -I/usr/local/include -I"/Library/Frameworks/R.framework/Versions/3.0/Resources/library/IRanges/include" -g -fPIC -mtune=core2 -g -O2 -c ucsc/pipeline.c -o ucsc/pipeline.o
llvm-gcc-4.2 -arch x86_64 -std=gnu99 -I/Library/Frameworks/R.framework/Resources/include -DNDEBUG -D_FILE_OFFSET_BITS=64 -I/usr/local/include -I"/Library/Frameworks/R.framework/Versions/3.0/Resources/library/IRanges/include" -g -fPIC -mtune=core2 -g -O2 -c ucsc/rangeTree.c -o ucsc/rangeTree.o
llvm-gcc-4.2 -arch x86_64 -std=gnu99 -I/Library/Frameworks/R.framework/Resources/include -DNDEBUG -D_FILE_OFFSET_BITS=64 -I/usr/local/include -I"/Library/Frameworks/R.framework/Versions/3.0/Resources/library/IRanges/include" -g -fPIC -mtune=core2 -g -O2 -c ucsc/rbTree.c -o ucsc/rbTree.o
llvm-gcc-4.2 -arch x86_64 -std=gnu99 -I/Library/Frameworks/R.framework/Resources/include -DNDEBUG -D_FILE_OFFSET_BITS=64 -I/usr/local/include -I"/Library/Frameworks/R.framework/Versions/3.0/Resources/library/IRanges/include" -g -fPIC -mtune=core2 -g -O2 -c ucsc/memalloc.c -o ucsc/memalloc.o
llvm-gcc-4.2 -arch x86_64 -std=gnu99 -I/Library/Frameworks/R.framework/Resources/include -DNDEBUG -D_FILE_OFFSET_BITS=64 -I/usr/local/include -I"/Library/Frameworks/R.framework/Versions/3.0/Resources/library/IRanges/include" -g -fPIC -mtune=core2 -g -O2 -c ucsc/dlist.c -o ucsc/dlist.o
llvm-gcc-4.2 -arch x86_64 -std=gnu99 -I/Library/Frameworks/R.framework/Resources/include -DNDEBUG -D_FILE_OFFSET_BITS=64 -I/usr/local/include -I"/Library/Frameworks/R.framework/Versions/3.0/Resources/library/IRanges/include" -g -fPIC -mtune=core2 -g -O2 -c ucsc/udc.c -o ucsc/udc.o
llvm-gcc-4.2 -arch x86_64 -std=gnu99 -I/Library/Frameworks/R.framework/Resources/include -DNDEBUG -D_FILE_OFFSET_BITS=64 -I/usr/local/include -I"/Library/Frameworks/R.framework/Versions/3.0/Resources/library/IRanges/include" -g -fPIC -mtune=core2 -g -O2 -c ucsc/net.c -o ucsc/net.o
llvm-gcc-4.2 -arch x86_64 -std=gnu99 -I/Library/Frameworks/R.framework/Resources/include -DNDEBUG -D_FILE_OFFSET_BITS=64 -I/usr/local/include -I"/Library/Frameworks/R.framework/Versions/3.0/Resources/library/IRanges/include" -g -fPIC -mtune=core2 -g -O2 -c ucsc/bits.c -o ucsc/bits.o
llvm-gcc-4.2 -arch x86_64 -std=gnu99 -I/Library/Frameworks/R.framework/Resources/include -DNDEBUG -D_FILE_OFFSET_BITS=64 -I/usr/local/include -I"/Library/Frameworks/R.framework/Versions/3.0/Resources/library/IRanges/include" -g -fPIC -mtune=core2 -g -O2 -c ucsc/twoBit.c -o ucsc/twoBit.o
llvm-gcc-4.2 -arch x86_64 -std=gnu99 -I/Library/Frameworks/R.framework/Resources/include -DNDEBUG -D_FILE_OFFSET_BITS=64 -I/usr/local/include -I"/Library/Frameworks/R.framework/Versions/3.0/Resources/library/IRanges/include" -g -fPIC -mtune=core2 -g -O2 -c ucsc/_cheapcgi.c -o ucsc/_cheapcgi.o
llvm-gcc-4.2 -arch x86_64 -std=gnu99 -I/Library/Frameworks/R.framework/Resources/include -DNDEBUG -D_FILE_OFFSET_BITS=64 -I/usr/local/include -I"/Library/Frameworks/R.framework/Versions/3.0/Resources/library/IRanges/include" -g -fPIC -mtune=core2 -g -O2 -c ucsc/internet.c -o ucsc/internet.o
llvm-gcc-4.2 -arch x86_64 -std=gnu99 -I/Library/Frameworks/R.framework/Resources/include -DNDEBUG -D_FILE_OFFSET_BITS=64 -I/usr/local/include -I"/Library/Frameworks/R.framework/Versions/3.0/Resources/library/IRanges/include" -g -fPIC -mtune=core2 -g -O2 -c ucsc/https.c -o ucsc/https.o
llvm-gcc-4.2 -arch x86_64 -std=gnu99 -I/Library/Frameworks/R.framework/Resources/include -DNDEBUG -D_FILE_OFFSET_BITS=64 -I/usr/local/include -I"/Library/Frameworks/R.framework/Versions/3.0/Resources/library/IRanges/include" -g -fPIC -mtune=core2 -g -O2 -c ucsc/base64.c -o ucsc/base64.o
llvm-gcc-4.2 -arch x86_64 -std=gnu99 -I/Library/Frameworks/R.framework/Resources/include -DNDEBUG -D_FILE_OFFSET_BITS=64 -I/usr/local/include -I"/Library/Frameworks/R.framework/Versions/3.0/Resources/library/IRanges/include" -g -fPIC -mtune=core2 -g -O2 -c ucsc/verbose.c -o ucsc/verbose.o
llvm-gcc-4.2 -arch x86_64 -std=gnu99 -I/Library/Frameworks/R.framework/Resources/include -DNDEBUG -D_FILE_OFFSET_BITS=64 -I/usr/local/include -I"/Library/Frameworks/R.framework/Versions/3.0/Resources/library/IRanges/include" -g -fPIC -mtune=core2 -g -O2 -c ucsc/os.c -o ucsc/os.o
llvm-gcc-4.2 -arch x86_64 -std=gnu99 -I/Library/Frameworks/R.framework/Resources/include -DNDEBUG -D_FILE_OFFSET_BITS=64 -I/usr/local/include -I"/Library/Frameworks/R.framework/Versions/3.0/Resources/library/IRanges/include" -g -fPIC -mtune=core2 -g -O2 -c ucsc/wildcmp.c -o ucsc/wildcmp.o
llvm-gcc-4.2 -arch x86_64 -std=gnu99 -I/Library/Frameworks/R.framework/Resources/include -DNDEBUG -D_FILE_OFFSET_BITS=64 -I/usr/local/include -I"/Library/Frameworks/R.framework/Versions/3.0/Resources/library/IRanges/include" -g -fPIC -mtune=core2 -g -O2 -c ucsc/_portimpl.c -o ucsc/_portimpl.o
llvm-gcc-4.2 -arch x86_64 -std=gnu99 -dynamiclib -Wl,-headerpad_max_install_names -undefined dynamic_lookup -single_module -multiply_defined suppress -L/usr/local/lib -L/usr/local/lib -o rtracklayer.so IRanges_stubs.o R_init_rtracklayer.o bigWig.o chain_io.o twoBit.o handlers.o utils.o ucsc/bPlusTree.o ucsc/bbiRead.o ucsc/bbiWrite.o ucsc/bwgCreate.o ucsc/bwgQuery.o ucsc/cirTree.o ucsc/common.o ucsc/dnaseq.o ucsc/dnautil.o ucsc/errabort.o ucsc/hash.o ucsc/linefile.o ucsc/localmem.o ucsc/sqlNum.o ucsc/zlibFace.o ucsc/dystring.o ucsc/hmmstats.o ucsc/obscure.o ucsc/pipeline.o ucsc/rangeTree.o ucsc/rbTree.o ucsc/memalloc.o ucsc/dlist.o ucsc/udc.o ucsc/net.o ucsc/bits.o ucsc/twoBit.o ucsc/_cheapcgi.o ucsc/internet.o ucsc/https.o ucsc/base64.o ucsc/verbose.o ucsc/os.o ucsc/wildcmp.o ucsc/_portimpl.o -lz -pthread -F/Library/Frameworks/R.framework/.. -framework R -Wl,-framework -Wl,CoreFoundation
installing to /Users/biocbuild/bbs-2.12-bioc/meat/rtracklayer.Rcheck/rtracklayer/libs
** R
** data
** demo
** inst
** preparing package for lazy loading
Creating a generic function for 'offset' from package 'stats' in package 'rtracklayer'
Creating a generic function from function 'uri' in package 'rtracklayer'
** help
*** installing help indices
** building package indices
** installing vignettes
** testing if installed package can be loaded
* DONE (rtracklayer)