lumi 2.11.5 Pan Du
Snapshot Date: 2013-01-15 17:01:14 -0800 (Tue, 15 Jan 2013) | URL: https://hedgehog.fhcrc.org/bioconductor/trunk/madman/Rpacks/lumi | Last Changed Rev: 72537 / Revision: 72575 | Last Changed Date: 2013-01-15 09:59:43 -0800 (Tue, 15 Jan 2013) |
| george2 | Linux (Ubuntu 12.04.1 LTS) / x86_64 | OK | WARNINGS | |
lamb2 | Linux (openSUSE 11.4) / x86_64 | OK | [ WARNINGS ] | |
moscato2 | Windows Server 2008 R2 Enterprise SP1 (64-bit) / x64 | OK | WARNINGS | OK |
petty | Mac OS X Leopard (10.5.8) / i386 | OK | WARNINGS | OK |
* using log directory ‘/loc/home/biocbuild/bbs-2.12-bioc/meat/lumi.Rcheck’
* using R Under development (unstable) (2012-12-17 r61365)
* using platform: x86_64-unknown-linux-gnu (64-bit)
* using session charset: UTF-8
* using option ‘--no-vignettes’
* checking for file ‘lumi/DESCRIPTION’ ... OK
* checking extension type ... Package
* this is package ‘lumi’ version ‘2.11.5’
* checking package namespace information ... OK
* checking package dependencies ... OK
* checking if this is a source package ... OK
* checking if there is a namespace ... OK
* checking for hidden files and directories ... OK
* checking for portable file names ... OK
* checking for sufficient/correct file permissions ... OK
* checking whether package ‘lumi’ can be installed ... OK
* checking installed package size ... NOTE
installed size is 12.1Mb
sub-directories of 1Mb or more:
data 3.6Mb
doc 7.8Mb
* checking package directory ... OK
* checking DESCRIPTION meta-information ... OK
* checking top-level files ... OK
* checking for left-over files ... OK
* checking index information ... OK
* checking package subdirectories ... OK
* checking R files for non-ASCII characters ... OK
* checking R files for syntax errors ... OK
* checking whether the package can be loaded ... OK
* checking whether the package can be loaded with stated dependencies ... OK
* checking whether the package can be unloaded cleanly ... OK
* checking whether the namespace can be loaded with stated dependencies ... OK
* checking whether the namespace can be unloaded cleanly ... OK
* checking for unstated dependencies in R code ... OK
* checking S3 generic/method consistency ... OK
* checking replacement functions ... OK
* checking foreign function calls ... OK
* checking R code for possible problems ... OK
* checking Rd files ... NOTE
prepare_Rd: getChrInfo.Rd:23-25: Dropping empty section \details
prepare_Rd: getChrInfo.Rd:29-31: Dropping empty section \references
prepare_Rd: getChrInfo.Rd:38-40: Dropping empty section \seealso
prepare_Rd: getChrInfo.Rd:41-44: Dropping empty section \examples
prepare_Rd: importMethyIDAT.Rd:44-47: Dropping empty section \examples
* checking Rd metadata ... OK
* checking Rd cross-references ... OK
* checking for missing documentation entries ... OK
* checking for code/documentation mismatches ... WARNING
Codoc mismatches from documentation object 'pairs-methods':
\S4method{pairs}{ExpressionSet}
Code: function(x, ..., smoothScatter = FALSE, logMode = TRUE, subset
= 5000, fold = 2, dotColor = 1, highlight = NULL,
highlightColor = 2, main = NULL)
Docs: function(x, ..., smoothScatter = FALSE, logMode = TRUE, subset
= 5000, fold = 2, dotColor = 1, main = NULL)
Argument names in code not in docs:
highlight highlightColor
Mismatches in argument names:
Position: 8 Code: highlight Docs: main
* checking Rd \usage sections ... OK
* checking Rd contents ... OK
* checking for unstated dependencies in examples ... OK
* checking contents of ‘data’ directory ... OK
* checking data for non-ASCII characters ... OK
* checking data for ASCII and uncompressed saves ... OK
* checking installed files from ‘inst/doc’ ... OK
* checking examples ... OK
Examples with CPU or elapsed time > 5s
user system elapsed
lumiMethyStatus 198.153 0.108 198.758
nuID2RefSeqID 30.470 0.016 30.584
getNuIDMappingInfo 22.741 0.036 22.786
nuID2EntrezID 20.569 0.016 20.692
methylationCall 10.533 0.012 10.620
plotGammaFit 10.504 0.000 10.510
getChipInfo 9.997 0.152 10.490
gammaFitEM 9.973 0.004 10.012
nuID2IlluminaID 7.877 0.012 7.939
probeID2nuID 6.656 0.012 6.670
MAplot-methods 6.600 0.048 6.694
nuID2targetID 6.544 0.004 6.557
nuID2probeID 6.460 0.012 6.509
targetID2nuID 6.152 0.028 6.203
* checking for unstated dependencies in vignettes ... OK
* checking package vignettes in ‘inst/doc’ ... OK
* checking running R code from vignettes ... SKIPPED
* checking re-building of vignettes ... SKIPPED
* checking PDF version of manual ... OK
WARNING: There was 1 warning.
NOTE: There were 2 notes.
See
‘/loc/home/biocbuild/bbs-2.12-bioc/meat/lumi.Rcheck/00check.log’
for details.
* installing *source* package ‘lumi’ ...
** R
** data
** inst
** preparing package for lazy loading
Warning: replacing previous import ‘image’ when loading ‘graphics’
Warning: replacing previous import ‘nleqslv’ when loading ‘nleqslv’
** help
*** installing help indices
** building package indices
** installing vignettes
‘IlluminaAnnotation.Rnw’
‘lumi.Rnw’
‘lumi_VST_evaluation.Rnw’
‘methylationAnalysis.Rnw’
** testing if installed package can be loaded
Warning: replacing previous import ‘image’ when loading ‘graphics’
Warning: replacing previous import ‘nleqslv’ when loading ‘nleqslv’
* DONE (lumi)