IPPD 1.7.0 Martin Slawski
 | Snapshot Date: 2013-01-15 17:01:14 -0800 (Tue, 15 Jan 2013) |  | URL: https://hedgehog.fhcrc.org/bioconductor/trunk/madman/Rpacks/IPPD |  | Last Changed Rev: 70052 / Revision: 72575 |  | Last Changed Date: 2012-10-01 15:43:56 -0700 (Mon, 01 Oct 2012) |  
  | george2  | Linux (Ubuntu 12.04.1 LTS) / x86_64  |  OK  |  OK  |  | 
| lamb2  | Linux (openSUSE 11.4) / x86_64  | [ ERROR ] |  skipped  |  | 
| moscato2  | Windows Server 2008 R2 Enterprise SP1 (64-bit) / x64  |  OK  |  OK  |  OK  | 
| petty  | Mac OS X Leopard (10.5.8) / i386  |  OK  |  OK  |  OK  | 
* checking for file ‘IPPD/DESCRIPTION’ ... OK
* preparing ‘IPPD’:
* checking DESCRIPTION meta-information ... OK
* cleaning src
* installing the package to re-build vignettes
* creating vignettes ... ERROR
Loading required package: MASS
Loading required package: Matrix
Loading required package: lattice
Loading required package: XML
Loading required package: digest
Loading required package: bitops
Error: processing vignette ‘IPPD.Rnw’ failed with diagnostics:
 chunk 15 (label = mzXML) 
Error in download.file("http://www.ml.uni-saarland.de/code/IPPD/CytoC_1860-2200_500-600.mzXML",  : 
  cannot open URL ‘http://www.ml.uni-saarland.de/code/IPPD/CytoC_1860-2200_500-600.mzXML’
Execution halted