HilbertVis 1.18.0 Simon Anders
Snapshot Date: 2013-04-30 17:01:37 -0700 (Tue, 30 Apr 2013) | URL: https://hedgehog.fhcrc.org/bioconductor/branches/RELEASE_2_12/madman/Rpacks/HilbertVis | Last Changed Rev: 75263 / Revision: 76155 | Last Changed Date: 2013-04-03 14:32:27 -0700 (Wed, 03 Apr 2013) |
| george2 | Linux (Ubuntu 12.04.1 LTS) / x86_64 | OK | WARNINGS | |
moscato2 | Windows Server 2008 R2 Enterprise SP1 (64-bit) / x64 | OK | OK | OK |
petty | Mac OS X Snow Leopard (10.6.8) / x86_64 | OK | WARNINGS | OK |
pelham | Mac OS X Snow Leopard (10.6.8) / x86_64 | OK | [ WARNINGS ] | OK |
* using log directory '/Users/biocbuild/bbs-2.12-bioc/meat/HilbertVis.Rcheck'
* using R version 3.0.0 Patched (2013-04-08 r62531)
* using platform: x86_64-apple-darwin10.8.0 (64-bit)
* using session charset: ASCII
* using option '--no-vignettes'
* checking for file 'HilbertVis/DESCRIPTION' ... OK
* this is package 'HilbertVis' version '1.18.0'
* checking package namespace information ... OK
* checking package dependencies ... OK
* checking if this is a source package ... OK
* checking if there is a namespace ... OK
* checking for hidden files and directories ... OK
* checking for portable file names ... OK
* checking for sufficient/correct file permissions ... OK
* checking whether package 'HilbertVis' can be installed ... [2s/3s] OK
* checking installed package size ... OK
* checking package directory ... OK
* checking DESCRIPTION meta-information ... OK
* checking top-level files ... OK
* checking for left-over files ... OK
* checking index information ... OK
* checking package subdirectories ... OK
* checking R files for non-ASCII characters ... OK
* checking R files for syntax errors ... OK
* checking whether the package can be loaded ... OK
* checking whether the package can be loaded with stated dependencies ... OK
* checking whether the package can be unloaded cleanly ... OK
* checking whether the namespace can be loaded with stated dependencies ... OK
* checking whether the namespace can be unloaded cleanly ... OK
* checking for unstated dependencies in R code ... OK
* checking S3 generic/method consistency ... OK
* checking replacement functions ... OK
* checking foreign function calls ... OK
* checking R code for possible problems ... NOTE
plotHilbertCurve: warning in viewport(x = 0.5, y = 0.5, width = 1,
height = 1, default.unit = "snpc"): partial argument match of
'default.unit' to 'default.units'
* checking Rd files ... OK
* checking Rd metadata ... OK
* checking Rd cross-references ... OK
* checking for missing documentation entries ... OK
* checking for code/documentation mismatches ... OK
* checking Rd \usage sections ... OK
* checking Rd contents ... OK
* checking for unstated dependencies in examples ... OK
* checking line endings in C/C++/Fortran sources/headers ... OK
* checking line endings in Makefiles ... OK
* checking for portable use of $(BLAS_LIBS) and $(LAPACK_LIBS) ... OK
* checking compiled code ... WARNING
File '/Users/biocbuild/bbs-2.12-bioc/meat/HilbertVis.Rcheck/HilbertVis/libs/HilbertVis.so':
Found '_abort', possibly from 'abort' (C)
Object: 'hilbert.o'
Compiled code should not call entry points which might terminate R nor
write to stdout/stderr instead of to the console.
See 'Writing portable packages' in the 'Writing R Extensions' manual.
* checking installed files from 'inst/doc' ... NOTE
The following files should probably not be installed:
'HilbertVis.tex', 'Makefile', 'simon2.bst'
Consider the use of a .Rinstignore file: see 'Writing R Extensions',
or move the vignette sources from 'inst/doc' to 'vignettes'.
* checking examples ... [8s/9s] OK
Examples with CPU or elapsed time > 5s
user system elapsed
hilbertImage 5.945 0.573 6.99
* checking for unstated dependencies in vignettes ... OK
* checking package vignettes in 'inst/doc' ... OK
* checking running R code from vignettes ... SKIPPED
* checking re-building of vignettes ... SKIPPED
* checking PDF version of manual ... OK
WARNING: There was 1 warning.
NOTE: There were 2 notes.
See
'/Users/biocbuild/bbs-2.12-bioc/meat/HilbertVis.Rcheck/00check.log'
for details.
* installing *source* package 'HilbertVis' ...
** libs
clang -I/Library/Frameworks/R.framework/Resources/include -DNDEBUG -I/usr/local/include -fPIC -mtune=native -ggdb -O0 -Wall -pedantic -Wconversion -c hilbert.c -o hilbert.o
hilbert.c:20:46: warning: implicit conversion loses integer precision: 'long' to 'int' [-Wshorten-64-to-32]
case 1: { return (coord) { c.x, c.y + ( 1l << (lv-1) ) }; }
˜ ˜˜˜˜^˜˜˜˜˜˜˜˜˜˜˜˜˜˜˜˜˜
hilbert.c:21:41: warning: implicit conversion loses integer precision: 'long' to 'int' [-Wshorten-64-to-32]
case 2: { return (coord) { c.x + ( 1l << (lv-1) ), c.y + ( 1l << (lv-1) ) }; }
˜ ˜˜˜˜^˜˜˜˜˜˜˜˜˜˜˜˜˜˜˜˜˜
hilbert.c:21:65: warning: implicit conversion loses integer precision: 'long' to 'int' [-Wshorten-64-to-32]
case 2: { return (coord) { c.x + ( 1l << (lv-1) ), c.y + ( 1l << (lv-1) ) }; }
˜ ˜˜˜˜^˜˜˜˜˜˜˜˜˜˜˜˜˜˜˜˜˜
hilbert.c:22:50: warning: implicit conversion loses integer precision: 'long' to 'int' [-Wshorten-64-to-32]
case 3: { return (coord) { (1l<<lv) - 1 - c.y, ( 1l << (lv-1) ) - 1 - c.x }; }
˜ ˜˜˜˜˜˜˜˜˜˜˜˜˜^˜˜˜˜
hilbert.c:22:78: warning: implicit conversion loses integer precision: 'long' to 'int' [-Wshorten-64-to-32]
case 3: { return (coord) { (1l<<lv) - 1 - c.y, ( 1l << (lv-1) ) - 1 - c.x }; }
˜ ˜˜˜˜˜˜˜˜˜˜˜˜˜˜˜˜˜˜˜˜˜^˜˜˜˜
5 warnings generated.
clang -I/Library/Frameworks/R.framework/Resources/include -DNDEBUG -I/usr/local/include -fPIC -mtune=native -ggdb -O0 -Wall -pedantic -Wconversion -c make_wiggle_vector.c -o make_wiggle_vector.o
make_wiggle_vector.c:10:26: warning: implicit conversion changes signedness: 'R_len_t' (aka 'int') to 'unsigned long' [-Wsign-conversion]
memset( REAL(res), 0, length(res) * sizeof(double) );
^˜˜˜˜˜˜˜˜˜˜ ˜
/Library/Frameworks/R.framework/Resources/include/Rinternals.h:1029:20: note: expanded from macro 'length'
#define length(x) Rf_length(x)
^˜˜˜˜˜˜˜˜˜˜˜
/usr/include/secure/_string.h:74:41: note: expanded from macro 'memset'
? __builtin___memset_chk (dest, val, len, __darwin_obsz0 (dest)) \
^
make_wiggle_vector.c:10:26: warning: implicit conversion changes signedness: 'R_len_t' (aka 'int') to 'unsigned long' [-Wsign-conversion]
memset( REAL(res), 0, length(res) * sizeof(double) );
^˜˜˜˜˜˜˜˜˜˜ ˜
/Library/Frameworks/R.framework/Resources/include/Rinternals.h:1029:20: note: expanded from macro 'length'
#define length(x) Rf_length(x)
^˜˜˜˜˜˜˜˜˜˜˜
/usr/include/secure/_string.h:75:38: note: expanded from macro 'memset'
: __inline_memset_chk (dest, val, len))
^
2 warnings generated.
clang -I/Library/Frameworks/R.framework/Resources/include -DNDEBUG -I/usr/local/include -fPIC -mtune=native -ggdb -O0 -Wall -pedantic -Wconversion -c shrink_vector.c -o shrink_vector.o
shrink_vector.c:76:25: warning: implicit conversion turns floating-point number into integer: 'double' to 'int' [-Wconversion]
if( abs( REAL( vector )[ j ] ) > abs( val ) )
˜˜˜ ^˜˜˜˜˜˜˜˜˜˜˜˜˜˜˜˜˜˜
shrink_vector.c:76:54: warning: implicit conversion turns floating-point number into integer: 'double' to 'int' [-Wconversion]
if( abs( REAL( vector )[ j ] ) > abs( val ) )
˜˜˜ ^˜˜
2 warnings generated.
clang -dynamiclib -Wl,-headerpad_max_install_names -undefined dynamic_lookup -single_module -multiply_defined suppress -L/usr/local/lib -L/usr/local/lib -o HilbertVis.so hilbert.o make_wiggle_vector.o shrink_vector.o -F/Library/Frameworks/R.framework/.. -framework R -Wl,-framework -Wl,CoreFoundation
installing to /Users/biocbuild/bbs-2.12-bioc/meat/HilbertVis.Rcheck/HilbertVis/libs
** R
** inst
** preparing package for lazy loading
** help
*** installing help indices
** building package indices
** installing vignettes
** testing if installed package can be loaded
* DONE (HilbertVis)