mcaGUI 1.7.0 Wade K. Copeland
Snapshot Date: 2013-03-23 17:02:20 -0700 (Sat, 23 Mar 2013) | URL: https://hedgehog.fhcrc.org/bioconductor/trunk/madman/Rpacks/mcaGUI | Last Changed Rev: 70052 / Revision: 74756 | Last Changed Date: 2012-10-01 15:43:56 -0700 (Mon, 01 Oct 2012) |
| george2 | Linux (Ubuntu 12.04.1 LTS) / x86_64 | OK | OK | |
moscato2 | Windows Server 2008 R2 Enterprise SP1 (64-bit) / x64 | OK | OK | OK |
petty | Mac OS X Leopard (10.5.8) / i386 | OK | OK | OK |
pelham | Mac OS X Snow Leopard (10.6.8) / x86_64 | OK | [ ERROR ] | ERROR |
* using log directory '/Users/biocbuild/bbs-2.12-bioc/meat/mcaGUI.Rcheck'
* using R version 3.0.0 beta (2013-03-21 r62346)
* using platform: x86_64-apple-darwin10.8.0 (64-bit)
* using session charset: ASCII
* using option '--no-vignettes'
* checking for file 'mcaGUI/DESCRIPTION' ... OK
* this is package 'mcaGUI' version '1.7.0'
* checking package namespace information ... OK
* checking package dependencies ... NOTE
Package which this enhances but not available for checking: 'iplots'
* checking if this is a source package ... OK
* checking if there is a namespace ... OK
* checking for hidden files and directories ... OK
* checking for portable file names ... OK
* checking for sufficient/correct file permissions ... OK
* checking whether package 'mcaGUI' can be installed ... [4s/5s] ERROR
Installation failed.
See '/Users/biocbuild/bbs-2.12-bioc/meat/mcaGUI.Rcheck/00install.out' for details.
* installing *source* package 'mcaGUI' ...
** R
** inst
** preparing package for lazy loading
Error in dyn.load(file, DLLpath = DLLpath, ...) :
unable to load shared object '/Library/Frameworks/R.framework/Versions/3.0/Resources/library/RGtk2/libs/RGtk2.so':
dlopen(/Library/Frameworks/R.framework/Versions/3.0/Resources/library/RGtk2/libs/RGtk2.so, 6): Symbol not found: _pixman_image_composite32
Referenced from: /Library/Frameworks/R.framework/Versions/3.0/Resources/library/RGtk2/libs/RGtk2.so
Expected in: flat namespace
in /Library/Frameworks/R.framework/Versions/3.0/Resources/library/RGtk2/libs/RGtk2.so
Warning: Failed to load RGtk2 dynamic library, attempting to install it.
Please install GTK+ from http://r.research.att.com/libs/GTK_2.18.5-X11.pkg
If the package still does not load, please ensure that GTK+ is installed and that it is on your PATH environment variable
IN ANY CASE, RESTART R BEFORE TRYING TO LOAD THE PACKAGE AGAIN
Error : .onAttach failed in attachNamespace() for 'gWidgetsRGtk2', details:
call: .Call(name, ..., PACKAGE = PACKAGE)
error: "S_gtk_icon_factory_new" not available for .Call() for package "RGtk2"
Error : package 'gWidgetsRGtk2' could not be loaded
ERROR: lazy loading failed for package 'mcaGUI'
* removing '/Users/biocbuild/bbs-2.12-bioc/meat/mcaGUI.Rcheck/mcaGUI'