flagme 1.15.1 Mark Robinson
Snapshot Date: 2013-03-24 17:01:43 -0700 (Sun, 24 Mar 2013) | URL: https://hedgehog.fhcrc.org/bioconductor/trunk/madman/Rpacks/flagme | Last Changed Rev: 73893 / Revision: 74774 | Last Changed Date: 2013-03-04 09:49:21 -0800 (Mon, 04 Mar 2013) |
| george2 | Linux (Ubuntu 12.04.1 LTS) / x86_64 | OK | [ WARNINGS ] | |
moscato2 | Windows Server 2008 R2 Enterprise SP1 (64-bit) / x64 | OK | OK | OK |
petty | Mac OS X Leopard (10.5.8) / i386 | OK | OK | OK |
* using log directory ‘/home/biocbuild/bbs-2.12-bioc/meat/flagme.Rcheck’
* using R version 3.0.0 beta (2013-03-19 r62328)
* using platform: x86_64-unknown-linux-gnu (64-bit)
* using session charset: UTF-8
* using option ‘--no-vignettes’
* checking for file ‘flagme/DESCRIPTION’ ... OK
* this is package ‘flagme’ version ‘1.15.1’
* checking package namespace information ... OK
* checking package dependencies ... OK
* checking if this is a source package ... OK
* checking if there is a namespace ... OK
* checking for hidden files and directories ... OK
* checking for portable file names ... OK
* checking for sufficient/correct file permissions ... OK
* checking whether package ‘flagme’ can be installed ... [13s/13s] WARNING
Found the following significant warnings:
Warning: subclass "xcmsPeaks" of class "matrix" is not local and cannot be updated for new inheritance information; consider setClassUnion()
See ‘/home/biocbuild/bbs-2.12-bioc/meat/flagme.Rcheck/00install.out’ for details.
* checking installed package size ... OK
* checking package directory ... OK
* checking DESCRIPTION meta-information ... OK
* checking top-level files ... OK
* checking for left-over files ... OK
* checking index information ... OK
* checking package subdirectories ... OK
* checking R files for non-ASCII characters ... OK
* checking R files for syntax errors ... OK
* checking whether the package can be loaded ... OK
* checking whether the package can be loaded with stated dependencies ... OK
* checking whether the package can be unloaded cleanly ... OK
* checking whether the namespace can be loaded with stated dependencies ... WARNING
Error in eval(expr, envir, enclos) : could not find function "selfStart"
In addition: Warning messages:
1: class "C++Object" is defined (with package slot ‘Rcpp’) but no metadata object found to revise subclass information---not exported? Making a copy in package ‘.GlobalEnv’
2: class "characterORconnection" is defined (with package slot ‘BiocGenerics’) but no metadata object found to revise subclass information---not exported? Making a copy in package ‘xcms’
3: class "characterORMIAME" is defined (with package slot ‘Biobase’) but no metadata object found to revise subclass information---not exported? Making a copy in package ‘xcms’
Error: unable to load R code in package ‘xcms’
Execution halted
A namespace must be able to be loaded with just the base namespace
loaded: otherwise if the namespace gets loaded by a saved object, the
session will be unable to start.
Probably some imports need to be declared in the NAMESPACE file.
* checking whether the namespace can be unloaded cleanly ... OK
* checking for unstated dependencies in R code ... OK
* checking S3 generic/method consistency ... OK
* checking replacement functions ... OK
* checking foreign function calls ... OK
* checking R code for possible problems ... OK
* checking Rd files ... OK
* checking Rd metadata ... OK
* checking Rd cross-references ... OK
* checking for missing documentation entries ... OK
* checking for code/documentation mismatches ... OK
* checking Rd \usage sections ... OK
* checking Rd contents ... OK
* checking for unstated dependencies in examples ... OK
* checking line endings in C/C++/Fortran sources/headers ... OK
* checking line endings in Makefiles ... OK
* checking for portable use of $(BLAS_LIBS) and $(LAPACK_LIBS) ... OK
* checking compiled code ... OK
* checking installed files from ‘inst/doc’ ... OK
* checking examples ... [52s/53s] OK
Examples with CPU or elapsed time > 5s
user system elapsed
parseChromaTOF 7.341 0.024 8.035
parseELU 5.880 0.008 6.232
* checking for unstated dependencies in vignettes ... OK
* checking package vignettes in ‘inst/doc’ ... OK
* checking running R code from vignettes ... SKIPPED
* checking re-building of vignettes ... SKIPPED
* checking PDF version of manual ... OK
WARNING: There were 2 warnings.
See
‘/home/biocbuild/bbs-2.12-bioc/meat/flagme.Rcheck/00check.log’
for details.
* installing *source* package ‘flagme’ ...
** libs
gcc -std=gnu99 -I/home/biocbuild/bbs-2.12-bioc/R/include -DNDEBUG -I/usr/local/include -fpic -g -O2 -Wall -c dp.c -o dp.o
dp.c: In function ‘dp’:
dp.c:263:26: warning: ‘cur_min’ may be used uninitialized in this function [-Wuninitialized]
dp.c:264:28: warning: ‘tb’ may be used uninitialized in this function [-Wuninitialized]
gcc -std=gnu99 -I/home/biocbuild/bbs-2.12-bioc/R/include -DNDEBUG -I/usr/local/include -fpic -g -O2 -Wall -c init.c -o init.o
gcc -std=gnu99 -shared -L/usr/local/lib -o flagme.so dp.o init.o -L/home/biocbuild/bbs-2.12-bioc/R/lib -lR
installing to /home/biocbuild/bbs-2.12-bioc/meat/flagme.Rcheck/flagme/libs
** R
** inst
** preparing package for lazy loading
Warning: subclass "xcmsPeaks" of class "matrix" is not local and cannot be updated for new inheritance information; consider setClassUnion()
Creating a generic function for ‘plot’ from package ‘graphics’ in package ‘flagme’
** help
*** installing help indices
** building package indices
** installing vignettes
‘flagme.Rnw’ using ‘UTF-8’
** testing if installed package can be loaded
* DONE (flagme)