affyPara 1.19.1 Markus Schmidberger
Snapshot Date: 2013-03-23 17:02:20 -0700 (Sat, 23 Mar 2013) | URL: https://hedgehog.fhcrc.org/bioconductor/trunk/madman/Rpacks/affyPara | Last Changed Rev: 74754 / Revision: 74756 | Last Changed Date: 2013-03-23 14:02:52 -0700 (Sat, 23 Mar 2013) |
| george2 | Linux (Ubuntu 12.04.1 LTS) / x86_64 | ERROR | skipped | |
moscato2 | Windows Server 2008 R2 Enterprise SP1 (64-bit) / x64 | ERROR | skipped | skipped |
petty | Mac OS X Leopard (10.5.8) / i386 | ERROR | skipped | skipped |
pelham | Mac OS X Snow Leopard (10.6.8) / x86_64 | [ ERROR ] | skipped | skipped |
* checking for file 'affyPara/DESCRIPTION' ... OK
* preparing 'affyPara':
* checking DESCRIPTION meta-information ... OK
* installing the package to re-build vignettes
* creating vignettes ... ERROR
Loading required package: affy
Loading required package: BiocGenerics
Loading required package: parallel
Attaching package: 'BiocGenerics'
The following objects are masked from 'package:parallel':
clusterApply, clusterApplyLB, clusterCall, clusterEvalQ,
clusterExport, clusterMap, parApply, parCapply, parLapply,
parLapplyLB, parRapply, parSapply, parSapplyLB
The following object is masked from 'package:stats':
xtabs
The following objects are masked from 'package:base':
Filter, Find, Map, Position, Reduce, anyDuplicated, as.data.frame,
cbind, colnames, duplicated, eval, get, intersect, lapply, mapply,
match, mget, order, paste, pmax, pmax.int, pmin, pmin.int, rank,
rbind, rep.int, rownames, sapply, setdiff, sort, table, tapply,
union, unique, unlist
Loading required package: Biobase
Welcome to Bioconductor
Vignettes contain introductory material; view with
'browseVignettes()'. To cite Bioconductor, see
'citation("Biobase")', and for packages 'citation("pkgname")'.
Loading required package: snow
'.find.package' is deprecated.
Use 'find.package' instead.
See help("Deprecated")
'.find.package' is deprecated.
Use 'find.package' instead.
See help("Deprecated")
'.find.package' is deprecated.
Use 'find.package' instead.
See help("Deprecated")
Attaching package: 'snow'
The following objects are masked from 'package:BiocGenerics':
clusterApply, clusterApplyLB, clusterCall, clusterEvalQ,
clusterExport, clusterMap, clusterSplit, parApply, parCapply,
parLapply, parRapply, parSapply
The following objects are masked from 'package:parallel':
clusterApply, clusterApplyLB, clusterCall, clusterEvalQ,
clusterExport, clusterMap, clusterSplit, makeCluster, parApply,
parCapply, parLapply, parRapply, parSapply, splitIndices,
stopCluster
Loading required package: vsn
Loading required package: aplpack
Loading required package: tcltk
Attaching package: 'affyPara'
The following object is masked from 'package:snow':
makeCluster, stopCluster
The following object is masked from 'package:parallel':
makeCluster, stopCluster
Loading required package: AnnotationDbi
'.find.package' is deprecated.
Use 'find.package' instead.
See help("Deprecated")
'.find.package' is deprecated.
Use 'find.package' instead.
See help("Deprecated")
'.find.package' is deprecated.
Use 'find.package' instead.
See help("Deprecated")
'.find.package' is deprecated.
Use 'find.package' instead.
See help("Deprecated")
'.find.package' is deprecated.
Use 'find.package' instead.
See help("Deprecated")
'.find.package' is deprecated.
Use 'find.package' instead.
See help("Deprecated")
'.find.package' is deprecated.
Use 'find.package' instead.
See help("Deprecated")
'.find.package' is deprecated.
Use 'find.package' instead.
See help("Deprecated")
'.find.package' is deprecated.
Use 'find.package' instead.
See help("Deprecated")
'.find.package' is deprecated.
Use 'find.package' instead.
See help("Deprecated")
'.find.package' is deprecated.
Use 'find.package' instead.
See help("Deprecated")
'.find.package' is deprecated.
Use 'find.package' instead.
See help("Deprecated")
'.find.package' is deprecated.
Use 'find.package' instead.
See help("Deprecated")
'.find.package' is deprecated.
Use 'find.package' instead.
See help("Deprecated")
'.find.package' is deprecated.
Use 'find.package' instead.
See help("Deprecated")
'.find.package' is deprecated.
Use 'find.package' instead.
See help("Deprecated")
'.find.package' is deprecated.
Use 'find.package' instead.
See help("Deprecated")
'.find.package' is deprecated.
Use 'find.package' instead.
See help("Deprecated")
Error: processing vignette 'affyPara.Rnw' failed with diagnostics:
chunk 9 (label = affyBatchBGC)
Error in serialize(data, node$con) : error writing to connection
Execution halted