Risa 1.1.0 Alejandra Gonzalez-Beltran, ISA Team
Snapshot Date: 2013-03-24 17:01:43 -0700 (Sun, 24 Mar 2013) | URL: https://hedgehog.fhcrc.org/bioconductor/trunk/madman/Rpacks/Risa | Last Changed Rev: 74652 / Revision: 74774 | Last Changed Date: 2013-03-21 10:13:08 -0700 (Thu, 21 Mar 2013) |
| george2 | Linux (Ubuntu 12.04.1 LTS) / x86_64 | OK | [ WARNINGS ] | |
moscato2 | Windows Server 2008 R2 Enterprise SP1 (64-bit) / x64 | OK | OK | OK |
petty | Mac OS X Leopard (10.5.8) / i386 | OK | OK | OK |
* using log directory ‘/home/biocbuild/bbs-2.12-bioc/meat/Risa.Rcheck’
* using R version 3.0.0 beta (2013-03-19 r62328)
* using platform: x86_64-unknown-linux-gnu (64-bit)
* using session charset: UTF-8
* using option ‘--no-vignettes’
* checking for file ‘Risa/DESCRIPTION’ ... OK
* this is package ‘Risa’ version ‘1.1.0’
* checking package namespace information ... OK
* checking package dependencies ... OK
* checking if this is a source package ... OK
* checking if there is a namespace ... OK
* checking for hidden files and directories ... OK
* checking for portable file names ... OK
* checking for sufficient/correct file permissions ... OK
* checking whether package ‘Risa’ can be installed ... [15s/17s] OK
* checking installed package size ... OK
* checking package directory ... OK
* checking DESCRIPTION meta-information ... OK
* checking top-level files ... OK
* checking for left-over files ... OK
* checking index information ... OK
* checking package subdirectories ... OK
* checking R files for non-ASCII characters ... OK
* checking R files for syntax errors ... OK
* checking whether the package can be loaded ... OK
* checking whether the package can be loaded with stated dependencies ... OK
* checking whether the package can be unloaded cleanly ... OK
* checking whether the namespace can be loaded with stated dependencies ... WARNING
Error in eval(expr, envir, enclos) : could not find function "selfStart"
In addition: Warning messages:
1: class "C++Object" is defined (with package slot ‘Rcpp’) but no metadata object found to revise subclass information---not exported? Making a copy in package ‘.GlobalEnv’
2: class "characterORconnection" is defined (with package slot ‘BiocGenerics’) but no metadata object found to revise subclass information---not exported? Making a copy in package ‘xcms’
3: class "characterORMIAME" is defined (with package slot ‘Biobase’) but no metadata object found to revise subclass information---not exported? Making a copy in package ‘xcms’
Error: unable to load R code in package ‘xcms’
Execution halted
A namespace must be able to be loaded with just the base namespace
loaded: otherwise if the namespace gets loaded by a saved object, the
session will be unable to start.
Probably some imports need to be declared in the NAMESPACE file.
* checking whether the namespace can be unloaded cleanly ... OK
* checking for unstated dependencies in R code ... OK
* checking S3 generic/method consistency ... OK
* checking replacement functions ... OK
* checking foreign function calls ... OK
* checking R code for possible problems ... NOTE
getPackagesInBiocView: no visible binding for global variable
‘biocViewsVocab’
* checking Rd files ... OK
* checking Rd metadata ... OK
* checking Rd cross-references ... OK
* checking for missing documentation entries ... OK
* checking for code/documentation mismatches ... OK
* checking Rd \usage sections ... OK
* checking Rd contents ... OK
* checking for unstated dependencies in examples ... OK
* checking installed files from ‘inst/doc’ ... OK
* checking examples ... [147s/156s] OK
Examples with CPU or elapsed time > 5s
user system elapsed
processAssayXcmsSet 70.061 0.104 75.607
processAssayXcmsSet.1factor 67.300 0.216 70.271
* checking for unstated dependencies in vignettes ... OK
* checking package vignettes in ‘inst/doc’ ... OK
* checking running R code from vignettes ... SKIPPED
* checking re-building of vignettes ... SKIPPED
* checking PDF version of manual ... OK
WARNING: There was 1 warning.
NOTE: There was 1 note.
See
‘/home/biocbuild/bbs-2.12-bioc/meat/Risa.Rcheck/00check.log’
for details.