Back to the "Multiple platform build/check report" A  B  C  D  E  F  G  H [I] J  K  L  M  N  O  P  Q  R  S  T  U  V  W  X  Y  Z 

Package 274/554HostnameOS / ArchBUILDCHECKBUILD BIN
iBBiG 1.0.0
Aedin Culhane
Snapshot Date: 2012-03-31 17:01:49 -0700 (Sat, 31 Mar 2012)
URL: https://hedgehog.fhcrc.org/bioconductor/branches/RELEASE_2_10/madman/Rpacks/iBBiG
Last Changed Rev: 64678 / Revision: 64719
Last Changed Date: 2012-03-30 15:05:02 -0700 (Fri, 30 Mar 2012)
lamb2 Linux (openSUSE 11.4) / x86_64  OK  WARNINGS 
puck5 Linux (Ubuntu 12.04) / x86_64  OK [ WARNINGS ]
moscato2 Windows Server 2008 R2 Enterprise SP1 (64-bit) / x64  OK  WARNINGS  OK 
petty Mac OS X Leopard (10.5.8) / i386  OK  WARNINGS  OK 

Summary

Package: iBBiG
Version: 1.0.0
Command: /home/hpages/test-puck5/bbs-2.10-bioc/R/bin/R CMD check --no-vignettes --timings iBBiG_1.0.0.tar.gz
StartedAt: 2012-04-01 01:41:51 -0700 (Sun, 01 Apr 2012)
EndedAt: 2012-04-01 01:43:35 -0700 (Sun, 01 Apr 2012)
EllapsedTime: 103.8 seconds
RetCode: 0
Status:  WARNINGS 
CheckDir: iBBiG.Rcheck
Warnings: 2

Command output

* using log directory '/loc/home/hpages/test-puck5/bbs-2.10-bioc/meat/iBBiG.Rcheck'
* using R version 2.15.0 RC (2012-03-22 r58802)
* using platform: x86_64-unknown-linux-gnu (64-bit)
* using session charset: ISO8859-1
* using option '--no-vignettes'
* checking for file 'iBBiG/DESCRIPTION' ... OK
* checking extension type ... Package
* this is package 'iBBiG' version '1.0.0'
* checking package namespace information ... OK
* checking package dependencies ... OK
* checking if this is a source package ... OK
* checking if there is a namespace ... OK
* checking whether package 'iBBiG' can be installed ... OK
* checking installed package size ... OK
* checking package directory ... OK
* checking for portable file names ... OK
* checking for sufficient/correct file permissions ... OK
* checking DESCRIPTION meta-information ... OK
* checking top-level files ... OK
* checking index information ... OK
* checking package subdirectories ... OK
* checking R files for non-ASCII characters ... OK
* checking R files for syntax errors ... OK
* checking whether the package can be loaded ... OK
* checking whether the package can be loaded with stated dependencies ... OK
* checking whether the package can be unloaded cleanly ... OK
* checking whether the namespace can be loaded with stated dependencies ... OK
* checking whether the namespace can be unloaded cleanly ... OK
* checking for unstated dependencies in R code ... OK
* checking S3 generic/method consistency ... OK
* checking replacement functions ... OK
* checking foreign function calls ... OK
* checking R code for possible problems ... OK
* checking Rd files ... OK
* checking Rd metadata ... WARNING
Rd files with duplicated name 'iBBiG-class':
  'iBBiG-class.Rd' 'iBBiG-package.Rd'
Rd files with duplicated alias 'Clusterscores':
  'iBBiG-class.Rd' 'iBBiG-package.Rd'
Rd files with duplicated alias 'Clusterscores,iBBiG-method':
  'iBBiG-class.Rd' 'iBBiG-package.Rd'
Rd files with duplicated alias 'Clusterscores<-':
  'iBBiG-class.Rd' 'iBBiG-package.Rd'
Rd files with duplicated alias 'JIdist':
  'iBBiG-class.Rd' 'iBBiG-package.Rd'
Rd files with duplicated alias 'JIdist,Biclust,iBBiG-method':
  'iBBiG-class.Rd' 'iBBiG-package.Rd'
Rd files with duplicated alias 'JIdist,iBBiG,iBBiG-method':
  'iBBiG-class.Rd' 'iBBiG-package.Rd'
Rd files with duplicated alias 'Number':
  'iBBiG-class.Rd' 'iBBiG-package.Rd'
Rd files with duplicated alias 'Number,iBBiG-method':
  'iBBiG-class.Rd' 'iBBiG-package.Rd'
Rd files with duplicated alias 'Number<-':
  'iBBiG-class.Rd' 'iBBiG-package.Rd'
Rd files with duplicated alias 'NumberxCol':
  'iBBiG-class.Rd' 'iBBiG-package.Rd'
Rd files with duplicated alias 'NumberxCol,iBBiG-method':
  'iBBiG-class.Rd' 'iBBiG-package.Rd'
Rd files with duplicated alias 'NumberxCol<-':
  'iBBiG-class.Rd' 'iBBiG-package.Rd'
Rd files with duplicated alias 'Parameters':
  'iBBiG-class.Rd' 'iBBiG-package.Rd'
Rd files with duplicated alias 'Parameters,iBBiG-method':
  'iBBiG-class.Rd' 'iBBiG-package.Rd'
Rd files with duplicated alias 'Parameters<-':
  'iBBiG-class.Rd' 'iBBiG-package.Rd'
Rd files with duplicated alias 'RowScorexNumber':
  'iBBiG-class.Rd' 'iBBiG-package.Rd'
Rd files with duplicated alias 'RowScorexNumber,iBBiG-method':
  'iBBiG-class.Rd' 'iBBiG-package.Rd'
Rd files with duplicated alias 'RowScorexNumber<-':
  'iBBiG-class.Rd' 'iBBiG-package.Rd'
Rd files with duplicated alias 'RowxNumber':
  'iBBiG-class.Rd' 'iBBiG-package.Rd'
Rd files with duplicated alias 'RowxNumber,iBBiG-method':
  'iBBiG-class.Rd' 'iBBiG-package.Rd'
Rd files with duplicated alias 'RowxNumber<-':
  'iBBiG-class.Rd' 'iBBiG-package.Rd'
Rd files with duplicated alias 'Seeddata':
  'iBBiG-class.Rd' 'iBBiG-package.Rd'
Rd files with duplicated alias 'Seeddata,iBBiG-method':
  'iBBiG-class.Rd' 'iBBiG-package.Rd'
Rd files with duplicated alias 'Seeddata<-':
  'iBBiG-class.Rd' 'iBBiG-package.Rd'
Rd files with duplicated alias '[,iBBiG-method':
  'iBBiG-class.Rd' 'iBBiG-package.Rd'
Rd files with duplicated alias 'analyzeClust':
  'iBBiG-class.Rd' 'iBBiG-package.Rd'
Rd files with duplicated alias 'analyzeClust,iBBiG,iBBiG-method':
  'iBBiG-class.Rd' 'iBBiG-package.Rd'
Rd files with duplicated alias 'analyzeClust,list,iBBiG-method':
  'iBBiG-class.Rd' 'iBBiG-package.Rd'
Rd files with duplicated alias 'iBBiG-class':
  'iBBiG-class.Rd' 'iBBiG-package.Rd'
Rd files with duplicated alias 'info':
  'iBBiG-class.Rd' 'iBBiG-package.Rd'
Rd files with duplicated alias 'info,iBBiG-method':
  'iBBiG-class.Rd' 'iBBiG-package.Rd'
Rd files with duplicated alias 'info<-':
  'iBBiG-class.Rd' 'iBBiG-package.Rd'
Rd files with duplicated alias 'plot,iBBiG,ANY-method':
  'iBBiG-class.Rd' 'iBBiG-package.Rd'
Rd files with duplicated alias 'show,iBBiG-method':
  'iBBiG-class.Rd' 'iBBiG-package.Rd'
Rd files with duplicated alias 'summary,iBBiG-method':
  'iBBiG-class.Rd' 'iBBiG-package.Rd'
* checking Rd cross-references ... OK
* checking for missing documentation entries ... WARNING
Undocumented S4 methods:
  generic 'JIdist' and siglist 'Biclust,Biclust'
  generic 'analyzeClust' and siglist 'Biclust,iBBiG'
All user-level objects in a package (including S4 classes and methods)
should have documentation entries.
See the chapter 'Writing R documentation files' in the 'Writing R
Extensions' manual.
* checking for code/documentation mismatches ... OK
* checking Rd \usage sections ... OK
* checking Rd contents ... OK
* checking for unstated dependencies in examples ... OK
* checking line endings in C/C++/Fortran sources/headers ... OK
* checking line endings in Makefiles ... OK
* checking for portable use of $(BLAS_LIBS) and $(LAPACK_LIBS) ... OK
* checking compiled code ... OK
* checking installed files from 'inst/doc' ... OK
* checking examples ... OK
* checking for unstated dependencies in vignettes ... OK
* checking package vignettes in 'inst/doc' ... OK
* checking running R code from vignettes ... SKIPPED
* checking re-building of vignettes ... SKIPPED
* checking PDF version of manual ... OK

WARNING: There were 2 warnings.
See
  '/loc/home/hpages/test-puck5/bbs-2.10-bioc/meat/iBBiG.Rcheck/00check.log'
for details.

iBBiG.Rcheck/00install.out:

* installing *source* package 'iBBiG' ...
** libs
gcc -std=gnu99 -I/home/hpages/test-puck5/bbs-2.10-bioc/R/include -DNDEBUG  -I/usr/local/include    -fpic  -g -O2  -c R_init_iBBiG.c -o R_init_iBBiG.o
gcc -std=gnu99 -I/home/hpages/test-puck5/bbs-2.10-bioc/R/include -DNDEBUG  -I/usr/local/include    -fpic  -g -O2  -c iBBiG.c -o iBBiG.o
iBBiG.c: In function 'clusterCovsC':
iBBiG.c:300:6: warning: implicit declaration of function 'time' [-Wimplicit-function-declaration]
gcc -std=gnu99 -shared -L/usr/local/lib -o iBBiG.so R_init_iBBiG.o iBBiG.o -L/home/hpages/test-puck5/bbs-2.10-bioc/R/lib -lR
installing to /loc/home/hpages/test-puck5/bbs-2.10-bioc/meat/iBBiG.Rcheck/iBBiG/libs
** R
** inst
** preparing package for lazy loading
** help
*** installing help indices
** building package indices
** installing vignettes
   'tutorial.Rnw' 
** testing if installed package can be loaded

* DONE (iBBiG)

iBBiG.Rcheck/iBBiG-Ex.timings:

nameusersystemelapsed
iBBiG-class25.377 0.02025.399
iBBiG-package24.366 0.04024.409
iBBiG25.761 0.02825.792
makeArtificial0.5480.0000.547