Back to the "Multiple platform build/check report"[A] B  C  D  E  F  G  H  I  J  K  L  M  N  O  P  Q  R  S  T  U  V  W  X  Y  Z 

Package 39/554HostnameOS / ArchBUILDCHECKBUILD BIN
aroma.light 1.24.0
Henrik Bengtsson
Snapshot Date: 2012-03-31 17:01:49 -0700 (Sat, 31 Mar 2012)
URL: https://hedgehog.fhcrc.org/bioconductor/branches/RELEASE_2_10/madman/Rpacks/aroma.light
Last Changed Rev: 64685 / Revision: 64719
Last Changed Date: 2012-03-30 16:39:09 -0700 (Fri, 30 Mar 2012)
lamb2 Linux (openSUSE 11.4) / x86_64  OK  WARNINGS 
puck5 Linux (Ubuntu 12.04) / x86_64  OK [ WARNINGS ]
moscato2 Windows Server 2008 R2 Enterprise SP1 (64-bit) / x64  OK  WARNINGS  OK 
petty Mac OS X Leopard (10.5.8) / i386  OK  WARNINGS  OK 

Summary

Package: aroma.light
Version: 1.24.0
Command: /home/hpages/test-puck5/bbs-2.10-bioc/R/bin/R CMD check --no-vignettes --timings aroma.light_1.24.0.tar.gz
StartedAt: 2012-03-31 23:37:13 -0700 (Sat, 31 Mar 2012)
EndedAt: 2012-03-31 23:38:11 -0700 (Sat, 31 Mar 2012)
EllapsedTime: 57.7 seconds
RetCode: 0
Status:  WARNINGS 
CheckDir: aroma.light.Rcheck
Warnings: 1

Command output

* using log directory '/loc/home/hpages/test-puck5/bbs-2.10-bioc/meat/aroma.light.Rcheck'
* using R version 2.15.0 RC (2012-03-22 r58802)
* using platform: x86_64-unknown-linux-gnu (64-bit)
* using session charset: ISO8859-1
* using option '--no-vignettes'
* checking for file 'aroma.light/DESCRIPTION' ... OK
* this is package 'aroma.light' version '1.24.0'
* package encoding: latin1
* checking package namespace information ... OK
* checking package dependencies ... OK
* checking if this is a source package ... OK
* checking if there is a namespace ... OK
* checking whether package 'aroma.light' can be installed ... OK
* checking installed package size ... OK
* checking package directory ... OK
* checking for portable file names ... OK
* checking for sufficient/correct file permissions ... OK
* checking DESCRIPTION meta-information ... OK
* checking top-level files ... OK
* checking index information ... OK
* checking package subdirectories ... OK
* checking R files for non-ASCII characters ... OK
* checking R files for syntax errors ... OK
* checking whether the package can be loaded ... OK
* checking whether the package can be loaded with stated dependencies ... OK
* checking whether the package can be unloaded cleanly ... OK
* checking whether the namespace can be loaded with stated dependencies ... OK
* checking whether the namespace can be unloaded cleanly ... OK
* checking for unstated dependencies in R code ... OK
* checking S3 generic/method consistency ... OK
* checking replacement functions ... OK
* checking foreign function calls ... OK
* checking R code for possible problems ... NOTE
File 'aroma.light/R/zzz.R':
  .onAttach calls:
    require("R.oo")

Package startup functions should not change the search path.
See section 'Good practice' in ?.onAttach.

Found .Internal calls in the following functions:
  'medianPolish.matrix' 'sampleCorrelations.matrix'
  'weightedMedian.default'
with calls to .Internal functions
  'cor' 'order' 'psort' 'qsort'

Packages should not call .Internal(): it is not part of the API, for
use only by R itself and subject to change without notice.
* checking Rd files ... OK
* checking Rd metadata ... OK
* checking Rd cross-references ... OK
* checking for missing documentation entries ... OK
* checking for code/documentation mismatches ... OK
* checking Rd \usage sections ... OK
* checking Rd contents ... OK
* checking for unstated dependencies in examples ... WARNING
'library' or 'require' call not declared from: 'R.basic'
* checking examples ... OK
* checking PDF version of manual ... OK

WARNING: There was 1 warning.
NOTE: There was 1 note.
See
  '/loc/home/hpages/test-puck5/bbs-2.10-bioc/meat/aroma.light.Rcheck/00check.log'
for details.

aroma.light.Rcheck/00install.out:

* installing *source* package 'aroma.light' ...
** R
** inst
** preparing package for lazy loading
** help
*** installing help indices
** building package indices
** testing if installed package can be loaded

* DONE (aroma.light)

aroma.light.Rcheck/aroma.light-Ex.timings:

nameusersystemelapsed
backtransformAffine.matrix0.0040.0000.004
backtransformPrincipalCurve.matrix0.4920.0000.508
calibrateMultiscan.matrix000
callNaiveGenotypes.numeric0.4880.0000.505
distanceBetweenLines0.0120.0000.016
findPeaksAndValleys.density0.0760.0000.074
fitPrincipalCurve.matrix0.3640.0120.400
fitXYCurve.matrix0.0600.0000.063
iwpca.matrix0.0080.0040.014
likelihood.smooth.spline0.1360.0040.138
medianPolish.matrix0.0080.0000.006
normalizeAffine.matrix12.580 0.00012.593
normalizeCurveFit.matrix12.909 0.02012.938
normalizeDifferencesToAverage.list0.1880.0000.188
normalizeFragmentLength0.6160.0040.621
normalizeQuantileRank.list0.1920.0040.194
normalizeQuantileRank.matrix0.0560.0000.058
normalizeQuantileSpline.matrix1.0640.0041.069
normalizeTumorBoost.numeric0.1920.0000.212
robustSmoothSpline0.0680.0000.070
sampleCorrelations.matrix0.1080.0000.108
sampleTuples0.0000.0000.001
weightedMedian3.1850.0363.219
wpca.matrix0.0160.0040.025