Back to the "Multiple platform build/check report" A  B  C  D  E  F  G  H  I  J [K] L  M  N  O  P  Q  R  S  T  U  V  W  X  Y  Z 

Package 300/554HostnameOS / ArchBUILDCHECKBUILD BIN
KEGGSOAP 1.30.0
Bioconductor Package Maintainer
Snapshot Date: 2012-03-31 17:01:49 -0700 (Sat, 31 Mar 2012)
URL: https://hedgehog.fhcrc.org/bioconductor/branches/RELEASE_2_10/madman/Rpacks/KEGGSOAP
Last Changed Rev: 64678 / Revision: 64719
Last Changed Date: 2012-03-30 15:05:02 -0700 (Fri, 30 Mar 2012)
lamb2 Linux (openSUSE 11.4) / x86_64  OK  WARNINGS 
puck5 Linux (Ubuntu 12.04) / x86_64  OK [ WARNINGS ]
moscato2 Windows Server 2008 R2 Enterprise SP1 (64-bit) / x64  OK  WARNINGS  OK 
petty Mac OS X Leopard (10.5.8) / i386  OK  WARNINGS  OK 

Summary

Package: KEGGSOAP
Version: 1.30.0
Command: /home/hpages/test-puck5/bbs-2.10-bioc/R/bin/R CMD check --no-vignettes --timings KEGGSOAP_1.30.0.tar.gz
StartedAt: 2012-04-01 01:51:42 -0700 (Sun, 01 Apr 2012)
EndedAt: 2012-04-01 01:54:04 -0700 (Sun, 01 Apr 2012)
EllapsedTime: 141.4 seconds
RetCode: 0
Status:  WARNINGS 
CheckDir: KEGGSOAP.Rcheck
Warnings: 1

Command output

* using log directory '/loc/home/hpages/test-puck5/bbs-2.10-bioc/meat/KEGGSOAP.Rcheck'
* using R version 2.15.0 RC (2012-03-22 r58802)
* using platform: x86_64-unknown-linux-gnu (64-bit)
* using session charset: ISO8859-1
* using option '--no-vignettes'
* checking for file 'KEGGSOAP/DESCRIPTION' ... OK
* this is package 'KEGGSOAP' version '1.30.0'
* checking package namespace information ... OK
* checking package dependencies ... OK
* checking if this is a source package ... OK
* checking if there is a namespace ... OK
* checking whether package 'KEGGSOAP' can be installed ... WARNING
Found the following significant warnings:
  Warning: Class "VirtualSOAPClass" is defined (with package slot 'SSOAP') but no metadata object found to revise subclass information---not exported?  Making a copy in package '.GlobalEnv'
  Warning: Class "VirtualXMLSchemaClass" is defined (with package slot 'XMLSchema') but no metadata object found to revise subclass information---not exported?  Making a copy in package '.GlobalEnv'
See '/loc/home/hpages/test-puck5/bbs-2.10-bioc/meat/KEGGSOAP.Rcheck/00install.out' for details.
* checking installed package size ... OK
* checking package directory ... OK
* checking for portable file names ... OK
* checking for sufficient/correct file permissions ... OK
* checking DESCRIPTION meta-information ... OK
* checking top-level files ... OK
* checking index information ... OK
* checking package subdirectories ... OK
* checking R files for non-ASCII characters ... OK
* checking R files for syntax errors ... OK
* checking whether the package can be loaded ... OK
* checking whether the package can be loaded with stated dependencies ... OK
* checking whether the package can be unloaded cleanly ... OK
* checking whether the namespace can be loaded with stated dependencies ... OK
* checking whether the namespace can be unloaded cleanly ... OK
* checking for unstated dependencies in R code ... OK
* checking S3 generic/method consistency ... OK
* checking replacement functions ... OK
* checking foreign function calls ... OK
* checking R code for possible problems ... NOTE
File 'KEGGSOAP/R/zzz.R':
  .onLoad calls:
    require("methods")

Package startup functions should not change the search path.
See section 'Good practice' in ?.onAttach.

list.pathways: warning in unlist(.SOAP(KEGGserver, "list_pathways",
  .soapArgs = list(org = org), action = KEGGaction, xmlns = KEGGxmlns,
  nameSpaces = SOAPNameSpaces(version = KEGGsoapns)), use.name =
  FALSE): partial argument match of 'use.name' to 'use.names'
* checking Rd files ... OK
* checking Rd metadata ... OK
* checking Rd cross-references ... OK
* checking for missing documentation entries ... OK
* checking for code/documentation mismatches ... OK
* checking Rd \usage sections ... OK
* checking Rd contents ... OK
* checking for unstated dependencies in examples ... OK
* checking examples ... OK
* checking PDF version of manual ... OK

WARNING: There was 1 warning.
NOTE: There was 1 note.
See
  '/loc/home/hpages/test-puck5/bbs-2.10-bioc/meat/KEGGSOAP.Rcheck/00check.log'
for details.

KEGGSOAP.Rcheck/00install.out:

* installing *source* package 'KEGGSOAP' ...
** R
** preparing package for lazy loading
** help
*** installing help indices
** building package indices
** testing if installed package can be loaded
Warning: Class "VirtualSOAPClass" is defined (with package slot 'SSOAP') but no metadata object found to revise subclass information---not exported?  Making a copy in package '.GlobalEnv'
Warning: Class "VirtualXMLSchemaClass" is defined (with package slot 'XMLSchema') but no metadata object found to revise subclass information---not exported?  Making a copy in package '.GlobalEnv'
Note: Method with signature "ArrayType#list" chosen for function "resolve",
 target signature "ArrayType#SchemaCollection".
 "SimpleSequenceType#SchemaCollection" would also be valid
Note: Method with signature "PrimitiveSOAPType#list" chosen for function "resolve",
 target signature "PrimitiveSOAPType#SchemaCollection".
 "SOAPType#SchemaCollection" would also be valid

* DONE (KEGGSOAP)

KEGGSOAP.Rcheck/KEGGSOAP-Ex.timings:

nameusersystemelapsed
bconv0.0240.0001.185
bget0.0360.0001.743
get.genes.by.motifs0.0520.0002.440
get.genes.by.organism0.0240.0000.537
get.genes.by.pathway0.0840.0042.184
get.ko.by.gene0.1320.0043.628
get.motifs.by.gene0.0400.0000.947
get.paralogs.by.gene0.0760.0001.047
get.pathways.by.genes0.0640.0002.265
getBestNeighbors0.1640.0002.479
list.organisms2.4600.0405.291
mark.pathway.by.objects0.0440.0001.786
search.compounds.by.name0.1440.0003.488
search.glycans.by.name0.1440.0003.529