SRAdb 1.10.0 Jack Zhu
 | Snapshot Date: 2012-03-31 17:01:49 -0700 (Sat, 31 Mar 2012) |  | URL: https://hedgehog.fhcrc.org/bioconductor/branches/RELEASE_2_10/madman/Rpacks/SRAdb |  | Last Changed Rev: 64678 / Revision: 64719 |  | Last Changed Date: 2012-03-30 15:05:02 -0700 (Fri, 30 Mar 2012) |  
  | lamb2  | Linux (openSUSE 11.4) / x86_64  |  OK  |  OK  |  | 
| puck5  | Linux (Ubuntu 12.04) / x86_64  | [ ERROR ] |  skipped  |  | 
| moscato2  | Windows Server 2008 R2 Enterprise SP1 (64-bit) / x64  |  OK  |  OK  |  OK  | 
| petty  | Mac OS X Leopard (10.5.8) / i386  |  OK  |  OK  |  OK  | 
* checking for file 'SRAdb/DESCRIPTION' ... OK
* preparing 'SRAdb':
* checking DESCRIPTION meta-information ... OK
* installing the package to re-build vignettes
* creating vignettes ... ERROR
Loading required package: RSQLite
Loading required package: DBI
Loading required package: graph
Loading required package: RCurl
Loading required package: bitops
Setting options('download.file.method.GEOquery'='curl')
trying URL 'http://gbnci.abcc.ncifcrf.gov/backup/SRAmetadb.sqlite.gz'
Content type 'text/plain; charset=ISO-8859-1' length 191998695 bytes (183.1 Mb)
opened URL
=================================================
downloaded 183.1 Mb
Unzipping...
Metadata associate with downloaded file:
c("schema version", "creation timestamp")c("1.0", "2012-04-01 01:29:59")
Error in texi2dvi(file = file, pdf = TRUE, clean = clean, quiet = quiet,  : 
  Running 'texi2dvi' on 'SRAdb.tex' failed.
LaTeX errors:
! Package auto-pst-pdf Error: 
    "shell escape" (or "write18") is not enabled:
    auto-pst-pdf will not work!
.
Calls: <Anonymous> -> texi2pdf -> texi2dvi
Execution halted