BioSeqClass 1.14.0 Li Hong
 | Snapshot Date: 2012-03-31 17:01:49 -0700 (Sat, 31 Mar 2012) |  | URL: https://hedgehog.fhcrc.org/bioconductor/branches/RELEASE_2_10/madman/Rpacks/BioSeqClass |  | Last Changed Rev: 64678 / Revision: 64719 |  | Last Changed Date: 2012-03-30 15:05:02 -0700 (Fri, 30 Mar 2012) |  
  | lamb2  | Linux (openSUSE 11.4) / x86_64  |  OK  |  OK  |  | 
| puck5  | Linux (Ubuntu 12.04) / x86_64  | [ ERROR ] |  skipped  |  | 
| moscato2  | Windows Server 2008 R2 Enterprise SP1 (64-bit) / x64  |  OK  |  OK  |  OK  | 
| petty  | Mac OS X Leopard (10.5.8) / i386  |  OK  |  OK  |  OK  | 
* checking for file 'BioSeqClass/DESCRIPTION' ... OK
* preparing 'BioSeqClass':
* checking DESCRIPTION meta-information ... OK
* installing the package to re-build vignettes
* creating vignettes ... ERROR
Loading required package: scatterplot3d
Warning: 'readFASTA' is deprecated.
Use 'read.DNAStringSet' instead.
See help("Deprecated")
Error in texi2dvi(file = file, pdf = TRUE, clean = clean, quiet = quiet,  : 
  Running 'texi2dvi' on 'BioSeqClass.tex' failed.
LaTeX errors:
! Package auto-pst-pdf Error: 
    "shell escape" (or "write18") is not enabled:
    auto-pst-pdf will not work!
.
Calls: <Anonymous> -> texi2pdf -> texi2dvi
Execution halted