Back to the "Multiple platform build/check report" A [B] C  D  E  F  G  H  I  J  K  L  M  N  O  P  Q  R  S  T  U  V  W  X  Y  Z 

Package 57/545HostnameOS / ArchBUILDCHECKBUILD BIN
BGmix 1.15.0
Alex Lewin
Snapshot Date: 2012-03-18 17:01:24 -0700 (Sun, 18 Mar 2012)
URL: https://hedgehog.fhcrc.org/bioconductor/trunk/madman/Rpacks/BGmix
Last Changed Rev: 62585 / Revision: 64079
Last Changed Date: 2012-02-06 13:04:18 -0800 (Mon, 06 Feb 2012)
lamb2 Linux (openSUSE 11.4) / x86_64  OK  OK 
moscato2 Windows Server 2008 R2 Enterprise SP1 (64-bit) / x64 [ ERROR ] skipped  skipped 
petty Mac OS X Leopard (10.5.8) / i386  OK  OK  OK 

Summary

Package: BGmix
Version: 1.15.0
Command: chmod a+r BGmix -R && E:\biocbld\bbs-2.10-bioc\R\bin\R.exe CMD build --keep-empty-dirs --no-resave-data BGmix
StartedAt: 2012-03-18 22:15:44 -0700 (Sun, 18 Mar 2012)
EndedAt: 2012-03-18 22:16:37 -0700 (Sun, 18 Mar 2012)
EllapsedTime: 52.3 seconds
RetCode: 1
Status:  ERROR  
PackageFile: None
PackageFileSize: NA

Command output

* checking for file 'BGmix/DESCRIPTION' ... OK
* preparing 'BGmix':
* checking DESCRIPTION meta-information ... OK
* cleaning src
* installing the package to re-build vignettes
* creating vignettes ... ERROR
Loading required package: KernSmooth
KernSmooth 2.23 loaded
Copyright M. P. Wand 1997-2009

Error: processing vignette 'BGmix.Rnw' failed with diagnostics:
 chunk 6 
Error in scan(file, what, nmax, sep, dec, quote, skip, nlines, na.strings,  : 
  scan() expected 'a real', got '-1.#IND'
Execution halted