Back to the "Multiple platform build/check report"
| IMPORTANT NOTE: R was configured with --enable-strict-barrier on lamb1 |
| Package 127/247 | Hostname | OS | Arch | BUILD | CHECK | BUILD BIN |
lumi1.3.26Pan DuLast Changed Date: 2007-08-25 15:21:04 -0700 Last Changed Rev: 26647 | lamb1 | Linux (SUSE 10.1) | x86_64 | OK | OK | |
| wellington | Linux (SUSE 9.2) | i686 | ERROR | skipped | ||
| liverpool | Windows Server 2003 R2 (32-bit) | x64 | [ ERROR ] | skipped | skipped | |
| pitt | Mac OS X (10.4.10) | i386 | OK | OK | OK |
| Package: lumi |
| Version: 1.3.26 |
| Command: E:\biocbld\bbs-2.1-bioc\R\bin\R.exe CMD build lumi |
| RetCode: 1 |
| Time: 55.8 seconds |
| Status: ERROR |
| PackageFile: None |
* checking for file 'lumi/DESCRIPTION' ... OK
* preparing 'lumi':
* checking DESCRIPTION meta-information ... OK
* installing the package to re-build vignettes
installing R.css in E:/biocbld/bbs-2.1-bioc/tmpdir/Rinst404865820
---------- Making package lumi ------------
adding build stamp to DESCRIPTION
installing R files
installing inst files
installing data files
installing man source files
installing indices
not zipping data
installing help
>>> Building/Updating help pages for package 'lumi'
Formats: text html latex example chm
LumiBatch-class text html latex example chm
MAplot-methods text html latex example chm
addNuId2lumi text html latex example chm
bgAdjust text html latex example chm
boxplot-methods text html latex example chm
density-methods text html latex example chm
detectOutlier text html latex example chm
detectionCall text html latex example chm
estimateLumiCV text html latex example chm
example.lumi text html latex example chm
hist-methods text html latex example chm
id2seq text html latex example chm
inverseVST text html latex example chm
is.nuID text html latex example chm
lumi.package text html latex example chm
lumiB text html latex example chm
lumiExpresso text html latex example chm
lumiN text html latex example chm
lumiQ text html latex example chm
lumiR text html latex example chm
lumiT text html latex example chm
monoSmu text html latex example chm
monoSpline text html latex example chm
nuID2probeID text html latex example chm
nuID2targetID text html latex example chm
pairs-methods text html latex example chm
plot-methods text html latex example chm
plotSampleRelation text html latex example chm
plotVST text html latex example chm
probeID2nuID text html latex example chm
rsn text html latex example chm
seq2id text html latex example chm
targetID2nuID text html latex example chm
vst text html latex example chm
Microsoft HTML Help Compiler 4.74.8702
Compiling e:\biocbld\bbs-2.1-bioc\meat\lumi\chm\lumi.chm
Compile time: 0 minutes, 1 second
35 Topics
187 Local links
0 Internet links
1 Graphic
Created e:\biocbld\bbs-2.1-bioc\meat\lumi\chm\lumi.chm, 53,231 bytes
Compression decreased file by 72,644 bytes.
preparing package lumi for lazy loading
Loading required package: Biobase
Loading required package: tools
Welcome to Bioconductor
Vignettes contain introductory material. To view, type
'openVignette()'. To cite Bioconductor, see
'citation("Biobase")' and for packages 'citation(pkgname)'.
Loading required package: affy
Loading required package: affyio
Loading required package: preprocessCore
Loading required package: mgcv
Loading required package: annotate
Loading required package: AnnotationDbi
Loading required package: DBI
Loading required package: RSQLite
Creating a new generic function for "pairs" in "lumi"
Creating a new generic function for "plot" in "lumi"
adding MD5 sums
* DONE (lumi)
* creating vignettes ... ERROR
Loading required package: Biobase
Welcome to Bioconductor
Vignettes contain introductory material. To view, type
'openVignette()'. To cite Bioconductor, see
'citation("Biobase")' and for packages 'citation(pkgname)'.
Loading required package: affy
Loading required package: affyio
Loading required package: preprocessCore
Loading required package: mgcv
Loading required package: annotate
Loading required package: AnnotationDbi
Loading required package: DBI
Loading required package: RSQLite
Loading required package: GO
Loading required package: lumiHumanV1
Loading required package: lumiHumanV1
Loading required package: lumiHumanV1
Loading required package: lumiHumanV1
Loading required package: lumiHumanV1
Loading required package: limma
Loading required package: lumiHumanV1
entering extended mode
entering extended mode
entering extended mode
Loading required package: survival
Loading required package: splines
Loading required package: lattice
KernSmooth 2.22 installed
Copyright M. P. Wand 1997
Error: processing vignette 'lumi_VST_evaluation.Rnw' failed with diagnostics:
chunk 1 (label=libraries)
Error in library("lumiBarnes") : there is no package called 'lumiBarnes'
In addition: Warning messages:
1: In library(package, lib.loc = lib.loc, character.only = TRUE, logical.return = TRUE, :
there is no package called 'lumiHumanV1'
2: In library(package, lib.loc = lib.loc, character.only = TRUE, logical.return = TRUE, :
there is no package called 'lumiHumanV1'
3: In library(package, lib.loc = lib.loc, character.only = TRUE, logical.return = TRUE, :
there is no package called 'lumiHumanV1'
4: In library(package, lib.loc = lib.loc, character.only = TRUE, logical.return = TRUE, :
there is no package called 'lumiHumanV1'
5: In library(package, lib.loc = lib.loc, character.only = TRUE, logical.return = TRUE, :
there is no package called 'lumiHumanV1'
6: In library(package, lib.loc = lib.loc, character.only = TRUE, logical.return = TRUE, :
there is no package called 'lumiHumanV1'
Execution halted