Back to the "Multiple platform build/check report"
| IMPORTANT NOTE: R was configured with --enable-strict-barrier on lamb1 |
| Package 99/247 | Hostname | OS | Arch | BUILD | CHECK | BUILD BIN |
globaltest4.7.3Jelle GoemanLast Changed Date: 2007-08-17 05:05:49 -0700 Last Changed Rev: 26474 | lamb1 | Linux (SUSE 10.1) | x86_64 | ERROR | skipped | |
| wellington | Linux (SUSE 9.2) | i686 | ERROR | skipped | ||
| liverpool | Windows Server 2003 R2 (32-bit) | x64 | [ ERROR ] | skipped | skipped | |
| pitt | Mac OS X (10.4.10) | i386 | ERROR | skipped | skipped |
| Package: globaltest |
| Version: 4.7.3 |
| Command: E:\biocbld\bbs-2.1-bioc\R\bin\R.exe CMD build globaltest |
| RetCode: 1 |
| Time: 69.6 seconds |
| Status: ERROR |
| PackageFile: None |
* checking for file 'globaltest/DESCRIPTION' ... OK
* preparing 'globaltest':
* checking DESCRIPTION meta-information ... OK
* installing the package to re-build vignettes
installing R.css in E:/biocbld/bbs-2.1-bioc/tmpdir/Rinst275615142
---------- Making package globaltest ------------
adding build stamp to DESCRIPTION
installing NAMESPACE file and metadata
installing R files
installing inst files
installing data files
preparing package globaltest for lazy loading
Loading required package: multtest
Loading required package: Biobase
Loading required package: tools
Welcome to Bioconductor
Vignettes contain introductory material. To view, type
'openVignette()'. To cite Bioconductor, see
'citation("Biobase")' and for packages 'citation(pkgname)'.
Loading required package: survival
Loading required package: splines
Loading required package: AnnotationDbi
Loading required package: DBI
Loading required package: RSQLite
Loading required package: annotate
New generic for "combine" does not agree with implicit generic from package "Biobase"; a new generic will be assigned with package "globaltest"
Creating a new generic function for "fitted.values" in "globaltest"
Creating a new generic function for "residuals" in "globaltest"
installing man source files
installing indices
not zipping data
installing help
>>> Building/Updating help pages for package 'globaltest'
Formats: text html latex example chm
GOstructure text html latex chm
annotation.vandeVijver text html latex chm
checkerboard text html latex example chm
geneplot text html latex example chm
globaltest text html latex example chm
gostructure.vandeVijver text html latex chm
gt.barplot-class text html latex chm
gt.result-class text html latex chm
gtGO text html latex example chm
mlogit text html latex example chm
multtest text html latex example chm
permutations text html latex example chm
regressionplot text html latex example chm
sampleplot text html latex example chm
sampling text html latex example chm
vandeVijver text html latex chm
Microsoft HTML Help Compiler 4.74.8702
Compiling e:\biocbld\bbs-2.1-bioc\meat\globaltest\chm\globaltest.chm
Compile time: 0 minutes, 2 seconds
17 Topics
162 Local links
0 Internet links
1 Graphic
Created e:\biocbld\bbs-2.1-bioc\meat\globaltest\chm\globaltest.chm, 48,381 bytes
Compression decreased file by 45,795 bytes.
adding MD5 sums
* DONE (globaltest)
* creating vignettes ... ERROR
Loading required package: Biobase
Welcome to Bioconductor
Vignettes contain introductory material. To view, type
'openVignette()'. To cite Bioconductor, see
'citation("Biobase")' and for packages 'citation(pkgname)'.
Loading required package: affy
Loading required package: affyio
Loading required package: preprocessCore
Loading required package: multtest
Loading required package: survival
Loading required package: splines
Loading required package: AnnotationDbi
Loading required package: DBI
Loading required package: RSQLite
Loading required package: annotate
Loading required package: GO
Loading required package: graph
Loading required package: GO.db
Attaching package: 'GO.db'
The following object(s) are masked from package:GO :
GOBPANCESTOR,
GOBPCHILDREN,
GOBPOFFSPRING,
GOBPPARENTS,
GOCCANCESTOR,
GOCCCHILDREN,
GOCCOFFSPRING,
GOCCPARENTS,
GOMAPCOUNTS,
GOMFANCESTOR,
GOMFCHILDREN,
GOMFOFFSPRING,
GOMFPARENTS,
GOOBSOLETE,
GOSYNONYM,
GOTERM
Loading required package: RBGL
Loading required package: Category
Loading required package: genefilter
Attaching package: 'Rgraphviz'
The following object(s) are masked from package:annotate :
toFile
Error: processing vignette 'GlobalTest.Rnw' failed with diagnostics:
chunk 33 (label=visualizeGO)
Error in function (classes, fdef, mtable) :
unable to find an inherited method for function "Term", for signature "character"
In addition: Warning message:
Multiple methods lists found for 'combine'
Execution halted