Back to the "Multiple platform build/check report"
| IMPORTANT NOTE: R was configured with --enable-strict-barrier on lamb1 |
| Package 207/247 | Hostname | OS | Arch | BUILD | CHECK | BUILD BIN |
RSNPper1.11.0VJ CareyLast Changed Date: 2007-04-24 11:31:42 -0700 Last Changed Rev: 24217 | lamb1 | Linux (SUSE 10.1) | x86_64 | ERROR | skipped | |
| wellington | Linux (SUSE 9.2) | i686 | ERROR | skipped | ||
| liverpool | Windows Server 2003 R2 (32-bit) | x64 | [ ERROR ] | skipped | skipped | |
| pitt | Mac OS X (10.4.10) | i386 | ERROR | skipped | skipped |
| Package: RSNPper |
| Version: 1.11.0 |
| Command: E:\biocbld\bbs-2.1-bioc\R\bin\R.exe CMD build RSNPper |
| RetCode: 1 |
| Time: 34.5 seconds |
| Status: ERROR |
| PackageFile: None |
* checking for file 'RSNPper/DESCRIPTION' ... OK
* preparing 'RSNPper':
* checking DESCRIPTION meta-information ... OK
* installing the package to re-build vignettes
installing R.css in E:/biocbld/bbs-2.1-bioc/tmpdir/Rinst436496090
---------- Making package RSNPper ------------
adding build stamp to DESCRIPTION
installing NAMESPACE file and metadata
installing R files
installing inst files
installing man source files
installing indices
installing help
>>> Building/Updating help pages for package 'RSNPper'
Formats: text html latex example chm
SNPperMeta-class text html latex example chm
geneInfo text html latex example chm
Microsoft HTML Help Compiler 4.74.8702
Compiling e:\biocbld\bbs-2.1-bioc\meat\RSNPper\chm\RSNPper.chm
Compile time: 0 minutes, 0 seconds
3 Topics
34 Local links
0 Internet links
1 Graphic
Created e:\biocbld\bbs-2.1-bioc\meat\RSNPper\chm\RSNPper.chm, 21,722 bytes
Compression decreased file by 1,704 bytes.
adding MD5 sums
* DONE (RSNPper)
* creating vignettes ... ERROR
Loading required package: XML
Error: processing vignette 'RSNPper.Rnw' failed with diagnostics:
chunk 7 (label=SNPinfoDemo)
Error in UseMethod("xmlValue") : no applicable method for "xmlValue"
Execution halted