Back to the "Multiple platform build/check report"
| Package 65/234 | Hostname | OS | Arch | BUILD | CHECK | BUILD BIN |
externalVector1.5.1Biocore TeamLast Changed Date: 2007-05-11 21:56:41 -0700 Last Changed Rev: 24616 | lamb1 | Linux (SUSE 10.1) | x86_64 | OK | [ ERROR ] | |
| wellington | Linux (SUSE 9.2) | i686 | OK | ERROR | ||
| churchill | Solaris 2.9 | sparc | OK | ERROR | ||
| lemming | Windows Server 2003 (32-bit) | x64 | OK | ERROR | ERROR |
| Package: externalVector |
| Version: 1.5.1 |
| Command: /home/biocbuild/bbs-2.1-bioc/R/bin/R CMD check externalVector_1.5.1.tar.gz |
| RetCode: 1 |
| Time: 15.5 seconds |
| Status: ERROR |
| CheckDir: externalVector.Rcheck |
| Warnings: NA |
* checking for working latex ... OK
* using log directory '/home/biocbuild/bbs-2.1-bioc/meat/externalVector.Rcheck'
* using R version 2.6.0 Under development (unstable) (2007-05-03 r41426)
* checking for file 'externalVector/DESCRIPTION' ... OK
* this is package 'externalVector' version '1.5.1'
* checking package name space information ... OK
* checking package dependencies ... OK
* checking if this is a source package ... OK
* checking whether package 'externalVector' can be installed ... WARNING
Found the following significant warnings:
Warning: unmatched brace ('}') in 'externalVector-class.Rd' on or after line 106
Warning: unmatched brace ('}') in 'externalVector-class.Rd' on or after line 106
Warning: unmatched brace ('}') in 'externalVector-class.Rd' on or after line 106
Warning: unmatched brace ('}') in 'externalVector-class.Rd' on or after line 106
See '/home/biocbuild/bbs-2.1-bioc/meat/externalVector.Rcheck/00install.out' for details.
* checking package directory ... OK
* checking for portable file names ... OK
* checking for sufficient/correct file permissions ... OK
* checking DESCRIPTION meta-information ... OK
* checking top-level files ... OK
* checking index information ... OK
* checking package subdirectories ... OK
* checking R files for non-ASCII characters ... OK
* checking R files for syntax errors ... OK
* checking whether the package can be loaded ... ERROR
Error in loadNamespace(package, c(which.lib.loc, lib.loc), keep.source = keep.source) :
in 'externalVector' methods for export not found: as.double
Error: package/namespace load failed for 'externalVector'
Execution halted
It looks like this package has a loading problem: see the messages for
details.
externalVector.Rcheck/00install.out:
* Installing *source* package 'externalVector' ...
** libs
gcc -std=gnu99 -I/home/biocbuild/bbs-2.1-bioc/R/include -I/home/biocbuild/bbs-2.1-bioc/R/include -I/usr/local/include -fpic -g -O2 -Wall -c allocator.c -o allocator.o
gcc -std=gnu99 -I/home/biocbuild/bbs-2.1-bioc/R/include -I/home/biocbuild/bbs-2.1-bioc/R/include -I/usr/local/include -fpic -g -O2 -Wall -c arraySummary.c -o arraySummary.o
gcc -std=gnu99 -I/home/biocbuild/bbs-2.1-bioc/R/include -I/home/biocbuild/bbs-2.1-bioc/R/include -I/usr/local/include -fpic -g -O2 -Wall -c coerce.c -o coerce.o
gcc -std=gnu99 -I/home/biocbuild/bbs-2.1-bioc/R/include -I/home/biocbuild/bbs-2.1-bioc/R/include -I/usr/local/include -fpic -g -O2 -Wall -c externalVector.c -o externalVector.o
externalVector.c:7: warning: 'ScalarVector' defined but not used
gcc -std=gnu99 -I/home/biocbuild/bbs-2.1-bioc/R/include -I/home/biocbuild/bbs-2.1-bioc/R/include -I/usr/local/include -fpic -g -O2 -Wall -c groups.c -o groups.o
gcc -std=gnu99 -I/home/biocbuild/bbs-2.1-bioc/R/include -I/home/biocbuild/bbs-2.1-bioc/R/include -I/usr/local/include -fpic -g -O2 -Wall -c math.c -o math.o
gcc -std=gnu99 -I/home/biocbuild/bbs-2.1-bioc/R/include -I/home/biocbuild/bbs-2.1-bioc/R/include -I/usr/local/include -fpic -g -O2 -Wall -c slice.c -o slice.o
gcc -std=gnu99 -I/home/biocbuild/bbs-2.1-bioc/R/include -I/home/biocbuild/bbs-2.1-bioc/R/include -I/usr/local/include -fpic -g -O2 -Wall -c storage.c -o storage.o
gcc -std=gnu99 -I/home/biocbuild/bbs-2.1-bioc/R/include -I/home/biocbuild/bbs-2.1-bioc/R/include -I/usr/local/include -fpic -g -O2 -Wall -c subscript.c -o subscript.o
gcc -std=gnu99 -shared -L/usr/local/lib64 -o externalVector.so allocator.o arraySummary.o coerce.o externalVector.o groups.o math.o slice.o storage.o subscript.o -L/home/biocbuild/bbs-2.1-bioc/R/lib -lR
** R
** preparing package for lazy loading
Creating a new generic function for "match" in "externalVector"
Creating a new generic function for "as.vector" in "externalVector"
Creating a new generic function for "as.single" in "externalVector"
Creating a new generic function for "as.list" in "externalVector"
Creating a new generic function for "as.matrix" in "externalVector"
Creating a new generic function for "as.data.frame" in "externalVector"
Creating a new generic function for "log" in "externalVector"
Creating a new generic function for "apply" in "externalVector"
Creating a new generic function for "lapply" in "externalVector"
Creating a new generic function for "sapply" in "externalVector"
Creating a new generic function for "mean" in "externalVector"
Creating a new generic function for "median" in "externalVector"
Creating a new generic function for "cov2cor" in "externalVector"
** help
Warning: unmatched brace ('}') in 'externalVector-class.Rd' on or after line 106
Warning: unmatched brace ('}') in 'externalVector-class.Rd' on or after line 106
Warning: unmatched brace ('}') in 'externalVector-class.Rd' on or after line 106
Warning: unmatched brace ('}') in 'externalVector-class.Rd' on or after line 106
>>> Building/Updating help pages for package 'externalVector'
Formats: text html latex example
NAIndex-class text html latex
SubscriptList text html latex example
Subset text html latex
allIndex-class text html latex
allNA text html latex example
allocators text html latex
as.Rvector text html latex example
asEach text html latex example
defaultElement text html latex example
exprMatrix-class text html latex
externalAllocator-class text html latex
externalMatrix text html latex example
externalResource-class text html latex
externalStorage-class text html latex
externalVector-class text html latex
externalVector text html latex example
externalVectorWithStorage-class text html latex
gcAllocator-class text html latex example
getExternalStorage text html latex
getNativeStorageMethods text html latex
indirectExternalMatrix-class text html latex
indirectExternalVector-class text html latex
internalType text html latex
makeSlice text html latex example
matrixIndex-class text html latex
nativeStorageMethods-class text html latex
nativeStorageMethodsList-class text html latex
nonSlotAttributes text html latex
noneIndex-class text html latex
positiveIndex-class text html latex
rebind text html latex
setDimNames text html latex
setExternalStorageClass text html latex example
setVirtualMethod text html latex example
simpleStorage-class text html latex
sliceIndex-class text html latex
union-class text html latex
var text html latex example
vectorIndex-class text html latex
** building package indices ...
* DONE (externalVector)