Back to the "Multiple platform build/check report"
| Package 64/234 | Hostname | OS | Arch | BUILD | CHECK | BUILD BIN |
exonmap1.1.04Michal OkoniewskiLast Changed Date: 2007-05-15 09:13:14 -0700 Last Changed Rev: 24661 | lamb1 | Linux (SUSE 10.1) | x86_64 | OK | [ WARNINGS ] | |
| wellington | Linux (SUSE 9.2) | i686 | OK | OK | ||
| churchill | Solaris 2.9 | sparc | OK | ERROR | ||
| lemming | Windows Server 2003 (32-bit) | x64 | OK | ERROR | ERROR |
| Package: exonmap |
| Version: 1.1.04 |
| Command: /home/biocbuild/bbs-2.1-bioc/R/bin/R CMD check exonmap_1.1.04.tar.gz |
| RetCode: 0 |
| Time: 44.5 seconds |
| Status: WARNINGS |
| CheckDir: exonmap.Rcheck |
| Warnings: 1 |
* checking for working latex ... OK
* using log directory '/home/biocbuild/bbs-2.1-bioc/meat/exonmap.Rcheck'
* using R version 2.6.0 Under development (unstable) (2007-05-03 r41426)
* checking for file 'exonmap/DESCRIPTION' ... OK
* this is package 'exonmap' version '1.1.04'
* checking package dependencies ... OK
* checking if this is a source package ... OK
* checking whether package 'exonmap' can be installed ... WARNING
Found the following significant warnings:
Warning: unmatched brace ('}') in 'plot.gene.graph.Rd' on or after line 7
Warning: unmatched brace ('}') in 'plot.gene.graph.Rd' on or after line 7
Warning: unmatched brace ('}') in 'plot.gene.graph.Rd' on or after line 7
Warning: unmatched brace ('}') in 'plot.gene.graph.Rd' on or after line 7
Warning: unmatched brace ('}') in 'x.rma.Rd' on or after line 23
Warning: unmatched brace ('}') in 'x.rma.Rd' on or after line 23
Warning: unmatched brace ('}') in 'x.rma.Rd' on or after line 23
Warning: unmatched brace ('}') in 'x.rma.Rd' on or after line 23
See '/home/biocbuild/bbs-2.1-bioc/meat/exonmap.Rcheck/00install.out' for details.
* checking package directory ... OK
* checking for portable file names ... OK
* checking for sufficient/correct file permissions ... OK
* checking DESCRIPTION meta-information ... OK
* checking top-level files ... OK
* checking index information ... OK
* checking package subdirectories ... OK
* checking R files for non-ASCII characters ... OK
* checking R files for syntax errors ... OK
* checking whether the package can be loaded ... OK
* checking whether the package can be loaded with stated dependencies ... OK
* checking for unstated dependencies in R code ... OK
* checking S3 generic/method consistency ... OK
* checking replacement functions ... OK
* checking foreign function calls ... OK
* checking R code for possible problems ... NOTE
.cleanup.rs: no visible binding for global variable
'.ExonmapConnection'
.cleanup.rs: no visible binding for global variable 'sql'
.doStoredProcedureFetch: no visible binding for global variable
'.ExonmapConnection'
exon.details: no visible binding for global variable 'a'
.xmapDisconnect: no visible binding for global variable
'.ExonmapConnection'
xmapExon: possible error in .doStoredProcedureFetch(con, proc): unused
argument(s) (proc)
xmapGene: possible error in .doStoredProcedureFetch(con, proc): unused
argument(s) (proc)
xmapTranscript: possible error in .doStoredProcedureFetch(con, proc):
unused argument(s) (proc)
Found possibly global 'T' or 'F' in the following functions:
.gene.height .gene.midas .graph.paint.exon .graph.paint.probeset
.initialize.plot.area .paint.exon .paint.gene .paint.probeset
.paint.transcript plot.gene plot.gene.graph .pw.summary splanova
.splicing.index splicing.index .strip.paint.probeset
* checking Rd files ... OK
* checking Rd cross-references ... OK
* checking for missing documentation entries ... OK
* checking for code/documentation mismatches ... OK
* checking Rd \usage sections ... OK
* checking data for non-ASCII characters ... OK
* creating exonmap-Ex.R ... OK
* checking examples ... OK
* creating exonmap-manual.tex ... OK
* checking exonmap-manual.tex ... OK
WARNING: There was 1 warning, see
/home/biocbuild/bbs-2.1-bioc/meat/exonmap.Rcheck/00check.log
for details
exonmap.Rcheck/00install.out:
* Installing *source* package 'exonmap' ...
** R
** data
** inst
** preparing package for lazy loading
Loading required package: affy
Loading required package: Biobase
Loading required package: tools
Welcome to Bioconductor
Vignettes contain introductory material. To view, type
'openVignette()'. To cite Bioconductor, see
'citation("Biobase")' and for packages 'citation(pkgname)'.
Loading required package: affyio
Loading required package: simpleaffy
Loading required package: genefilter
Loading required package: survival
Loading required package: splines
Loading required package: RColorBrewer
Loading required package: RMySQL
Loading required package: DBI
Loading required package: plier
** help
Warning: unmatched brace ('}') in 'plot.gene.graph.Rd' on or after line 7
Warning: unmatched brace ('}') in 'plot.gene.graph.Rd' on or after line 7
Warning: unmatched brace ('}') in 'plot.gene.graph.Rd' on or after line 7
Warning: unmatched brace ('}') in 'plot.gene.graph.Rd' on or after line 7
Warning: unmatched brace ('}') in 'x.rma.Rd' on or after line 23
Warning: unmatched brace ('}') in 'x.rma.Rd' on or after line 23
Warning: unmatched brace ('}') in 'x.rma.Rd' on or after line 23
Warning: unmatched brace ('}') in 'x.rma.Rd' on or after line 23
>>> Building/Updating help pages for package 'exonmap'
Formats: text html latex example
PC-class text html latex example
Splanova-class text html latex example
X.toY text html latex example
array.subset text html latex example
gene.details text html latex example
gene.legend text html latex example
gene.strip text html latex example
gene.to.exon.probeset text html latex example
group.indices text html latex example
pc text html latex example
plot.gene text html latex example
plot.gene.graph text html latex example
probeset.stats text html latex example
probesets.in.range text html latex example
read.exon text html latex example
select.probewise text html latex example
splanova text html latex example
splicing.index text html latex example
x.rma text html latex
xmapDatabase text html latex example
xmapGene text html latex example
** building package indices ...
* DONE (exonmap)