Back to the "Multiple platform build/check report"
| Package 39/234 | Hostname | OS | Arch | BUILD | CHECK | BUILD BIN |
BufferedMatrix1.1.0Benjamin Milo BolstadLast Changed Date: 2007-05-11 21:56:41 -0700 Last Changed Rev: 24616 | lamb1 | Linux (SUSE 10.1) | x86_64 | OK | [ WARNINGS ] | |
| wellington | Linux (SUSE 9.2) | i686 | OK | OK | ||
| churchill | Solaris 2.9 | sparc | OK | OK | ||
| lemming | Windows Server 2003 (32-bit) | x64 | OK | OK | OK |
| Package: BufferedMatrix |
| Version: 1.1.0 |
| Command: /home/biocbuild/bbs-2.1-bioc/R/bin/R CMD check BufferedMatrix_1.1.0.tar.gz |
| RetCode: 0 |
| Time: 29.7 seconds |
| Status: WARNINGS |
| CheckDir: BufferedMatrix.Rcheck |
| Warnings: 1 |
* checking for working latex ... OK
* using log directory '/home/biocbuild/bbs-2.1-bioc/meat/BufferedMatrix.Rcheck'
* using R version 2.6.0 Under development (unstable) (2007-05-03 r41426)
* checking for file 'BufferedMatrix/DESCRIPTION' ... OK
* this is package 'BufferedMatrix' version '1.1.0'
* checking package dependencies ... OK
* checking if this is a source package ... OK
* checking whether package 'BufferedMatrix' can be installed ... WARNING
Found the following significant warnings:
Warning: unmatched brace ('}') in 'createBufferedMatrix.Rd' on or after line 5
Warning: unmatched brace ('}') in 'createBufferedMatrix.Rd' on or after line 5
Warning: unmatched brace ('}') in 'createBufferedMatrix.Rd' on or after line 5
Warning: unmatched brace ('}') in 'createBufferedMatrix.Rd' on or after line 5
See '/home/biocbuild/bbs-2.1-bioc/meat/BufferedMatrix.Rcheck/00install.out' for details.
* checking package directory ... OK
* checking for portable file names ... OK
* checking for sufficient/correct file permissions ... OK
* checking DESCRIPTION meta-information ... OK
* checking top-level files ... OK
* checking index information ... OK
* checking package subdirectories ... OK
* checking R files for non-ASCII characters ... OK
* checking R files for syntax errors ... OK
* checking whether the package can be loaded ... OK
* checking whether the package can be loaded with stated dependencies ... OK
* checking for unstated dependencies in R code ... OK
* checking S3 generic/method consistency ... OK
* checking replacement functions ... OK
* checking foreign function calls ... OK
* checking R code for possible problems ... OK
* checking Rd files ... OK
* checking Rd cross-references ... OK
* checking for missing documentation entries ... OK
* checking for code/documentation mismatches ... OK
* checking Rd \usage sections ... OK
* checking for CRLF line endings in C/C++/Fortran sources/headers ... OK
* checking for portable use of $BLAS_LIBS ... OK
* creating BufferedMatrix-Ex.R ... OK
* checking examples ... OK
* checking tests ...
make[1]: Entering directory `/home/biocbuild/bbs-2.1-bioc/meat/BufferedMatrix.Rcheck/tests'
Running 'Rcodetesting.R'
Running 'c_code_level_tests.R'
Running 'objectTesting.R'
Running 'rawCalltesting.R'
make[1]: Leaving directory `/home/biocbuild/bbs-2.1-bioc/meat/BufferedMatrix.Rcheck/tests'
OK
* checking package vignettes in 'inst/doc' ... OK
* creating BufferedMatrix-manual.tex ... OK
* checking BufferedMatrix-manual.tex ... OK
WARNING: There was 1 warning, see
/home/biocbuild/bbs-2.1-bioc/meat/BufferedMatrix.Rcheck/00check.log
for details
BufferedMatrix.Rcheck/00install.out:
* Installing *source* package 'BufferedMatrix' ...
** libs
gcc -std=gnu99 -I/home/biocbuild/bbs-2.1-bioc/R/include -I/home/biocbuild/bbs-2.1-bioc/R/include -I/usr/local/include -fpic -g -O2 -Wall -c doubleBufferedMatrix.c -o doubleBufferedMatrix.o
doubleBufferedMatrix.c:3323: warning: 'sort_double' defined but not used
gcc -std=gnu99 -I/home/biocbuild/bbs-2.1-bioc/R/include -I/home/biocbuild/bbs-2.1-bioc/R/include -I/usr/local/include -fpic -g -O2 -Wall -c doubleBufferedMatrix_C_tests.c -o doubleBufferedMatrix_C_tests.o
doubleBufferedMatrix_C_tests.c: In function 'dbm_c_tester':
doubleBufferedMatrix_C_tests.c:26: warning: implicit declaration of function 'Rprintf'
gcc -std=gnu99 -I/home/biocbuild/bbs-2.1-bioc/R/include -I/home/biocbuild/bbs-2.1-bioc/R/include -I/usr/local/include -fpic -g -O2 -Wall -c init_package.c -o init_package.o
gcc -std=gnu99 -I/home/biocbuild/bbs-2.1-bioc/R/include -I/home/biocbuild/bbs-2.1-bioc/R/include -I/usr/local/include -fpic -g -O2 -Wall -c RBufferedMatrix.c -o RBufferedMatrix.o
gcc -std=gnu99 -shared -L/usr/local/lib64 -o BufferedMatrix.so doubleBufferedMatrix.o doubleBufferedMatrix_C_tests.o init_package.o RBufferedMatrix.o -L/home/biocbuild/bbs-2.1-bioc/R/lib -lR
** R
** inst
** preparing package for lazy loading
Creating a new generic function for "ncol" in "BufferedMatrix"
Creating a new generic function for "nrow" in "BufferedMatrix"
Creating a new generic function for "log" in "BufferedMatrix"
Creating a new generic function for "mean" in "BufferedMatrix"
Creating a new generic function for "as.matrix" in "BufferedMatrix"
** help
Warning: unmatched brace ('}') in 'createBufferedMatrix.Rd' on or after line 5
Warning: unmatched brace ('}') in 'createBufferedMatrix.Rd' on or after line 5
Warning: unmatched brace ('}') in 'createBufferedMatrix.Rd' on or after line 5
Warning: unmatched brace ('}') in 'createBufferedMatrix.Rd' on or after line 5
>>> Building/Updating help pages for package 'BufferedMatrix'
Formats: text html latex example
BufferedMatrix-class text html latex
as.BufferedMatrix text html latex
createBufferedMatrix text html latex example
** building package indices ...
* DONE (BufferedMatrix)