Back to the "Multiple platform build/check report"
| Package 24/234 | Hostname | OS | Arch | BUILD | CHECK | BUILD BIN |
arrayQCplot2.5.0Eun-kyung LeeLast Changed Date: 2007-04-24 11:31:42 -0700 Last Changed Rev: 24217 | lamb1 | Linux (SUSE 10.1) | x86_64 | OK | OK | |
| wellington | Linux (SUSE 9.2) | i686 | OK | ERROR | ||
| churchill | Solaris 2.9 | sparc | OK | [ ERROR ] | ||
| lemming | Windows Server 2003 (32-bit) | x64 | N O T S U P P O R T E D | |||
| Package: arrayQCplot |
| Version: 2.5.0 |
| Command: /loc/biocbuild/bbs-2.1-bioc/R/bin/R CMD check arrayQCplot_2.5.0.tar.gz |
| RetCode: 1 |
| Time: 10.1 seconds |
| Status: ERROR |
| CheckDir: arrayQCplot.Rcheck |
| Warnings: NA |
* checking for working latex ... OK * using log directory '/loc/biocbuild/bbs-2.1-bioc/meat/arrayQCplot.Rcheck' * using R version 2.6.0 Under development (unstable) (2007-04-17 r41210) * checking for file 'arrayQCplot/DESCRIPTION' ... OK * this is package 'arrayQCplot' version '2.5.0' * checking package dependencies ... ERROR Packages required but not available: RGtk2 cairoDevice See the information on DESCRIPTION files in the chapter 'Creating R packages' of the 'Writing R Extensions' manual.