Back to the "Multiple platform build/check report"
| Package 45/234 | Hostname | OS | Arch | BUILD | CHECK | BUILD BIN | 
ChromoViz1.9.0Jihoon KimLast Changed Date: 2007-04-24 11:31:42 -0700 Last Changed Rev: 24217  | lamb1 | Linux (SUSE 10.1) | x86_64 | OK | WARNINGS | |
| wellington | Linux (SUSE 9.2) | i686 | OK | WARNINGS | ||
| churchill | Solaris 2.9 | sparc | OK | ERROR | ||
| lemming | Windows Server 2003 (32-bit) | x64 | OK | [ WARNINGS ] | OK | 
| Package: ChromoViz | 
| Version: 1.9.0 | 
| Command: D:\biocbld\bbs-2.1-bioc\R\bin\R.exe CMD check ChromoViz_1.9.0.tar.gz | 
| RetCode: 0 | 
| Time: 39.5 seconds | 
| Status: WARNINGS | 
| CheckDir: ChromoViz.Rcheck | 
| Warnings: 1 | 
* checking for working latex ... OK * using log directory 'D:/biocbld/bbs-2.1-bioc/meat/ChromoViz.Rcheck' * using R version 2.6.0 Under development (unstable) (2007-04-17 r41210) * checking for file 'ChromoViz/DESCRIPTION' ... OK * checking extension type ... Package * this is package 'ChromoViz' version '1.9.0' * checking package dependencies ... OK * checking if this is a source package ... OK * checking whether package 'ChromoViz' can be installed ... OK * checking package directory ... OK * checking for portable file names ... OK * checking DESCRIPTION meta-information ... OK * checking top-level files ... OK * checking index information ... OK * checking package subdirectories ... OK * checking R files for non-ASCII characters ... OK * checking R files for syntax errors ... WARNING Warnings in file 'R/cViz.addAnnoNodes2SVG.R': '\:' is an unrecognized escape in a character string unrecognized escape removed from "xmlns\:xlink" '\_' is an unrecognized escape in a character string unrecognized escape removed from "\_" '\:' is an unrecognized escape in a character string unrecognized escape removed from "xlink\:href" '\#' is an unrecognized escape in a character string unrecognized escape removed from "\#" '\<' is an unrecognized escape in a character string '\>' is an unrecognized escape in a character string unrecognized escapes removed from "\<?xml version=\"1.0\" standalone=\"yes\"?\>" Warnings in file 'R/cViz.makeChromWrapperHtml.R': '\;' is an unrecognized escape in a character string unrecognized escape removed from "<input type=\"button\" value=\"Search\" onClick=\"FindAccNum(\'Chromosome\')\;\"><br><br><br>" '\_' is an unrecognized escape in a character string unrecognized escape removed from "\_" '\;' is an unrecognized escape in a character string unrecognized escape removed from "\" unchecked onClick=\"MovetoZero(\'Chromosome\', this)\;\">" Warnings in file 'R/cViz.mergeSVG.R': '\:' is an unrecognized escape in a character string unrecognized escape removed from "xmlns\:xlink" * checking whether the package can be loaded ... OK * checking whether the package can be loaded with stated dependencies ... OK * checking for unstated dependencies in R code ... OK * checking S3 generic/method consistency ... OK * checking replacement functions ... OK * checking foreign function calls ... OK * checking R code for possible problems ... OK * checking Rd files ... OK * checking Rd cross-references ... OK * checking for missing documentation entries ... OK * checking for code/documentation mismatches ... OK * checking Rd \usage sections ... OK * checking data for non-ASCII characters ... OK * creating ChromoViz-Ex.R ... OK * checking examples ... OK * creating ChromoViz-manual.tex ... OK * checking ChromoViz-manual.tex ... OK WARNING: There was 1 warning, see D:/biocbld/bbs-2.1-bioc/meat/ChromoViz.Rcheck/00check.log for details
ChromoViz.Rcheck/00install.out:
installing R.css in D:/biocbld/bbs-2.1-bioc/meat/ChromoViz.Rcheck
---------- Making package ChromoViz ------------
  adding build stamp to DESCRIPTION
  installing R files
  installing data files
  installing man source files
  installing indices
  not zipping data
  installing help
 >>> Building/Updating help pages for package 'ChromoViz'
     Formats: text html latex example chm 
  cViz                              text    html    latex   example chm
  cViz.addAnnoNodes2SVG             text    html    latex           chm
  cViz.addZeroToTheSingleDigit      text    html    latex           chm
  cViz.distinctNames                text    html    latex           chm
  cViz.drawChr                      text    html    latex           chm
  cViz.drawFeature                  text    html    latex           chm
  cViz.getHeightOfPolylinePoints    text    html    latex           chm
  cViz.incPolylineAttrValue         text    html    latex           chm
  cViz.incSVGviewBoxValue           text    html    latex           chm
  cViz.incSingleAttrValue           text    html    latex           chm
  cViz.incTextAttrValue             text    html    latex           chm
  cViz.insertNewAttrValue           text    html    latex           chm
  cViz.loadFiles                    text    html    latex           chm
  cViz.makeChromWrapperHtml         text    html    latex           chm
  cViz.makeFrameHtml                text    html    latex           chm
  cViz.makeHeaderHtml               text    html    latex           chm
  cViz.mergeSVG                     text    html    latex           chm
  exprKnockout                      text    html    latex   example chm
  exprStemcell                      text    html    latex   example chm
  humanBand                         text    html    latex   example chm
  mouseBand                         text    html    latex   example chm
  svgControl                        text    html    latex           chm
Microsoft HTML Help Compiler 4.74.8702
Compiling d:\biocbld\bbs-2.1-bioc\meat\ChromoViz.Rcheck\00_pkg_src\ChromoViz\chm\ChromoViz.chm
Compile time: 0 minutes, 0 seconds
23	Topics
60	Local links
0	Internet links
1	Graphic
Created d:\biocbld\bbs-2.1-bioc\meat\ChromoViz.Rcheck\00_pkg_src\ChromoViz\chm\ChromoViz.chm, 19,260 bytes
Compression decreased file by 14,274 bytes.
  adding MD5 sums
* DONE (ChromoViz)