Back to the "Multiple platform build/check report"
| Package 77/214 | Hostname | OS | Arch | BUILD | CHECK | BUILD BIN |
GeneticsBase1.0.0Gregory WarnesLast Changed Date: 2007-04-24 11:21:48 -0700 Last Changed Rev: 24214 | lamb1 | Linux (SUSE 10.1) | x86_64 | ERROR | skipped | |
| wellington | Linux (SUSE 9.2) | i686 | ERROR | skipped | ||
| lemming | Windows Server 2003 (32-bit) | x64 | [ ERROR ] | skipped | skipped |
| Package: GeneticsBase |
| Version: 1.0.0 |
| Command: D:\biocbld\bbs-2.0-bioc\R\bin\R.exe CMD build GeneticsBase |
| RetCode: 1 |
| Time: 38.5 seconds |
| Status: ERROR |
| PackageFile: None |
* checking for file 'GeneticsBase/DESCRIPTION' ... OK
* preparing 'GeneticsBase':
* checking DESCRIPTION meta-information ... OK
* cleaning src
* installing the package to re-build vignettes
installing R.css in D:/biocbld/bbs-2.0-bioc/tmpdir/Rinst55215701
---------- Making package GeneticsBase ------------
adding build stamp to DESCRIPTION
installing NAMESPACE file and metadata
making DLL ...
making LdMax.d from LdMax.cpp
making convert.d from convert.cpp
making getLDdist.d from getLDdist.cpp
making readGenes.ped.d from readGenes.ped.cpp
making register.d from register.cpp
g++ -Id:/biocbld/bbs-2.0-bioc/R/include -Wall -O2 -c LdMax.cpp -o LdMax.o
g++ -Id:/biocbld/bbs-2.0-bioc/R/include -Wall -O2 -c convert.cpp -o convert.o
convert.cpp: In function `SEXPREC* convert2(SEXPREC*, SEXPREC*, SEXPREC*)':
convert.cpp:6: warning: unused variable 'maxlen'
g++ -Id:/biocbld/bbs-2.0-bioc/R/include -Wall -O2 -c getLDdist.cpp -o getLDdist.o
g++ -Id:/biocbld/bbs-2.0-bioc/R/include -Wall -O2 -c readGenes.ped.cpp -o readGenes.ped.o
readGenes.ped.cpp: In function `int countLines(FILE*, int, int)':
readGenes.ped.cpp:86: warning: 'tmpnc2' might be used uninitialized in this function
g++ -Id:/biocbld/bbs-2.0-bioc/R/include -Wall -O2 -c register.cpp -o register.o
windres -I d:/biocbld/bbs-2.0-bioc/R/include -i GeneticsBase_res.rc -o GeneticsBase_res.o
g++ -shared -s -o GeneticsBase.dll GeneticsBase.def LdMax.o convert.o getLDdist.o readGenes.ped.o register.o GeneticsBase_res.o -Ld:/biocbld/bbs-2.0-bioc/R/bin -lR
... DLL made
installing DLL
installing R files
save image
Loading required package: combinat
Attaching package: 'combinat'
The following object(s) are masked from package:utils :
combn
Loading required package: xtable
Loading required package: mvtnorm
installing inst files
installing data files
installing man source files
installing indices
Loading required package: methods
Loading required package: combinat
Attaching package: 'combinat'
The following object(s) are masked from package:utils :
combn
Loading required package: xtable
Loading required package: mvtnorm
not zipping data
installing help
>>> Building/Updating help pages for package 'GeneticsBase'
Formats: text html latex example chm
ALZH text html latex example chm
CAMP text html latex example chm
HWE text html latex example chm
HWE.chisq text html latex example chm
HWE.exact text html latex example chm
LD-class text html latex example chm
LD text html latex example chm
LDband-class text html latex example chm
LDdist-class text html latex chm
PGtables text html latex example chm
PerlgenExample text html latex example chm
PfizerExample text html latex example chm
alleleCount text html latex example chm
alleleLevels text html latex example chm
alleleSummary text html latex example chm
alleles text html latex example chm
binsearch text html latex example chm
callCodes text html latex example chm
ci.balance text html latex example chm
convert text html latex example chm
decodeCallCodes text html latex example chm
desMarkers text html latex example chm
description text html latex example chm
diseq text html latex example chm
errorMetrics text html latex example chm
extractAlleles text html latex example chm
fastGrid text html latex example chm
founderGeneSet text html latex example chm
geneSet-class text html latex example chm
genotypeLevels text html latex example chm
genotypeSummary text html latex example chm
genotypes text html latex example chm
gregorius text html latex example chm
haplo.em.w text html latex example chm
haplo.scan.w text html latex example chm
haplo.score.slide.w text html latex example chm
haplo.score.w text html latex example chm
hapmapchr text html latex example chm
homozygote text html latex example chm
html text html latex example chm
left text html latex example chm
makeMarkerInfo text html latex example chm
makeTransTable text html latex example chm
makeTransTableList text html latex example chm
markerInfo text html latex example chm
markerNames text html latex example chm
markerSummary text html latex example chm
missingCodes text html latex example chm
nallele text html latex example chm
nmarker text html latex example chm
notes text html latex example chm
ped2geneSet text html latex chm
phase text html latex example chm
ploidy text html latex example chm
power.casectl text html latex example chm
print.LD text html latex example chm
qtlex text html latex example chm
read.pfizer text html latex example chm
read.phe text html latex example chm
readGenes text html latex example chm
readGenes.ped text html latex example chm
readGenes.perlegen text html latex example chm
readGenes.pfizer text html latex example chm
sampleInfo text html latex example chm
studyInfo text html latex example chm
transTables text html latex example chm
xbat text html latex example chm
Microsoft HTML Help Compiler 4.74.8702
Compiling d:\biocbld\bbs-2.0-bioc\meat\GeneticsBase\chm\GeneticsBase.chm
Compile time: 0 minutes, 0 seconds
68 Topics
261 Local links
7 Internet links
1 Graphic
Created d:\biocbld\bbs-2.0-bioc\meat\GeneticsBase\chm\GeneticsBase.chm, 99,675 bytes
Compression decreased file by 186,316 bytes.
adding MD5 sums
* DONE (GeneticsBase)
* creating vignettes ... ERROR
Loading required package: combinat
Attaching package: 'combinat'
The following object(s) are masked from package:utils :
combn
Loading required package: xtable
Loading required package: mvtnorm
Error: processing vignette 'SummaryTables.Rnw' failed with diagnostics:
chunk 23
Error in write.GeneticsBaseSummary(x = x, filename = filename, ..., format = "latex") :
could not find function "print.xtable"
In addition: There were 15 warnings (use warnings() to see them)
Execution halted