Back to the "Multiple platform build/check report"
| Package 214/214 | Hostname | OS | Arch | BUILD | CHECK | BUILD BIN |
xcms1.8.0Colin A. SmithLast Changed Date: 2007-04-24 11:21:48 -0700 Last Changed Rev: 24214 | lamb1 | Linux (SUSE 10.1) | x86_64 | OK | OK | |
| wellington | Linux (SUSE 9.2) | i686 | OK | ERROR | ||
| churchill | Solaris 2.9 | sparc | ERROR | skipped | ||
| lemming | Windows Server 2003 (32-bit) | x64 | OK | OK | OK | |
| liverpool | Windows Server 2003 R2 (32-bit) | x64 | OK | OK | OK | |
| derby | Mac OS X (10.4.9) | i686 | OK | [ ERROR ] |
| Package: xcms |
| Version: 1.8.0 |
| Command: /Library/Frameworks/R.framework/Resources/bin/R CMD check xcms_1.8.0.tar.gz |
| RetCode: 1 |
| Time: 8.5 seconds |
| Status: ERROR |
| CheckDir: xcms.Rcheck |
| Warnings: NA |
* checking for working latex ... OK * using log directory '/Users/biocbuild/bbs-2.0-bioc/meat/xcms.Rcheck' * using R version 2.5.0 (2007-04-23) * checking for file 'xcms/DESCRIPTION' ... OK * this is package 'xcms' version '1.8.0' * checking package dependencies ... ERROR Packages required but not available: rgl See the information on DESCRIPTION files in the chapter 'Creating R packages' of the 'Writing R Extensions' manual.