Back to the "Multiple platform build/check report"
| Package 4/214 | Hostname | OS | Arch | BUILD | CHECK | BUILD BIN |
adSplit1.6.0Claudio LottazLast Changed Date: 2007-04-24 11:21:48 -0700 Last Changed Rev: 24214 | lamb1 | Linux (SUSE 10.1) | x86_64 | OK | OK | |
| wellington | Linux (SUSE 9.2) | i686 | OK | OK | ||
| churchill | Solaris 2.9 | sparc | OK | OK | ||
| lemming | Windows Server 2003 (32-bit) | x64 | OK | OK | OK | |
| liverpool | Windows Server 2003 R2 (32-bit) | x64 | [ ERROR ] | skipped | skipped | |
| derby | Mac OS X (10.4.9) | i686 | OK | OK |
| Package: adSplit |
| Version: 1.6.0 |
| Command: E:\biocbld\bbs-2.0-bioc\R\bin\R.exe CMD build adSplit |
| RetCode: 1 |
| Time: 57.2 seconds |
| Status: ERROR |
| PackageFile: None |
* checking for file 'adSplit/DESCRIPTION' ... OK
* preparing 'adSplit':
* checking DESCRIPTION meta-information ... OK
* cleaning src
* installing the package to re-build vignettes
installing R.css in E:/biocbld/bbs-2.0-bioc/tmpdir/Rinst433606961
---------- Making package adSplit ------------
adding build stamp to DESCRIPTION
installing NAMESPACE file and metadata
making DLL ...
making adSplit.d from adSplit.cpp
g++ -Ie:/biocbld/bbs-2.0-bioc/R/include -Wall -O2 -c adSplit.cpp -o adSplit.o
adSplit.cpp: In function `void isis(char**, double*, int*, int*, int*, int*, int*, double*, int*)':
adSplit.cpp:437: warning: 's' might be used uninitialized in this function
windres -I e:/biocbld/bbs-2.0-bioc/R/include -i adSplit_res.rc -o adSplit_res.o
g++ -shared -s -o adSplit.dll adSplit.def adSplit.o adSplit_res.o -Le:/biocbld/bbs-2.0-bioc/R/bin -lR
... DLL made
installing DLL
installing R files
save image
Loading required package: cluster
Loading required package: multtest
Loading required package: Biobase
Loading required package: tools
Welcome to Bioconductor
Vignettes contain introductory material. To view, type
'openVignette()'. To cite Bioconductor, see
'citation("Biobase")' and for packages 'citation(pkgname)'.
Loading required package: survival
Loading required package: splines
Loading required package: affy
Loading required package: affyio
Loading required package: GO
Loading required package: KEGG
installing inst files
installing data files
installing man source files
installing indices
not zipping data
installing help
>>> Building/Updating help pages for package 'adSplit'
Formats: text html latex example chm
adSplit-internal text html latex chm
adSplit text html latex example chm
diana2means text html latex example chm
drawRandomPS text html latex example chm
golubKEGGSplits text html latex example chm
hist.splitSet text html latex example chm
image.splitSet text html latex example chm
makeEID2PROBESenv text html latex example chm
print.split text html latex chm
print.splitSet text html latex example chm
randomDiana2means text html latex example chm
Microsoft HTML Help Compiler 4.74.8702
Compiling e:\biocbld\bbs-2.0-bioc\meat\adSplit\chm\adSplit.chm
Compile time: 0 minutes, 0 seconds
12 Topics
28 Local links
0 Internet links
1 Graphic
Created e:\biocbld\bbs-2.0-bioc\meat\adSplit\chm\adSplit.chm, 28,310 bytes
Compression decreased file by 6,766 bytes.
adding MD5 sums
* DONE (adSplit)
* creating vignettes ... ERROR
Loading required package: Biobase
Welcome to Bioconductor
Vignettes contain introductory material. To view, type
'openVignette()'. To cite Bioconductor, see
'citation("Biobase")' and for packages 'citation(pkgname)'.
Loading required package: cluster
Loading required package: multtest
Loading required package: survival
Loading required package: splines
Loading required package: affy
Loading required package: affyio
Loading required package: GO
Loading required package: KEGG
Loading required package: hu6800
determining 1000 random DLD-scores with 20 probe sets each (wait for 10 dots)
..........
epstopdf splitSet.eps
Error: /invalidfont in findfont
Operand stack:
Helvetica Font Helvetica 1389188 Helvetica --nostringval-- Helvetica NimbusSanL-Regu Courier NimbusMonL-Regu
Execution stack:
%interp_exit .runexec2 --nostringval-- --nostringval-- --nostringval-- 2 %stopped_push --nostringval-- --nostringval-- --nostringval-- false 1 %stopped_push 1 3 %oparray_pop 1 3 %oparray_pop 1 3 %oparray_pop 1 3 %oparray_pop .runexec2 --nostringval-- --nostringval-- --nostringval-- 2 %stopped_push --nostringval-- 1 3 %oparray_pop 2 3 %oparray_pop --nostringval-- --nostringval-- --nostringval-- --nostringval-- --nostringval-- false 1 %stopped_push 5 4 %oparray_pop --nostringval-- --nostringval-- --nostringval-- 1 -1 1 --nostringval-- %for_neg_int_continue
Dictionary stack:
--dict:1123/1686(ro)(G)-- --dict:0/20(G)-- --dict:90/200(L)-- --dict:17/17(ro)(G)-- --dict:1123/1686(ro)(G)--
Current allocation mode is local
Last OS error: No such file or directory
MiKTeX GPL Ghostscript 8.54: Unrecoverable error, exit code 1
pdflatex tr_2005_02
This is pdfeTeX, Version 3.141592-1.30.6-2.2 (MiKTeX 2.5)
entering extended mode
(tr_2005_02.tex
LaTeX2e <2005/12/01>
Babel <v3.8g> and hyphenation patterns for english, dumylang, nohyphenation, ge
rman, ngerman, french, loaded.
("C:\Program Files\MiKTeX 2.5\tex\latex\base\report.cls"
Document Class: report 2005/09/16 v1.4f Standard LaTeX document class
("C:\Program Files\MiKTeX 2.5\tex\latex\base\size11.clo")) (compdiag.sty
("C:\Program Files\MiKTeX 2.5\tex\latex\graphics\graphicx.sty"
("C:\Program Files\MiKTeX 2.5\tex\latex\graphics\keyval.sty")
("C:\Program Files\MiKTeX 2.5\tex\latex\graphics\graphics.sty"
("C:\Program Files\MiKTeX 2.5\tex\latex\graphics\trig.sty")
("C:\Program Files\MiKTeX 2.5\tex\latex\00miktex\graphics.cfg")
("C:\Program Files\MiKTeX 2.5\tex\latex\graphics\pdftex.def")))
("C:\Program Files\MiKTeX 2.5\tex\latex\graphics\color.sty"
("C:\Program Files\MiKTeX 2.5\tex\latex\00miktex\color.cfg"))
("C:\Program Files\MiKTeX 2.5\tex\latex\hyperref\hyperref.sty"
("C:\Program Files\MiKTeX 2.5\tex\latex\hyperref\pd1enc.def")
("C:\Program Files\MiKTeX 2.5\tex\latex\00miktex\hyperref.cfg")
("C:\Program Files\MiKTeX 2.5\tex\latex\oberdiek\kvoptions.sty")
Implicit mode ON; LaTeX internals redefined
("C:\Program Files\MiKTeX 2.5\tex\latex\ltxmisc\url.sty"))
*hyperref using driver hpdftex*
("C:\Program Files\MiKTeX 2.5\tex\latex\hyperref\hpdftex.def")
("C:\Program Files\MiKTeX 2.5\tex\latex\ntgclass\a4.sty")
("C:\Program Files\MiKTeX 2.5\tex\latex\geometry\geometry.sty"
("C:\Program Files\MiKTeX 2.5\tex\latex\geometry\geometry.cfg"))
("C:\Program Files\MiKTeX 2.5\tex\latex\tools\theorem.sty"
("C:\Program Files\MiKTeX 2.5\tex\latex\tools\thp.sty"))
("C:\Program Files\MiKTeX 2.5\tex\latex\tools\thb.sty"))
("C:\Program Files\MiKTeX 2.5\tex\latex\amsmath\amsmath.sty"
For additional information on amsmath, use the `?' option.
("C:\Program Files\MiKTeX 2.5\tex\latex\amsmath\amstext.sty"
("C:\Program Files\MiKTeX 2.5\tex\latex\amsmath\amsgen.sty"))
("C:\Program Files\MiKTeX 2.5\tex\latex\amsmath\amsbsy.sty")
("C:\Program Files\MiKTeX 2.5\tex\latex\amsmath\amsopn.sty"))
(e:\biocbld\bbs-2.0-bioc\R\share\texmf\Sweave.sty
LaTeX Warning: You have requested package `e:/biocbld/bbs-2.0-bioc/R/share/texm
f/Sweave',
but the package provides `Sweave'.
("C:\Program Files\MiKTeX 2.5\tex\latex\base\ifthen.sty")
("C:\Program Files\MiKTeX 2.5\tex\latex\fancyvrb\fancyvrb.sty"
Style option: `fancyvrb' v2.6, with DG/SPQR fixes <1998/07/17> (tvz)
No file fancyvrb.cfg.
) ("C:\Program Files\MiKTeX 2.5\tex\latex\upquote\upquote.sty"
("C:\Program Files\MiKTeX 2.5\tex\latex\base\textcomp.sty"
("C:\Program Files\MiKTeX 2.5\tex\latex\base\ts1enc.def")))
("C:\Program Files\MiKTeX 2.5\tex\latex\base\fontenc.sty"
("C:\Program Files\MiKTeX 2.5\tex\latex\base\t1enc.def"))
("C:\Program Files\MiKTeX 2.5\tex\latex\ae\ae.sty"
("C:\Program Files\MiKTeX 2.5\tex\latex\base\fontenc.sty"
("C:\Program Files\MiKTeX 2.5\tex\latex\base\t1enc.def")
("C:\Program Files\MiKTeX 2.5\tex\latex\ae\t1aer.fd"))))
No file tr_2005_02.aux.
("C:\Program Files\MiKTeX 2.5\tex\latex\base\ts1cmr.fd")
("C:\Program Files\MiKTeX 2.5\tex\context\base\supp-pdf.tex"
("C:\Program Files\MiKTeX 2.5\tex\context\base\supp-mis.tex"
loading : Context Support Macros / Miscellaneous (2004.10.26)
)
loading : Context Support Macros / PDF (2004.03.26)
) ("C:\Program Files\MiKTeX 2.5\tex\latex\hyperref\nameref.sty"
("C:\Program Files\MiKTeX 2.5\tex\latex\oberdiek\refcount.sty"))
<bcb_logo.pdf, id=7, 232.87pt x 235.88126pt> <use bcb_logo.pdf>
("C:\Program Files\MiKTeX 2.5\tex\latex\ae\t1aess.fd")
<minerva_bcb.pdf, id=8, 145.54375pt x 145.54375pt> <use minerva_bcb.pdf>
Overfull \hbox (4.2246pt too wide) in paragraph at lines 41--41
[][][] []
("C:\Program Files\MiKTeX 2.5\tex\latex\ae\t1aett.fd") [1{psfonts.map} <bcb_log
o.pdf> <minerva_bcb.pdf>]
! pdfTeX warning (ext4): destination with the same identifier (name{page.1}) ha
s been already used, duplicate ignored
<to be read again>
\relax
l.44 \chapter
{Introduction} [1]
Chapter 1.
LaTeX Warning: Citation `ashburner00gene' on page 2 undefined on input line 89.
LaTeX Warning: Citation `kanehisa96toward' on page 2 undefined on input line 90
.
[2]
LaTeX Warning: Citation `hartigan79k-means' on page 3 undefined on input line 9
5.
LaTeX Warning: Citation `gentleman04bioconductor' on page 3 undefined on input
line 97.
LaTeX Warning: Citation `heydebreck01identifying' on page 3 undefined on input
line 99.
LaTeX Warning: Citation `benjamini95controlling' on page 3 undefined on input l
ine 103.
Underfull \hbox (badness 10000) in paragraph at lines 94--106
LaTeX Warning: Reference `item:cluster' on page 3 undefined on input line 116.
LaTeX Warning: Reference `item:score' on page 3 undefined on input line 116.
LaTeX Warning: Citation `benjamini95controlling' on page 3 undefined on input l
ine 122.
[3]
Chapter 2.
LaTeX Warning: Citation `golub99molecular' on page 4 undefined on input line 14
7.
LaTeX Warning: Citation `kaufman90finding' on page 4 undefined on input line 16
2.
LaTeX Warning: Citation `macqueen67methods' on page 4 undefined on input line 1
64.
LaTeX Warning: Citation `milligan80stage' on page 4 undefined on input line 166
.
LaTeX Warning: Citation `heydebreck01identifying' on page 4 undefined on input
line 174.
[4] [5] [6] [7]
Chapter 3.
[8] <tr_2005_02-012.pdf, id=125, 433.62pt x 216.81pt> <use tr_2005_02-012.pdf>
[9] [10 <tr_2005_02-012.pdf>]
Chapter 4.
[11] [12] <tr_2005_02-019.pdf, id=156, 361.35pt x 361.35pt>
<use tr_2005_02-019.pdf> <splitSet.pdf, id=157, 154.5775pt x 794.97pt>
<use splitSet.pdf>
Overfull \hbox (31.26616pt too wide) in paragraph at lines 578--579
[][]
[13 <tr_2005_02-019.pdf>] [14 <splitSet.pdf>]
Chapter 5.
[15] [16] (tr_2005_02.aux)
LaTeX Warning: There were undefined references.
LaTeX Warning: Label(s) may have changed. Rerun to get cross-references right.
)
(see the transcript file for additional information)<C:/Program Files/MiKTeX 2.
5/fonts/type1/bluesky/cm/cmtt10.pfb><C:/Program Files/MiKTeX 2.5/fonts/type1/bl
uesky/cm/cmsltt10.pfb><C:/Program Files/MiKTeX 2.5/fonts/type1/bluesky/cm/cmmi6
.pfb><C:/Program Files/MiKTeX 2.5/fonts/type1/bluesky/cm/cmmi8.pfb><C:/Program
Files/MiKTeX 2.5/fonts/type1/bluesky/cm/cmmi10.pfb><C:/Program Files/MiKTeX 2.5
/fonts/type1/bluesky/cm/cmsl10.pfb><C:/Program Files/MiKTeX 2.5/fonts/type1/blu
esky/cm/cmtt9.pfb><C:/Program Files/MiKTeX 2.5/fonts/type1/bluesky/cm/cmr9.pfb>
<C:/Program Files/MiKTeX 2.5/fonts/type1/bluesky/cm/cmr6.pfb><C:/Program Files/
MiKTeX 2.5/fonts/type1/bluesky/cm/cmti10.pfb><C:/Program Files/MiKTeX 2.5/fonts
/type1/bluesky/cm/cmr10.pfb><C:/Program Files/MiKTeX 2.5/fonts/type1/bluesky/cm
/cmr12.pfb><C:/Program Files/MiKTeX 2.5/fonts/type1/bluesky/cm/cmbx10.pfb><C:/P
rogram Files/MiKTeX 2.5/fonts/type1/bluesky/cm/cmr8.pfb><C:/Program Files/MiKTe
X 2.5/fonts/type1/bluesky/cm/cmbxti10.pfb><C:/Program Files/MiKTeX 2.5/fonts/ty
pe1/bluesky/cm/cmbx12.pfb><C:/Program Files/MiKTeX 2.5/fonts/type1/bluesky/cm/c
mssbx10.pfb>
Output written on tr_2005_02.pdf (17 pages, 196065 bytes).
Transcript written on tr_2005_02.log.
pdflatex tr_2005_02
This is pdfeTeX, Version 3.141592-1.30.6-2.2 (MiKTeX 2.5)
entering extended mode
(tr_2005_02.tex
LaTeX2e <2005/12/01>
Babel <v3.8g> and hyphenation patterns for english, dumylang, nohyphenation, ge
rman, ngerman, french, loaded.
("C:\Program Files\MiKTeX 2.5\tex\latex\base\report.cls"
Document Class: report 2005/09/16 v1.4f Standard LaTeX document class
("C:\Program Files\MiKTeX 2.5\tex\latex\base\size11.clo")) (compdiag.sty
("C:\Program Files\MiKTeX 2.5\tex\latex\graphics\graphicx.sty"
("C:\Program Files\MiKTeX 2.5\tex\latex\graphics\keyval.sty")
("C:\Program Files\MiKTeX 2.5\tex\latex\graphics\graphics.sty"
("C:\Program Files\MiKTeX 2.5\tex\latex\graphics\trig.sty")
("C:\Program Files\MiKTeX 2.5\tex\latex\00miktex\graphics.cfg")
("C:\Program Files\MiKTeX 2.5\tex\latex\graphics\pdftex.def")))
("C:\Program Files\MiKTeX 2.5\tex\latex\graphics\color.sty"
("C:\Program Files\MiKTeX 2.5\tex\latex\00miktex\color.cfg"))
("C:\Program Files\MiKTeX 2.5\tex\latex\hyperref\hyperref.sty"
("C:\Program Files\MiKTeX 2.5\tex\latex\hyperref\pd1enc.def")
("C:\Program Files\MiKTeX 2.5\tex\latex\00miktex\hyperref.cfg")
("C:\Program Files\MiKTeX 2.5\tex\latex\oberdiek\kvoptions.sty")
Implicit mode ON; LaTeX internals redefined
("C:\Program Files\MiKTeX 2.5\tex\latex\ltxmisc\url.sty"))
*hyperref using driver hpdftex*
("C:\Program Files\MiKTeX 2.5\tex\latex\hyperref\hpdftex.def")
("C:\Program Files\MiKTeX 2.5\tex\latex\ntgclass\a4.sty")
("C:\Program Files\MiKTeX 2.5\tex\latex\geometry\geometry.sty"
("C:\Program Files\MiKTeX 2.5\tex\latex\geometry\geometry.cfg"))
("C:\Program Files\MiKTeX 2.5\tex\latex\tools\theorem.sty"
("C:\Program Files\MiKTeX 2.5\tex\latex\tools\thp.sty"))
("C:\Program Files\MiKTeX 2.5\tex\latex\tools\thb.sty"))
("C:\Program Files\MiKTeX 2.5\tex\latex\amsmath\amsmath.sty"
For additional information on amsmath, use the `?' option.
("C:\Program Files\MiKTeX 2.5\tex\latex\amsmath\amstext.sty"
("C:\Program Files\MiKTeX 2.5\tex\latex\amsmath\amsgen.sty"))
("C:\Program Files\MiKTeX 2.5\tex\latex\amsmath\amsbsy.sty")
("C:\Program Files\MiKTeX 2.5\tex\latex\amsmath\amsopn.sty"))
(e:\biocbld\bbs-2.0-bioc\R\share\texmf\Sweave.sty
LaTeX Warning: You have requested package `e:/biocbld/bbs-2.0-bioc/R/share/texm
f/Sweave',
but the package provides `Sweave'.
("C:\Program Files\MiKTeX 2.5\tex\latex\base\ifthen.sty")
("C:\Program Files\MiKTeX 2.5\tex\latex\fancyvrb\fancyvrb.sty"
Style option: `fancyvrb' v2.6, with DG/SPQR fixes <1998/07/17> (tvz)
No file fancyvrb.cfg.
) ("C:\Program Files\MiKTeX 2.5\tex\latex\upquote\upquote.sty"
("C:\Program Files\MiKTeX 2.5\tex\latex\base\textcomp.sty"
("C:\Program Files\MiKTeX 2.5\tex\latex\base\ts1enc.def")))
("C:\Program Files\MiKTeX 2.5\tex\latex\base\fontenc.sty"
("C:\Program Files\MiKTeX 2.5\tex\latex\base\t1enc.def"))
("C:\Program Files\MiKTeX 2.5\tex\latex\ae\ae.sty"
("C:\Program Files\MiKTeX 2.5\tex\latex\base\fontenc.sty"
("C:\Program Files\MiKTeX 2.5\tex\latex\base\t1enc.def")
("C:\Program Files\MiKTeX 2.5\tex\latex\ae\t1aer.fd")))) (tr_2005_02.aux)
("C:\Program Files\MiKTeX 2.5\tex\latex\base\ts1cmr.fd")
("C:\Program Files\MiKTeX 2.5\tex\context\base\supp-pdf.tex"
("C:\Program Files\MiKTeX 2.5\tex\context\base\supp-mis.tex"
loading : Context Support Macros / Miscellaneous (2004.10.26)
)
loading : Context Support Macros / PDF (2004.03.26)
) ("C:\Program Files\MiKTeX 2.5\tex\latex\hyperref\nameref.sty"
("C:\Program Files\MiKTeX 2.5\tex\latex\oberdiek\refcount.sty"))
(tr_2005_02.out) (tr_2005_02.out)
<bcb_logo.pdf, id=55, 232.87pt x 235.88126pt> <use bcb_logo.pdf>
("C:\Program Files\MiKTeX 2.5\tex\latex\ae\t1aess.fd")
<minerva_bcb.pdf, id=56, 145.54375pt x 145.54375pt> <use minerva_bcb.pdf>
Overfull \hbox (4.2246pt too wide) in paragraph at lines 41--41
[][][] []
("C:\Program Files\MiKTeX 2.5\tex\latex\ae\t1aett.fd") [1{psfonts.map} <bcb_log
o.pdf> <minerva_bcb.pdf>] (tr_2005_02.toc)
! pdfTeX warning (ext4): destination with the same identifier (name{page.1}) ha
s been already used, duplicate ignored
<to be read again>
\relax
l.44 \chapter
{Introduction} [1]
Chapter 1.
[2]
Underfull \hbox (badness 10000) in paragraph at lines 94--106
[3]
Chapter 2.
[4] [5] [6] [7]
Chapter 3.
[8] <tr_2005_02-012.pdf, id=203, 433.62pt x 216.81pt> <use tr_2005_02-012.pdf>
[9] [10 <tr_2005_02-012.pdf>]
Chapter 4.
[11] [12] <tr_2005_02-019.pdf, id=229, 361.35pt x 361.35pt>
<use tr_2005_02-019.pdf> <splitSet.pdf, id=230, 154.5775pt x 794.97pt>
<use splitSet.pdf>
Overfull \hbox (31.26616pt too wide) in paragraph at lines 578--579
[][]
[13 <tr_2005_02-019.pdf>] [14 <splitSet.pdf>]
Chapter 5.
[15] [16] (tr_2005_02.aux) )
(see the transcript file for additional information)<C:/Program Files/MiKTeX 2.
5/fonts/type1/bluesky/cm/cmtt10.pfb><C:/Program Files/MiKTeX 2.5/fonts/type1/bl
uesky/cm/cmsltt10.pfb><C:/Program Files/MiKTeX 2.5/fonts/type1/bluesky/cm/cmmi6
.pfb><C:/Program Files/MiKTeX 2.5/fonts/type1/bluesky/cm/cmmi8.pfb><C:/Program
Files/MiKTeX 2.5/fonts/type1/bluesky/cm/cmmi10.pfb><C:/Program Files/MiKTeX 2.5
/fonts/type1/bluesky/cm/cmsl10.pfb><C:/Program Files/MiKTeX 2.5/fonts/type1/blu
esky/cm/cmtt9.pfb><C:/Program Files/MiKTeX 2.5/fonts/type1/bluesky/cm/cmr9.pfb>
<C:/Program Files/MiKTeX 2.5/fonts/type1/bluesky/cm/cmr6.pfb><C:/Program Files/
MiKTeX 2.5/fonts/type1/bluesky/cm/cmti10.pfb><C:/Program Files/MiKTeX 2.5/fonts
/type1/bluesky/cm/cmr10.pfb><C:/Program Files/MiKTeX 2.5/fonts/type1/bluesky/cm
/cmr12.pfb><C:/Program Files/MiKTeX 2.5/fonts/type1/bluesky/cm/cmbx10.pfb><C:/P
rogram Files/MiKTeX 2.5/fonts/type1/bluesky/cm/cmr8.pfb><C:/Program Files/MiKTe
X 2.5/fonts/type1/bluesky/cm/cmbxti10.pfb><C:/Program Files/MiKTeX 2.5/fonts/ty
pe1/bluesky/cm/cmbx12.pfb><C:/Program Files/MiKTeX 2.5/fonts/type1/bluesky/cm/c
mssbx10.pfb>
Output written on tr_2005_02.pdf (17 pages, 206111 bytes).
Transcript written on tr_2005_02.log.
pdflatex tr_2005_02
This is pdfeTeX, Version 3.141592-1.30.6-2.2 (MiKTeX 2.5)
entering extended mode
(tr_2005_02.tex
LaTeX2e <2005/12/01>
Babel <v3.8g> and hyphenation patterns for english, dumylang, nohyphenation, ge
rman, ngerman, french, loaded.
("C:\Program Files\MiKTeX 2.5\tex\latex\base\report.cls"
Document Class: report 2005/09/16 v1.4f Standard LaTeX document class
("C:\Program Files\MiKTeX 2.5\tex\latex\base\size11.clo")) (compdiag.sty
("C:\Program Files\MiKTeX 2.5\tex\latex\graphics\graphicx.sty"
("C:\Program Files\MiKTeX 2.5\tex\latex\graphics\keyval.sty")
("C:\Program Files\MiKTeX 2.5\tex\latex\graphics\graphics.sty"
("C:\Program Files\MiKTeX 2.5\tex\latex\graphics\trig.sty")
("C:\Program Files\MiKTeX 2.5\tex\latex\00miktex\graphics.cfg")
("C:\Program Files\MiKTeX 2.5\tex\latex\graphics\pdftex.def")))
("C:\Program Files\MiKTeX 2.5\tex\latex\graphics\color.sty"
("C:\Program Files\MiKTeX 2.5\tex\latex\00miktex\color.cfg"))
("C:\Program Files\MiKTeX 2.5\tex\latex\hyperref\hyperref.sty"
("C:\Program Files\MiKTeX 2.5\tex\latex\hyperref\pd1enc.def")
("C:\Program Files\MiKTeX 2.5\tex\latex\00miktex\hyperref.cfg")
("C:\Program Files\MiKTeX 2.5\tex\latex\oberdiek\kvoptions.sty")
Implicit mode ON; LaTeX internals redefined
("C:\Program Files\MiKTeX 2.5\tex\latex\ltxmisc\url.sty"))
*hyperref using driver hpdftex*
("C:\Program Files\MiKTeX 2.5\tex\latex\hyperref\hpdftex.def")
("C:\Program Files\MiKTeX 2.5\tex\latex\ntgclass\a4.sty")
("C:\Program Files\MiKTeX 2.5\tex\latex\geometry\geometry.sty"
("C:\Program Files\MiKTeX 2.5\tex\latex\geometry\geometry.cfg"))
("C:\Program Files\MiKTeX 2.5\tex\latex\tools\theorem.sty"
("C:\Program Files\MiKTeX 2.5\tex\latex\tools\thp.sty"))
("C:\Program Files\MiKTeX 2.5\tex\latex\tools\thb.sty"))
("C:\Program Files\MiKTeX 2.5\tex\latex\amsmath\amsmath.sty"
For additional information on amsmath, use the `?' option.
("C:\Program Files\MiKTeX 2.5\tex\latex\amsmath\amstext.sty"
("C:\Program Files\MiKTeX 2.5\tex\latex\amsmath\amsgen.sty"))
("C:\Program Files\MiKTeX 2.5\tex\latex\amsmath\amsbsy.sty")
("C:\Program Files\MiKTeX 2.5\tex\latex\amsmath\amsopn.sty"))
(e:\biocbld\bbs-2.0-bioc\R\share\texmf\Sweave.sty
LaTeX Warning: You have requested package `e:/biocbld/bbs-2.0-bioc/R/share/texm
f/Sweave',
but the package provides `Sweave'.
("C:\Program Files\MiKTeX 2.5\tex\latex\base\ifthen.sty")
("C:\Program Files\MiKTeX 2.5\tex\latex\fancyvrb\fancyvrb.sty"
Style option: `fancyvrb' v2.6, with DG/SPQR fixes <1998/07/17> (tvz)
No file fancyvrb.cfg.
) ("C:\Program Files\MiKTeX 2.5\tex\latex\upquote\upquote.sty"
("C:\Program Files\MiKTeX 2.5\tex\latex\base\textcomp.sty"
("C:\Program Files\MiKTeX 2.5\tex\latex\base\ts1enc.def")))
("C:\Program Files\MiKTeX 2.5\tex\latex\base\fontenc.sty"
("C:\Program Files\MiKTeX 2.5\tex\latex\base\t1enc.def"))
("C:\Program Files\MiKTeX 2.5\tex\latex\ae\ae.sty"
("C:\Program Files\MiKTeX 2.5\tex\latex\base\fontenc.sty"
("C:\Program Files\MiKTeX 2.5\tex\latex\base\t1enc.def")
("C:\Program Files\MiKTeX 2.5\tex\latex\ae\t1aer.fd")))) (tr_2005_02.aux)
("C:\Program Files\MiKTeX 2.5\tex\latex\base\ts1cmr.fd")
("C:\Program Files\MiKTeX 2.5\tex\context\base\supp-pdf.tex"
("C:\Program Files\MiKTeX 2.5\tex\context\base\supp-mis.tex"
loading : Context Support Macros / Miscellaneous (2004.10.26)
)
loading : Context Support Macros / PDF (2004.03.26)
) ("C:\Program Files\MiKTeX 2.5\tex\latex\hyperref\nameref.sty"
("C:\Program Files\MiKTeX 2.5\tex\latex\oberdiek\refcount.sty"))
(tr_2005_02.out) (tr_2005_02.out)
<bcb_logo.pdf, id=55, 232.87pt x 235.88126pt> <use bcb_logo.pdf>
("C:\Program Files\MiKTeX 2.5\tex\latex\ae\t1aess.fd")
<minerva_bcb.pdf, id=56, 145.54375pt x 145.54375pt> <use minerva_bcb.pdf>
Overfull \hbox (4.2246pt too wide) in paragraph at lines 41--41
[][][] []
("C:\Program Files\MiKTeX 2.5\tex\latex\ae\t1aett.fd") [1{psfonts.map} <bcb_log
o.pdf> <minerva_bcb.pdf>] (tr_2005_02.toc)
! pdfTeX warning (ext4): destination with the same identifier (name{page.1}) ha
s been already used, duplicate ignored
<to be read again>
\relax
l.44 \chapter
{Introduction} [1]
Chapter 1.
[2]
Underfull \hbox (badness 10000) in paragraph at lines 94--106
[3]
Chapter 2.
[4] [5] [6] [7]
Chapter 3.
[8] <tr_2005_02-012.pdf, id=203, 433.62pt x 216.81pt> <use tr_2005_02-012.pdf>
[9] [10 <tr_2005_02-012.pdf>]
Chapter 4.
[11] [12] <tr_2005_02-019.pdf, id=229, 361.35pt x 361.35pt>
<use tr_2005_02-019.pdf> <splitSet.pdf, id=230, 154.5775pt x 794.97pt>
<use splitSet.pdf>
Overfull \hbox (31.26616pt too wide) in paragraph at lines 578--579
[][]
[13 <tr_2005_02-019.pdf>] [14 <splitSet.pdf>]
Chapter 5.
[15] [16] (tr_2005_02.aux) )
(see the transcript file for additional information)<C:/Program Files/MiKTeX 2.
5/fonts/type1/bluesky/cm/cmtt10.pfb><C:/Program Files/MiKTeX 2.5/fonts/type1/bl
uesky/cm/cmsltt10.pfb><C:/Program Files/MiKTeX 2.5/fonts/type1/bluesky/cm/cmmi6
.pfb><C:/Program Files/MiKTeX 2.5/fonts/type1/bluesky/cm/cmmi8.pfb><C:/Program
Files/MiKTeX 2.5/fonts/type1/bluesky/cm/cmmi10.pfb><C:/Program Files/MiKTeX 2.5
/fonts/type1/bluesky/cm/cmsl10.pfb><C:/Program Files/MiKTeX 2.5/fonts/type1/blu
esky/cm/cmtt9.pfb><C:/Program Files/MiKTeX 2.5/fonts/type1/bluesky/cm/cmr9.pfb>
<C:/Program Files/MiKTeX 2.5/fonts/type1/bluesky/cm/cmr6.pfb><C:/Program Files/
MiKTeX 2.5/fonts/type1/bluesky/cm/cmti10.pfb><C:/Program Files/MiKTeX 2.5/fonts
/type1/bluesky/cm/cmr10.pfb><C:/Program Files/MiKTeX 2.5/fonts/type1/bluesky/cm
/cmr12.pfb><C:/Program Files/MiKTeX 2.5/fonts/type1/bluesky/cm/cmbx10.pfb><C:/P
rogram Files/MiKTeX 2.5/fonts/type1/bluesky/cm/cmr8.pfb><C:/Program Files/MiKTe
X 2.5/fonts/type1/bluesky/cm/cmbxti10.pfb><C:/Program Files/MiKTeX 2.5/fonts/ty
pe1/bluesky/cm/cmbx12.pfb><C:/Program Files/MiKTeX 2.5/fonts/type1/bluesky/cm/c
mssbx10.pfb>
Output written on tr_2005_02.pdf (17 pages, 206111 bytes).
Transcript written on tr_2005_02.log.
/bin/rm -f *.out *.bbl *.log *.aux *.blg *.toc *~ err.rda splitSet*
/bin/rm -f *.dvi *.ps tr_2005_02-* *.html Rplots* tr_2005_02.tex