Back to the "Multiple platform build/check report"
| Package 164/214 | Hostname | OS | Arch | BUILD | CHECK | BUILD BIN |
RBGL1.12.0Li LongLast Changed Date: 2007-04-24 11:21:48 -0700 Last Changed Rev: 24214 | lamb1 | Linux (SUSE 10.1) | x86_64 | OK | OK | |
| wellington | Linux (SUSE 9.2) | i686 | OK | OK | ||
| churchill | Solaris 2.9 | sparc | ERROR | skipped | ||
| lemming | Windows Server 2003 (32-bit) | x64 | OK | TIMEOUT | OK | |
| liverpool | Windows Server 2003 R2 (32-bit) | x64 | OK | OK | OK | |
| derby | Mac OS X (10.4.9) | i686 | [ ERROR ] | skipped |
| Package: RBGL |
| Version: 1.12.0 |
| Command: /Library/Frameworks/R.framework/Resources/bin/R CMD build RBGL |
| RetCode: 1 |
| Time: 119.7 seconds |
| Status: ERROR |
| PackageFile: None |
* checking for file 'RBGL/DESCRIPTION' ... OK
* preparing 'RBGL':
* checking DESCRIPTION meta-information ... OK
* cleaning src
* running cleanup
removing exploded boost header source...
* installing the package to re-build vignettes
* Installing *source* package 'RBGL' ...
untarring boost include tree...
** libs
** arch - i386
g++-4.0 -arch i386 -isysroot /Developer/SDKs/MacOSX10.4u.sdk -no-cpp-precomp -I/Library/Frameworks/R.framework/Resources/include -I/Library/Frameworks/R.framework/Resources/include/i386 -msse3 -IboostIncl -fPIC -g -O2 -march=nocona -c bbc.cpp -o bbc.o
g++-4.0 -arch i386 -isysroot /Developer/SDKs/MacOSX10.4u.sdk -no-cpp-precomp -I/Library/Frameworks/R.framework/Resources/include -I/Library/Frameworks/R.framework/Resources/include/i386 -msse3 -IboostIncl -fPIC -g -O2 -march=nocona -c cliques.cpp -o cliques.o
g++-4.0 -arch i386 -isysroot /Developer/SDKs/MacOSX10.4u.sdk -no-cpp-precomp -I/Library/Frameworks/R.framework/Resources/include -I/Library/Frameworks/R.framework/Resources/include/i386 -msse3 -IboostIncl -fPIC -g -O2 -march=nocona -c clusteringCoef.cpp -o clusteringCoef.o
g++-4.0 -arch i386 -isysroot /Developer/SDKs/MacOSX10.4u.sdk -no-cpp-precomp -I/Library/Frameworks/R.framework/Resources/include -I/Library/Frameworks/R.framework/Resources/include/i386 -msse3 -IboostIncl -fPIC -g -O2 -march=nocona -c hcs.cpp -o hcs.o
g++-4.0 -arch i386 -isysroot /Developer/SDKs/MacOSX10.4u.sdk -no-cpp-precomp -I/Library/Frameworks/R.framework/Resources/include -I/Library/Frameworks/R.framework/Resources/include/i386 -msse3 -IboostIncl -fPIC -g -O2 -march=nocona -c incrConnComp.cpp -o incrConnComp.o
g++-4.0 -arch i386 -isysroot /Developer/SDKs/MacOSX10.4u.sdk -no-cpp-precomp -I/Library/Frameworks/R.framework/Resources/include -I/Library/Frameworks/R.framework/Resources/include/i386 -msse3 -IboostIncl -fPIC -g -O2 -march=nocona -c interfaces.cpp -o interfaces.o
g++-4.0 -arch i386 -isysroot /Developer/SDKs/MacOSX10.4u.sdk -no-cpp-precomp -I/Library/Frameworks/R.framework/Resources/include -I/Library/Frameworks/R.framework/Resources/include/i386 -msse3 -IboostIncl -fPIC -g -O2 -march=nocona -c layout.cpp -o layout.o
g++-4.0 -arch i386 -isysroot /Developer/SDKs/MacOSX10.4u.sdk -no-cpp-precomp -I/Library/Frameworks/R.framework/Resources/include -I/Library/Frameworks/R.framework/Resources/include/i386 -msse3 -IboostIncl -fPIC -g -O2 -march=nocona -c minST.cpp -o minST.o
g++-4.0 -arch i386 -isysroot /Developer/SDKs/MacOSX10.4u.sdk -no-cpp-precomp -I/Library/Frameworks/R.framework/Resources/include -I/Library/Frameworks/R.framework/Resources/include/i386 -msse3 -IboostIncl -fPIC -g -O2 -march=nocona -c mincut.cpp -o mincut.o
g++-4.0 -arch i386 -isysroot /Developer/SDKs/MacOSX10.4u.sdk -no-cpp-precomp -I/Library/Frameworks/R.framework/Resources/include -I/Library/Frameworks/R.framework/Resources/include/i386 -msse3 -IboostIncl -fPIC -g -O2 -march=nocona -c ordering.cpp -o ordering.o
g++-4.0 -arch i386 -isysroot /Developer/SDKs/MacOSX10.4u.sdk -no-cpp-precomp -I/Library/Frameworks/R.framework/Resources/include -I/Library/Frameworks/R.framework/Resources/include/i386 -msse3 -IboostIncl -fPIC -g -O2 -march=nocona -c shortestPath.cpp -o shortestPath.o
g++-4.0 -arch i386 -isysroot /Developer/SDKs/MacOSX10.4u.sdk -no-cpp-precomp -I/Library/Frameworks/R.framework/Resources/include -I/Library/Frameworks/R.framework/Resources/include/i386 -msse3 -IboostIncl -fPIC -g -O2 -march=nocona -c sna.cpp -o sna.o
g++-4.0 -arch i386 -isysroot /Developer/SDKs/MacOSX10.4u.sdk -no-cpp-precomp -I/Library/Frameworks/R.framework/Resources/include -I/Library/Frameworks/R.framework/Resources/include/i386 -msse3 -IboostIncl -fPIC -g -O2 -march=nocona -c transitive_closure.cpp -o transitive_closure.o
g++-4.0 -arch i386 -isysroot /Developer/SDKs/MacOSX10.4u.sdk -no-cpp-precomp -I/Library/Frameworks/R.framework/Resources/include -I/Library/Frameworks/R.framework/Resources/include/i386 -msse3 -IboostIncl -fPIC -g -O2 -march=nocona -c wavefront.cpp -o wavefront.o
g++-4.0 -arch i386 -isysroot /Developer/SDKs/MacOSX10.4u.sdk -dynamiclib -Wl,-macosx_version_min -Wl,10.3 -undefined dynamic_lookup -single_module -multiply_defined suppress -L/usr/local/lib -o RBGL.so bbc.o cliques.o clusteringCoef.o hcs.o incrConnComp.o interfaces.o layout.o minST.o mincut.o ordering.o shortestPath.o sna.o transitive_closure.o wavefront.o -F/Library/Frameworks/R.framework/.. -framework R
** R
** data
** inst
** save image
Loading required package: graph
** help
>>> Building/Updating help pages for package 'RBGL'
Formats: text html latex example
FileDep text html latex example
RBGL.overview text html latex
astarSearch text html latex example
bandwidth text html latex example
bccluster text html latex example
bellman.ford.sp text html latex example
betweenness text html latex example
bfs text html latex example
biConnComp text html latex example
clusteringCoef text html latex example
clusteringCoefAppr text html latex example
coloring text html latex example
connectedComp text html latex example
dag.sp text html latex example
dijkstra.sp text html latex example
edgeConn text html latex example
extractPath text html latex example
floyd.warshall.all.pairs.sp text html latex example
gprofile text html latex example
graphGenerator text html latex example
highlyConnSG text html latex example
incrConnComp text html latex example
is.triangulated text html latex example
isomorphism text html latex example
johnson.all.pairs.sp text html latex example
kCliques text html latex example
kCores text html latex example
lambdaSets text html latex example
layout text html latex example
maxClique text html latex example
maxFlow text html latex example
minCut text html latex example
mstree.kruskal text html latex example
mstree.prim text html latex example
ordering text html latex example
removeSelfLoops text html latex example
separates text html latex example
sp.between text html latex example
strongComp text html latex example
transClosure text html latex example
transitivity text html latex example
tsort text html latex example
wavefront text html latex example
** building package indices ...
* DONE (RBGL)
* creating vignettes ... ERROR
Loading required package: graph
Error: processing vignette 'RBGL.Rnw' failed with diagnostics:
chunk 1
Error in library(Rgraphviz) : there is no package called 'Rgraphviz'
Execution halted