Back to the "Multiple platform build/check report"
| Package 94/208 | OS | Arch | BUILD | CHECK | BUILD BIN |
idiogram1.9.2Karl J. Dykema | Linux (SUSE 9.2) | x86_64 | OK | OK | |
| Linux (SUSE 10.1) | x86_64 | OK | OK | ||
| Linux (SUSE 9.2) | i686 | OK | OK | ||
| Solaris 2.9 | sparc | OK | OK | ||
| Windows Server 2003 | x86_64 | OK | OK | OK | |
| Windows Server 2003 | NA | OK | [ ERROR ] | OK | |
| Mac OS X (10.4.6) | i686 | OK | OK |
| Package: idiogram |
| Version: 1.9.2 |
| Command: E:\biocbld\2.0d\R\bin\R.exe CMD check idiogram_1.9.2.tar.gz |
| RetCode: 1 |
| Time: 126.5 seconds |
| Status: ERROR |
| CheckDir: idiogram.Rcheck |
| Warnings: NA |
* checking for working latex ... OK * using log directory 'E:/biocbld/2.0d/Rpacks/idiogram.Rcheck' * using R version 2.5.0 Under development (unstable) (2006-12-05 r40126) * checking for file 'idiogram/DESCRIPTION' ... OK * this is package 'idiogram' version '1.9.2' * checking package dependencies ... OK * checking if this is a source package ... OK * checking whether package 'idiogram' can be installed ... OK * checking package directory ... OK * checking for portable file names ... OK * checking DESCRIPTION meta-information ... OK * checking top-level files ... OK * checking index information ... OK * checking package subdirectories ... OK * checking R files for syntax errors ... OK * checking R files for non-ASCII characters ... OK * checking whether the package can be loaded ... OK * checking whether the package can be loaded with stated dependencies ... OK * checking whether the name space can be loaded with stated dependencies ... OK * checking S3 generic/method consistency ... OK * checking replacement functions ... OK * checking foreign function calls ... OK * checking R code for possible problems ... OK * checking Rd files ... OK * checking Rd cross-references ... OK * checking for missing documentation entries ... OK * checking for code/documentation mismatches ... OK * checking Rd \usage sections ... OK * creating idiogram-Ex.R ... OK * checking examples ... OK * checking package vignettes in 'inst/doc' ... OK * creating idiogram-manual.tex ... OK * checking idiogram-manual.tex ... ERROR LaTeX errors when creating DVI version. This typically indicates Rd problems.
idiogram.Rcheck/00install.out:
installing R.css in E:/biocbld/2.0d/Rpacks/idiogram.Rcheck
---------- Making package idiogram ------------
adding build stamp to DESCRIPTION
installing NAMESPACE file and metadata
installing R files
installing inst files
installing data files
preparing package idiogram for lazy data loading
installing man source files
installing indices
installing help
>>> Building/Updating help pages for package 'idiogram'
Formats: text html latex example chm
Hs.cytoband text html latex example chm
buildChromLocation.2 text html latex example chm
cytoband text html latex example chm
idiograb text html latex example chm
idiogram text html latex example chm
idiogramExample text html latex example chm
Microsoft HTML Help Compiler 4.74.8702
Compiling e:\biocbld\2.0d\Rpacks\idiogram.Rcheck\00_pkg_src\idiogram\chm\idiogram.chm
Compile time: 0 minutes, 0 seconds
7 Topics
22 Local links
0 Internet links
1 Graphic
Created e:\biocbld\2.0d\Rpacks\idiogram.Rcheck\00_pkg_src\idiogram\chm\idiogram.chm, 27,317 bytes
Compression decreased file by 565 bytes.
adding MD5 sums
* DONE (idiogram)