Back to the "Multiple platform build/check report"
| Package 157/208 | OS | Arch | BUILD | CHECK | BUILD BIN |
RankProd2.7.0Fangxin Hong | Linux (SUSE 9.2) | x86_64 | OK | OK | |
| Linux (SUSE 10.1) | x86_64 | OK | OK | ||
| Linux (SUSE 9.2) | i686 | OK | OK | ||
| Solaris 2.9 | sparc | OK | OK | ||
| Windows Server 2003 | x86_64 | OK | OK | OK | |
| Windows Server 2003 | NA | OK | [ ERROR ] | OK | |
| Mac OS X (10.4.6) | i686 | OK | OK |
| Package: RankProd |
| Version: 2.7.0 |
| Command: E:\biocbld\2.0d\R\bin\R.exe CMD check RankProd_2.7.0.tar.gz |
| RetCode: 1 |
| Time: 169.9 seconds |
| Status: ERROR |
| CheckDir: RankProd.Rcheck |
| Warnings: NA |
* checking for working latex ... OK * using log directory 'E:/biocbld/2.0d/Rpacks/RankProd.Rcheck' * using R version 2.5.0 Under development (unstable) (2006-12-05 r40126) * checking for file 'RankProd/DESCRIPTION' ... OK * this is package 'RankProd' version '2.7.0' * checking package dependencies ... OK * checking if this is a source package ... OK * checking whether package 'RankProd' can be installed ... OK * checking package directory ... OK * checking for portable file names ... OK * checking DESCRIPTION meta-information ... OK * checking top-level files ... OK * checking index information ... OK * checking package subdirectories ... OK * checking R files for syntax errors ... OK * checking R files for non-ASCII characters ... OK * checking whether the package can be loaded ... OK * checking whether the package can be loaded with stated dependencies ... OK * checking S3 generic/method consistency ... OK * checking replacement functions ... OK * checking foreign function calls ... OK * checking R code for possible problems ... OK * checking Rd files ... OK * checking Rd cross-references ... OK * checking for missing documentation entries ... OK * checking for code/documentation mismatches ... OK * checking Rd \usage sections ... OK * creating RankProd-Ex.R ... OK * checking examples ... OK * checking package vignettes in 'inst/doc' ... OK * creating RankProd-manual.tex ... OK * checking RankProd-manual.tex ... ERROR LaTeX errors when creating DVI version. This typically indicates Rd problems.
RankProd.Rcheck/00install.out:
installing R.css in E:/biocbld/2.0d/Rpacks/RankProd.Rcheck
---------- Making package RankProd ------------
adding build stamp to DESCRIPTION
installing R files
installing inst files
installing data files
installing man source files
installing indices
not zipping data
installing help
>>> Building/Updating help pages for package 'RankProd'
Formats: text html latex example chm
RP text html latex example chm
RPadvance text html latex example chm
RSadvance text html latex example chm
RankProd-internal text html latex chm
arab text html latex chm
golub text html latex chm
lymphoma text html latex chm
plotGene text html latex example chm
plotRP text html latex example chm
topGene text html latex example chm
Microsoft HTML Help Compiler 4.74.8702
Compiling e:\biocbld\2.0d\Rpacks\RankProd.Rcheck\00_pkg_src\RankProd\chm\RankProd.chm
Compile time: 0 minutes, 0 seconds
11 Topics
42 Local links
1 Internet link
1 Graphic
Created e:\biocbld\2.0d\Rpacks\RankProd.Rcheck\00_pkg_src\RankProd\chm\RankProd.chm, 33,779 bytes
Compression decreased file by 15,621 bytes.
preparing package RankProd for lazy loading
adding MD5 sums
* DONE (RankProd)