Back to the "Multiple platform build/check report"
| Package 170/208 | OS | Arch | BUILD | CHECK | BUILD BIN |
RMAPPER1.5.0VJ Carey | Linux (SUSE 9.2) | x86_64 | OK | OK | |
| Linux (SUSE 10.1) | x86_64 | OK | OK | ||
| Linux (SUSE 9.2) | i686 | OK | OK | ||
| Solaris 2.9 | sparc | OK | OK | ||
| Windows Server 2003 | x86_64 | OK | OK | OK | |
| Windows Server 2003 | NA | OK | [ ERROR ] | OK | |
| Mac OS X (10.4.6) | i686 | OK | OK |
| Package: RMAPPER |
| Version: 1.5.0 |
| Command: E:\biocbld\2.0d\R\bin\R.exe CMD check RMAPPER_1.5.0.tar.gz |
| RetCode: 1 |
| Time: 3.5 seconds |
| Status: ERROR |
| CheckDir: RMAPPER.Rcheck |
| Warnings: NA |
* checking for working latex ... OK * using log directory 'E:/biocbld/2.0d/Rpacks/RMAPPER.Rcheck' * using R version 2.5.0 Under development (unstable) (2006-12-05 r40126) * checking for file 'RMAPPER/DESCRIPTION' ... OK * this is package 'RMAPPER' version '1.5.0' * checking package dependencies ... ERROR Packages required but not available: RCurl See the information on DESCRIPTION files in the chapter 'Creating R packages' of the 'Writing R Extensions' manual.