Back to the "Multiple platform build/check report"
| Package 185/208 | OS | Arch | BUILD | CHECK | BUILD BIN |
simpleaffy2.9.1Crispin Miller | Linux (SUSE 9.2) | x86_64 | OK | WARNINGS | |
| Linux (SUSE 10.1) | x86_64 | OK | WARNINGS | ||
| Linux (SUSE 9.2) | i686 | OK | WARNINGS | ||
| Solaris 2.9 | sparc | OK | WARNINGS | ||
| Windows Server 2003 | x86_64 | OK | [ WARNINGS ] | OK | |
| Windows Server 2003 | NA | OK | ERROR | OK | |
| Mac OS X (10.4.6) | i686 | OK | WARNINGS |
| Package: simpleaffy |
| Version: 2.9.1 |
| Command: D:\biocbld\2.0d\R\bin\R.exe CMD check simpleaffy_2.9.1.tar.gz |
| RetCode: 0 |
| Time: 78.8 seconds |
| Status: WARNINGS |
| CheckDir: simpleaffy.Rcheck |
| Warnings: 3 |
* checking for working latex ... OK * using log directory 'D:/biocbld/2.0d/Rpacks/simpleaffy.Rcheck' * using R version 2.5.0 Under development (unstable) (2006-12-05 r40126) * checking for file 'simpleaffy/DESCRIPTION' ... OK * this is package 'simpleaffy' version '2.9.1' * checking package dependencies ... WARNING 'library' or 'require' calls not declared from: cdfname methods package 'methods' is used but not declared See the information on DESCRIPTION files in the chapter 'Creating R packages' of the 'Writing R Extensions' manual. * checking if this is a source package ... OK * checking whether package 'simpleaffy' can be installed ... WARNING Found the following significant warnings: Warning: The exprSet class is deprecated, use ExpressionSet instead See 'D:/biocbld/2.0d/Rpacks/simpleaffy.Rcheck/00install.out' for details. * checking package directory ... OK * checking for portable file names ... OK * checking DESCRIPTION meta-information ... OK * checking top-level files ... OK * checking index information ... OK * checking package subdirectories ... OK * checking R files for syntax errors ... OK * checking R files for non-ASCII characters ... OK * checking whether the package can be loaded ... OK * checking whether the package can be loaded with stated dependencies ... OK * checking S3 generic/method consistency ... OK * checking replacement functions ... OK * checking foreign function calls ... OK * checking R code for possible problems ... OK * checking Rd files ... OK * checking Rd cross-references ... OK * checking for missing documentation entries ... WARNING Undocumented S4 methods: generic 'plot' and siglist 'PairComp,ANY' generic 'plot' and siglist 'QCStats,ANY' All user-level objects in a package (including S4 classes and methods) should have documentation entries. See the chapter 'Writing R documentation files' in manual 'Writing R Extensions'. * checking for code/documentation mismatches ... OK * checking Rd \usage sections ... OK * checking for CRLF line endings in C/C++/Fortran sources/headers ... OK * checking for portable use of $BLAS_LIBS ... OK * creating simpleaffy-Ex.R ... OK * checking examples ... OK * checking package vignettes in 'inst/doc' ... OK * creating simpleaffy-manual.tex ... OK * checking simpleaffy-manual.tex ... OK WARNING: There were 3 warnings, see D:/biocbld/2.0d/Rpacks/simpleaffy.Rcheck/00check.log for details
simpleaffy.Rcheck/00install.out:
installing R.css in D:/biocbld/2.0d/Rpacks/simpleaffy.Rcheck
---------- Making package simpleaffy ------------
adding build stamp to DESCRIPTION
making DLL ...
making simpleaffy.d from simpleaffy.c
gcc -Id:/biocbld/2.0d/R/include -Wall -O2 -std=gnu99 -c simpleaffy.c -o simpleaffy.o
windres --include-dir d:/biocbld/2.0d/R/include -i simpleaffy_res.rc -o simpleaffy_res.o
gcc -shared -s -o simpleaffy.dll simpleaffy.def simpleaffy.o simpleaffy_res.o -Ld:/biocbld/2.0d/R/bin -lR
... DLL made
installing DLL
installing R files
installing inst files
installing data files
installing man source files
installing indices
not zipping data
installing help
>>> Building/Updating help pages for package 'simpleaffy'
Formats: text html latex example chm
PairComp-class text html latex chm
QCStats-accessor text html latex chm
QCStats-class text html latex chm
all.present text html latex example chm
all.present.in.group text html latex example chm
alpha text html latex chm
bg.correct.sa text html latex example chm
call.exprs text html latex example chm
detection.p.val text html latex example chm
get.annotation text html latex example chm
get.array.indices text html latex example chm
get.array.subset text html latex example chm
get.array.subset.affy text html latex example chm
get.fold.change.and.t.test text html latex example chm
getActin3 text html latex example chm
getActin5 text html latex example chm
getActinM text html latex example chm
getAllQCProbes text html latex example chm
getAllSpikeProbes text html latex example chm
getAlpha1 text html latex example chm
getAlpha2 text html latex example chm
getBioB text html latex example chm
getBioC text html latex example chm
getBioD text html latex example chm
getCreX text html latex example chm
getGapdh3 text html latex example chm
getGapdh5 text html latex example chm
getGapdhM text html latex example chm
getQCParams-methods text html latex chm
getTao text html latex example chm
haveQCParams text html latex example chm
hmap.colors text html latex example chm
hmap.eset text html latex example chm
hmap.pc text html latex example chm
journalpng text html latex example chm
justMAS text html latex example chm
pairwise.comparison text html latex example chm
pairwise.filter text html latex example chm
plot.pairwise.comparison text html latex example chm
plot.qc.stats text html latex example chm
qc text html latex example chm
qc.affy text html latex example chm
qc.probes text html latex chm
read.affy text html latex example chm
read.affy.mixed text html latex example chm
spikes text html latex chm
standard.pearson text html latex example chm
trad.scatter.plot text html latex example chm
Microsoft HTML Help Compiler 4.74.8702
Compiling d:\biocbld\2.0d\Rpacks\simpleaffy.Rcheck\00_pkg_src\simpleaffy\chm\simpleaffy.chm
Compile time: 0 minutes, 0 seconds
49 Topics
184 Local links
11 Internet links
1 Graphic
Created d:\biocbld\2.0d\Rpacks\simpleaffy.Rcheck\00_pkg_src\simpleaffy\chm\simpleaffy.chm, 60,009 bytes
Compression decreased file by 91,808 bytes.
preparing package simpleaffy for lazy loading
Loading required package: affy
Loading required package: Biobase
Loading required package: tools
Welcome to Bioconductor
Vignettes contain introductory material. To view, type
'openVignette()' or start with 'help(Biobase)'. For details
on reading vignettes, see the openVignette help page.
Loading required package: affyio
Loading required package: genefilter
Loading required package: survival
Loading required package: splines
Warning: The exprSet class is deprecated, use ExpressionSet instead
adding MD5 sums
* DONE (simpleaffy)