Back to the "Multiple platform build/check report"
| Package 112/208 | OS | Arch | BUILD | CHECK | BUILD BIN |
makePlatformDesign0.99.20Benilton Carvalho | Linux (SUSE 9.2) | x86_64 | OK | WARNINGS | |
| Linux (SUSE 10.1) | x86_64 | OK | WARNINGS | ||
| Linux (SUSE 9.2) | i686 | OK | WARNINGS | ||
| Solaris 2.9 | sparc | OK | WARNINGS | ||
| Windows Server 2003 | x86_64 | OK | [ WARNINGS ] | OK | |
| Windows Server 2003 | NA | OK | ERROR | OK | |
| Mac OS X (10.4.6) | i686 | OK | WARNINGS |
| Package: makePlatformDesign |
| Version: 0.99.20 |
| Command: D:\biocbld\2.0d\R\bin\R.exe CMD check makePlatformDesign_0.99.20.tar.gz |
| RetCode: 0 |
| Time: 54.4 seconds |
| Status: WARNINGS |
| CheckDir: makePlatformDesign.Rcheck |
| Warnings: 2 |
* checking for working latex ... OK
* using log directory 'D:/biocbld/2.0d/Rpacks/makePlatformDesign.Rcheck'
* using R version 2.5.0 Under development (unstable) (2006-12-05 r40126)
* checking for file 'makePlatformDesign/DESCRIPTION' ... OK
* this is package 'makePlatformDesign' version '0.99.20'
* checking package dependencies ... WARNING
'library' or 'require' calls not declared from:
oligo
See the information on DESCRIPTION files in the chapter 'Creating R
packages' of the 'Writing R Extensions' manual.
* checking if this is a source package ... OK
* checking whether package 'makePlatformDesign' can be installed ... OK
* checking package directory ... OK
* checking for portable file names ... OK
* checking DESCRIPTION meta-information ... OK
* checking top-level files ... OK
* checking index information ... OK
* checking package subdirectories ... OK
* checking R files for syntax errors ... OK
* checking R files for non-ASCII characters ... OK
* checking whether the package can be loaded ... OK
* checking whether the package can be loaded with stated dependencies ... OK
* checking S3 generic/method consistency ... OK
* checking replacement functions ... OK
* checking foreign function calls ... OK
* checking R code for possible problems ... OK
* checking Rd files ... OK
* checking Rd cross-references ... OK
* checking for missing documentation entries ... OK
* checking for code/documentation mismatches ... WARNING
Codoc mismatches from documentation object 'makePDpackage':
makePDpackage
Code: function(designFile, file1 = NULL, file2 = NULL, manufacturer =
c("affymetrix", "nimblegen"), type = c("expression",
"SNP", "tiling", "exon"), extra = NULL, genomebuild =
"hg12")
Docs: function(designFile, file1 = NULL, file2 = NULL, manufacturer =
c("affymetrix", "nimblegen"), type = c("expression",
"SNP", "tiling"), extra = NULL)
Argument names in code not in docs:
genomebuild
Mismatches in argument default values:
Name: type Code: c("expression", "SNP", "tiling", "exon") Docs: c("expression", "SNP", "tiling")
* checking Rd \usage sections ... OK
* checking for CRLF line endings in C/C++/Fortran sources/headers ... OK
* checking for portable use of $BLAS_LIBS ... OK
* creating makePlatformDesign-Ex.R ... OK
* checking examples ... OK
* creating makePlatformDesign-manual.tex ... OK
* checking makePlatformDesign-manual.tex ... OK
WARNING: There were 2 warnings, see
D:/biocbld/2.0d/Rpacks/makePlatformDesign.Rcheck/00check.log
for details
makePlatformDesign.Rcheck/00install.out:
installing R.css in D:/biocbld/2.0d/Rpacks/makePlatformDesign.Rcheck
---------- Making package makePlatformDesign ------------
adding build stamp to DESCRIPTION
making DLL ...
making main.d from main.c
making strutils.d from strutils.c
gcc -Id:/biocbld/2.0d/R/include -Wall -O2 -std=gnu99 -c main.c -o main.o
main.c: In function `strstr_with_pmormm':
main.c:70: warning: suggest parentheses around assignment used as truth value
main.c:87: warning: suggest parentheses around assignment used as truth value
main.c: In function `MP_matchprobes':
main.c:111: warning: 'rvpos' might be used uninitialized in this function
gcc -Id:/biocbld/2.0d/R/include -Wall -O2 -std=gnu99 -c strutils.c -o strutils.o
strutils.c:242:1: warning: "/*" within comment
windres --include-dir d:/biocbld/2.0d/R/include -i makePlatformDesign_res.rc -o makePlatformDesign_res.o
gcc -shared -s -o makePlatformDesign.dll makePlatformDesign.def main.o strutils.o makePlatformDesign_res.o -Ld:/biocbld/2.0d/R/bin -lR
... DLL made
installing DLL
installing R files
installing inst files
installing man source files
installing indices
installing help
>>> Building/Updating help pages for package 'makePlatformDesign'
Formats: text html latex example chm
makePDpackage text html latex example chm
makePlatformDesign-internal text html latex chm
Microsoft HTML Help Compiler 4.74.8702
Compiling d:\biocbld\2.0d\Rpacks\makePlatformDesign.Rcheck\00_pkg_src\makePlatformDesign\chm\makePlatformDesign.chm
Compile time: 0 minutes, 0 seconds
3 Topics
35 Local links
0 Internet links
1 Graphic
Created d:\biocbld\2.0d\Rpacks\makePlatformDesign.Rcheck\00_pkg_src\makePlatformDesign\chm\makePlatformDesign.chm, 18,561 bytes
Compression decreased file by 1,452 bytes.
preparing package makePlatformDesign for lazy loading
Loading required package: affyio
adding MD5 sums
* DONE (makePlatformDesign)