Back to the "Multiple platform build/check report"
| Package 56/208 | OS | Arch | BUILD | CHECK | BUILD BIN |
edd1.13.1Vince Carey | Linux (SUSE 9.2) | x86_64 | OK | WARNINGS | |
| Linux (SUSE 10.1) | x86_64 | OK | WARNINGS | ||
| Linux (SUSE 9.2) | i686 | OK | WARNINGS | ||
| Solaris 2.9 | sparc | OK | WARNINGS | ||
| Windows Server 2003 | x86_64 | OK | [ WARNINGS ] | OK | |
| Windows Server 2003 | NA | OK | ERROR | OK | |
| Mac OS X (10.4.6) | i686 | OK | WARNINGS |
| Package: edd |
| Version: 1.13.1 |
| Command: D:\biocbld\2.0d\R\bin\R.exe CMD check edd_1.13.1.tar.gz |
| RetCode: 0 |
| Time: 229.5 seconds |
| Status: WARNINGS |
| CheckDir: edd.Rcheck |
| Warnings: 1 |
* checking for working latex ... OK * using log directory 'D:/biocbld/2.0d/Rpacks/edd.Rcheck' * using R version 2.5.0 Under development (unstable) (2006-12-05 r40126) * checking for file 'edd/DESCRIPTION' ... OK * this is package 'edd' version '1.13.1' * checking package dependencies ... OK * checking if this is a source package ... OK * checking whether package 'edd' can be installed ... OK * checking package directory ... OK * checking for portable file names ... OK * checking DESCRIPTION meta-information ... OK * checking top-level files ... OK * checking index information ... OK * checking package subdirectories ... OK * checking R files for syntax errors ... OK * checking R files for non-ASCII characters ... OK * checking whether the package can be loaded ... OK * checking whether the package can be loaded with stated dependencies ... OK * checking whether the name space can be loaded with stated dependencies ... OK * checking S3 generic/method consistency ... OK * checking replacement functions ... OK * checking foreign function calls ... OK * checking R code for possible problems ... OK * checking Rd files ... OK * checking Rd cross-references ... OK * checking for missing documentation entries ... OK * checking for code/documentation mismatches ... OK * checking Rd \usage sections ... OK * creating edd-Ex.R ... OK * checking examples ... OK * checking package vignettes in 'inst/doc' ... WARNING *** Source Errors *** File D:/biocbld/2.0d/Rpacks/edd.Rcheck/edd/doc/HOWTO-edd.R : Error in data.frame(x, check.names = FALSE) : row names contain missing values * creating edd-manual.tex ... OK * checking edd-manual.tex ... OK WARNING: There was 1 warning, see D:/biocbld/2.0d/Rpacks/edd.Rcheck/00check.log for details
edd.Rcheck/00install.out:
installing R.css in D:/biocbld/2.0d/Rpacks/edd.Rcheck
---------- Making package edd ------------
adding build stamp to DESCRIPTION
installing NAMESPACE file and metadata
installing R files
save image
Loading required package: golubEsets
Loading required package: Biobase
Loading required package: tools
Welcome to Bioconductor
Vignettes contain introductory material. To view, type
'openVignette()' or start with 'help(Biobase)'. For details
on reading vignettes, see the openVignette help page.
Loading required package: class
Loading required package: nnet
Loading required package: xtable
installing inst files
installing man source files
installing indices
installing help
>>> Building/Updating help pages for package 'edd'
Formats: text html latex example chm
centerScale text html latex example chm
edd text html latex example chm
eddDist-class text html latex example chm
eddObsolete text html latex example chm
flatQQNorm text html latex example chm
latEDtable text html latex example chm
makeCandmat.raw text html latex example chm
maxKSp text html latex example chm
plotED text html latex example chm
Microsoft HTML Help Compiler 4.74.8702
Compiling d:\biocbld\2.0d\Rpacks\edd.Rcheck\00_pkg_src\edd\chm\edd.chm
Compile time: 0 minutes, 0 seconds
10 Topics
72 Local links
0 Internet links
1 Graphic
Created d:\biocbld\2.0d\Rpacks\edd.Rcheck\00_pkg_src\edd\chm\edd.chm, 30,330 bytes
Compression decreased file by 15,869 bytes.
adding MD5 sums
* DONE (edd)