Back to the "Multiple platform build/check report"
| Package 166/208 | OS | Arch | BUILD | CHECK | BUILD BIN |
Rgraphviz1.13.4Jeff Gentry | Linux (SUSE 9.2) | x86_64 | ERROR | skipped | |
| Linux (SUSE 10.1) | x86_64 | OK | WARNINGS | ||
| Linux (SUSE 9.2) | i686 | ERROR | skipped | ||
| Solaris 2.9 | sparc | ERROR | skipped | ||
| Windows Server 2003 | x86_64 | ERROR | skipped | skipped | |
| Windows Server 2003 | NA | ERROR | skipped | skipped | |
| Mac OS X (10.4.6) | i686 | OK | [ ERROR ] |
| Package: Rgraphviz |
| Version: 1.13.4 |
| Command: /Library/Frameworks/R.framework/Resources/bin/R CMD check Rgraphviz_1.13.4.tar.gz |
| RetCode: 1 |
| Time: 92.8 seconds |
| Status: ERROR |
| CheckDir: Rgraphviz.Rcheck |
| Warnings: NA |
* checking for working latex ... OK
* using log directory '/Users/biocbuild/2.0d/Rpacks/Rgraphviz.Rcheck'
* using R version 2.5.0 Under development (unstable) (2006-10-21 r39702)
* checking for file 'Rgraphviz/DESCRIPTION' ... OK
* this is package 'Rgraphviz' version '1.13.4'
* checking package dependencies ... OK
* checking if this is a source package ... OK
* checking whether package 'Rgraphviz' can be installed ... OK
* checking package directory ... OK
* checking for portable file names ... OK
* checking for sufficient/correct file permissions ... OK
* checking DESCRIPTION meta-information ... OK
* checking top-level files ... OK
* checking index information ... OK
* checking package subdirectories ... OK
* checking R files for syntax errors ... WARNING
Warning: '\#' is an unrecognized escape in a character string
* checking R files for non-ASCII characters ... OK
* checking whether the package can be loaded ... OK
* checking whether the package can be loaded with stated dependencies ... OK
* checking whether the name space can be loaded with stated dependencies ... OK
* checking S3 generic/method consistency ... OK
* checking replacement functions ... OK
* checking foreign function calls ... OK
* checking R code for possible problems ... OK
* checking Rd files ... OK
* checking Rd cross-references ... OK
* checking for missing documentation entries ... OK
* checking for code/documentation mismatches ... OK
* checking Rd \usage sections ... OK
* checking for CRLF line endings in C/C++/Fortran sources/headers ... OK
* checking for portable compilation flags in Makevars ... OK
* checking for portable use of $BLAS_LIBS ... OK
* creating Rgraphviz-Ex.R ... OK
* checking examples ... ERROR
Running examples in 'Rgraphviz-Ex.R' failed.
The error most likely occurred in:
> ### * AgEdge-class
>
> flush(stderr()); flush(stdout())
>
> ### Name: AgEdge-class
> ### Title: Class "AgEdge": A class to describe an edge for a Ragraph object
> ### Aliases: AgEdge-class AgEdge AgEdge<- splines sp ep getSpline
> ### numSplines head tail arrowsize lines,AgEdge-method show,AgEdge-method
> ### arrowsize,AgEdge-method color,AgEdge-method ep,AgEdge-method
> ### getSpline,AgEdge-method head,AgEdge-method numSplines,AgEdge-method
> ### sp,AgEdge-method splines,AgEdge-method tail,AgEdge-method
> ### txtLabel,AgEdge-method txtLabel arrowhead,AgEdge-method arrowhead
> ### arrowtail,AgEdge-method arrowtail
> ### Keywords: classes
>
> ### ** Examples
>
> V <- letters[1:10]
> M <- 1:4
> g1 <- randomGraph(V, M, .2)
> z <- agopen(g1,name="foo")
*** caught bus error ***
address 0x40, cause 'non-existent physical address'
Traceback:
1: .Call("Rgraphviz_doLayout", graph, as.integer(type), PACKAGE = "Rgraphviz")
2: layoutGraph(g)
3: agopen(g1, name = "foo")
aborting ...
Rgraphviz.Rcheck/00install.out:
* Installing *source* package 'Rgraphviz' ...
checking for pkg-config... /opt/local/bin/pkg-config
configure: Found graphviz 2.8
configure: creating ./config.status
config.status: creating src/Makevars
** libs
** arch - i386
gcc-4.0 -arch i386 -I/Library/Frameworks/R.framework/Resources/include -I/Library/Frameworks/R.framework/Resources/include/i386 -I/opt/local/include/graphviz -DGRAPHVIZ_2_4_TO_2_9 -msse3 -D__NO_MATH_INLINES -fPIC -g -O2 -std=gnu99 -march=pentium-m -mtune=prescott -c LL_funcs.c -o LL_funcs.o
/var/tmp//ccI0mG8a.s:1934:indirect jmp without `*'
/var/tmp//ccI0mG8a.s:1949:indirect jmp without `*'
/var/tmp//ccI0mG8a.s:1964:indirect jmp without `*'
/var/tmp//ccI0mG8a.s:1979:indirect jmp without `*'
/var/tmp//ccI0mG8a.s:1994:indirect jmp without `*'
/var/tmp//ccI0mG8a.s:2009:indirect jmp without `*'
/var/tmp//ccI0mG8a.s:2024:indirect jmp without `*'
/var/tmp//ccI0mG8a.s:2039:indirect jmp without `*'
/var/tmp//ccI0mG8a.s:2054:indirect jmp without `*'
/var/tmp//ccI0mG8a.s:2073:indirect jmp without `*'
/var/tmp//ccI0mG8a.s:2088:indirect jmp without `*'
/var/tmp//ccI0mG8a.s:2103:indirect jmp without `*'
/var/tmp//ccI0mG8a.s:2118:indirect jmp without `*'
/var/tmp//ccI0mG8a.s:2133:indirect jmp without `*'
/var/tmp//ccI0mG8a.s:2152:indirect jmp without `*'
/var/tmp//ccI0mG8a.s:2167:indirect jmp without `*'
/var/tmp//ccI0mG8a.s:2182:indirect jmp without `*'
/var/tmp//ccI0mG8a.s:2197:indirect jmp without `*'
/var/tmp//ccI0mG8a.s:2216:indirect jmp without `*'
/var/tmp//ccI0mG8a.s:2231:indirect jmp without `*'
/var/tmp//ccI0mG8a.s:2246:indirect jmp without `*'
/var/tmp//ccI0mG8a.s:2261:indirect jmp without `*'
/var/tmp//ccI0mG8a.s:2276:indirect jmp without `*'
gcc-4.0 -arch i386 -I/Library/Frameworks/R.framework/Resources/include -I/Library/Frameworks/R.framework/Resources/include/i386 -I/opt/local/include/graphviz -DGRAPHVIZ_2_4_TO_2_9 -msse3 -D__NO_MATH_INLINES -fPIC -g -O2 -std=gnu99 -march=pentium-m -mtune=prescott -c Rgraphviz.c -o Rgraphviz.o
Rgraphviz.c: In function 'getListElement':
Rgraphviz.c:50: warning: implicit declaration of function 'Rf_type2char'
/var/tmp//ccy0glr3.s:1139:indirect jmp without `*'
/var/tmp//ccy0glr3.s:1154:indirect jmp without `*'
/var/tmp//ccy0glr3.s:1169:indirect jmp without `*'
/var/tmp//ccy0glr3.s:1184:indirect jmp without `*'
/var/tmp//ccy0glr3.s:1199:indirect jmp without `*'
/var/tmp//ccy0glr3.s:1214:indirect jmp without `*'
/var/tmp//ccy0glr3.s:1233:indirect jmp without `*'
/var/tmp//ccy0glr3.s:1248:indirect jmp without `*'
/var/tmp//ccy0glr3.s:1267:indirect jmp without `*'
/var/tmp//ccy0glr3.s:1282:indirect jmp without `*'
/var/tmp//ccy0glr3.s:1297:indirect jmp without `*'
/var/tmp//ccy0glr3.s:1312:indirect jmp without `*'
/var/tmp//ccy0glr3.s:1327:indirect jmp without `*'
/var/tmp//ccy0glr3.s:1342:indirect jmp without `*'
/var/tmp//ccy0glr3.s:1357:indirect jmp without `*'
/var/tmp//ccy0glr3.s:1372:indirect jmp without `*'
/var/tmp//ccy0glr3.s:1387:indirect jmp without `*'
/var/tmp//ccy0glr3.s:1402:indirect jmp without `*'
/var/tmp//ccy0glr3.s:1417:indirect jmp without `*'
/var/tmp//ccy0glr3.s:1436:indirect jmp without `*'
/var/tmp//ccy0glr3.s:1451:indirect jmp without `*'
/var/tmp//ccy0glr3.s:1466:indirect jmp without `*'
/var/tmp//ccy0glr3.s:1481:indirect jmp without `*'
/var/tmp//ccy0glr3.s:1496:indirect jmp without `*'
/var/tmp//ccy0glr3.s:1511:indirect jmp without `*'
/var/tmp//ccy0glr3.s:1526:indirect jmp without `*'
/var/tmp//ccy0glr3.s:1541:indirect jmp without `*'
/var/tmp//ccy0glr3.s:1556:indirect jmp without `*'
/var/tmp//ccy0glr3.s:1571:indirect jmp without `*'
/var/tmp//ccy0glr3.s:1586:indirect jmp without `*'
/var/tmp//ccy0glr3.s:1601:indirect jmp without `*'
/var/tmp//ccy0glr3.s:1616:indirect jmp without `*'
gcc-4.0 -arch i386 -I/Library/Frameworks/R.framework/Resources/include -I/Library/Frameworks/R.framework/Resources/include/i386 -I/opt/local/include/graphviz -DGRAPHVIZ_2_4_TO_2_9 -msse3 -D__NO_MATH_INLINES -fPIC -g -O2 -std=gnu99 -march=pentium-m -mtune=prescott -c RgraphvizInit.c -o RgraphvizInit.o
/var/tmp//ccMpTvbS.s:100:indirect jmp without `*'
gcc-4.0 -arch i386 -I/Library/Frameworks/R.framework/Resources/include -I/Library/Frameworks/R.framework/Resources/include/i386 -I/opt/local/include/graphviz -DGRAPHVIZ_2_4_TO_2_9 -msse3 -D__NO_MATH_INLINES -fPIC -g -O2 -std=gnu99 -march=pentium-m -mtune=prescott -c agopen.c -o agopen.o
/var/tmp//ccWNcm4R.s:960:indirect jmp without `*'
/var/tmp//ccWNcm4R.s:975:indirect jmp without `*'
/var/tmp//ccWNcm4R.s:990:indirect jmp without `*'
/var/tmp//ccWNcm4R.s:1005:indirect jmp without `*'
/var/tmp//ccWNcm4R.s:1020:indirect jmp without `*'
/var/tmp//ccWNcm4R.s:1035:indirect jmp without `*'
/var/tmp//ccWNcm4R.s:1050:indirect jmp without `*'
/var/tmp//ccWNcm4R.s:1065:indirect jmp without `*'
/var/tmp//ccWNcm4R.s:1084:indirect jmp without `*'
/var/tmp//ccWNcm4R.s:1099:indirect jmp without `*'
/var/tmp//ccWNcm4R.s:1114:indirect jmp without `*'
/var/tmp//ccWNcm4R.s:1129:indirect jmp without `*'
/var/tmp//ccWNcm4R.s:1144:indirect jmp without `*'
/var/tmp//ccWNcm4R.s:1159:indirect jmp without `*'
/var/tmp//ccWNcm4R.s:1174:indirect jmp without `*'
/var/tmp//ccWNcm4R.s:1189:indirect jmp without `*'
/var/tmp//ccWNcm4R.s:1204:indirect jmp without `*'
/var/tmp//ccWNcm4R.s:1219:indirect jmp without `*'
/var/tmp//ccWNcm4R.s:1238:indirect jmp without `*'
/var/tmp//ccWNcm4R.s:1253:indirect jmp without `*'
/var/tmp//ccWNcm4R.s:1268:indirect jmp without `*'
/var/tmp//ccWNcm4R.s:1283:indirect jmp without `*'
/var/tmp//ccWNcm4R.s:1298:indirect jmp without `*'
/var/tmp//ccWNcm4R.s:1313:indirect jmp without `*'
/var/tmp//ccWNcm4R.s:1328:indirect jmp without `*'
/var/tmp//ccWNcm4R.s:1343:indirect jmp without `*'
/var/tmp//ccWNcm4R.s:1358:indirect jmp without `*'
/var/tmp//ccWNcm4R.s:1373:indirect jmp without `*'
/var/tmp//ccWNcm4R.s:1388:indirect jmp without `*'
/var/tmp//ccWNcm4R.s:1403:indirect jmp without `*'
/var/tmp//ccWNcm4R.s:1418:indirect jmp without `*'
/var/tmp//ccWNcm4R.s:1433:indirect jmp without `*'
gcc-4.0 -arch i386 -I/Library/Frameworks/R.framework/Resources/include -I/Library/Frameworks/R.framework/Resources/include/i386 -I/opt/local/include/graphviz -DGRAPHVIZ_2_4_TO_2_9 -msse3 -D__NO_MATH_INLINES -fPIC -g -O2 -std=gnu99 -march=pentium-m -mtune=prescott -c agread.c -o agread.o
/var/tmp//ccxPoIrl.s:223:indirect jmp without `*'
/var/tmp//ccxPoIrl.s:238:indirect jmp without `*'
/var/tmp//ccxPoIrl.s:253:indirect jmp without `*'
/var/tmp//ccxPoIrl.s:268:indirect jmp without `*'
/var/tmp//ccxPoIrl.s:283:indirect jmp without `*'
/var/tmp//ccxPoIrl.s:298:indirect jmp without `*'
/var/tmp//ccxPoIrl.s:313:indirect jmp without `*'
gcc-4.0 -arch i386 -I/Library/Frameworks/R.framework/Resources/include -I/Library/Frameworks/R.framework/Resources/include/i386 -I/opt/local/include/graphviz -DGRAPHVIZ_2_4_TO_2_9 -msse3 -D__NO_MATH_INLINES -fPIC -g -O2 -std=gnu99 -march=pentium-m -mtune=prescott -c agwrite.c -o agwrite.o
/var/tmp//ccCDOADB.s:275:indirect jmp without `*'
/var/tmp//ccCDOADB.s:290:indirect jmp without `*'
/var/tmp//ccCDOADB.s:305:indirect jmp without `*'
/var/tmp//ccCDOADB.s:320:indirect jmp without `*'
/var/tmp//ccCDOADB.s:339:indirect jmp without `*'
/var/tmp//ccCDOADB.s:358:indirect jmp without `*'
/var/tmp//ccCDOADB.s:373:indirect jmp without `*'
/var/tmp//ccCDOADB.s:388:indirect jmp without `*'
/var/tmp//ccCDOADB.s:403:indirect jmp without `*'
/var/tmp//ccCDOADB.s:418:indirect jmp without `*'
/var/tmp//ccCDOADB.s:433:indirect jmp without `*'
gcc-4.0 -arch i386 -I/Library/Frameworks/R.framework/Resources/include -I/Library/Frameworks/R.framework/Resources/include/i386 -I/opt/local/include/graphviz -DGRAPHVIZ_2_4_TO_2_9 -msse3 -D__NO_MATH_INLINES -fPIC -g -O2 -std=gnu99 -march=pentium-m -mtune=prescott -c bezier.c -o bezier.o
/var/tmp//ccEZGWmm.s:172:indirect jmp without `*'
/var/tmp//ccEZGWmm.s:187:indirect jmp without `*'
/var/tmp//ccEZGWmm.s:202:indirect jmp without `*'
/var/tmp//ccEZGWmm.s:217:indirect jmp without `*'
/var/tmp//ccEZGWmm.s:232:indirect jmp without `*'
/var/tmp//ccEZGWmm.s:247:indirect jmp without `*'
/var/tmp//ccEZGWmm.s:262:indirect jmp without `*'
/var/tmp//ccEZGWmm.s:277:indirect jmp without `*'
gcc-4.0 -arch i386 -I/Library/Frameworks/R.framework/Resources/include -I/Library/Frameworks/R.framework/Resources/include/i386 -I/opt/local/include/graphviz -DGRAPHVIZ_2_4_TO_2_9 -msse3 -D__NO_MATH_INLINES -fPIC -g -O2 -std=gnu99 -march=pentium-m -mtune=prescott -c buildEdgeList.c -o buildEdgeList.o
/var/tmp//ccqrOevo.s:948:indirect jmp without `*'
/var/tmp//ccqrOevo.s:963:indirect jmp without `*'
/var/tmp//ccqrOevo.s:978:indirect jmp without `*'
/var/tmp//ccqrOevo.s:993:indirect jmp without `*'
/var/tmp//ccqrOevo.s:1008:indirect jmp without `*'
/var/tmp//ccqrOevo.s:1023:indirect jmp without `*'
/var/tmp//ccqrOevo.s:1038:indirect jmp without `*'
/var/tmp//ccqrOevo.s:1053:indirect jmp without `*'
/var/tmp//ccqrOevo.s:1072:indirect jmp without `*'
/var/tmp//ccqrOevo.s:1087:indirect jmp without `*'
/var/tmp//ccqrOevo.s:1102:indirect jmp without `*'
/var/tmp//ccqrOevo.s:1117:indirect jmp without `*'
/var/tmp//ccqrOevo.s:1132:indirect jmp without `*'
/var/tmp//ccqrOevo.s:1147:indirect jmp without `*'
/var/tmp//ccqrOevo.s:1162:indirect jmp without `*'
/var/tmp//ccqrOevo.s:1177:indirect jmp without `*'
/var/tmp//ccqrOevo.s:1192:indirect jmp without `*'
/var/tmp//ccqrOevo.s:1207:indirect jmp without `*'
/var/tmp//ccqrOevo.s:1222:indirect jmp without `*'
/var/tmp//ccqrOevo.s:1241:indirect jmp without `*'
/var/tmp//ccqrOevo.s:1256:indirect jmp without `*'
/var/tmp//ccqrOevo.s:1271:indirect jmp without `*'
/var/tmp//ccqrOevo.s:1286:indirect jmp without `*'
/var/tmp//ccqrOevo.s:1301:indirect jmp without `*'
/var/tmp//ccqrOevo.s:1316:indirect jmp without `*'
/var/tmp//ccqrOevo.s:1331:indirect jmp without `*'
/var/tmp//ccqrOevo.s:1346:indirect jmp without `*'
/var/tmp//ccqrOevo.s:1361:indirect jmp without `*'
/var/tmp//ccqrOevo.s:1376:indirect jmp without `*'
/var/tmp//ccqrOevo.s:1391:indirect jmp without `*'
/var/tmp//ccqrOevo.s:1406:indirect jmp without `*'
gcc-4.0 -arch i386 -I/Library/Frameworks/R.framework/Resources/include -I/Library/Frameworks/R.framework/Resources/include/i386 -I/opt/local/include/graphviz -DGRAPHVIZ_2_4_TO_2_9 -msse3 -D__NO_MATH_INLINES -fPIC -g -O2 -std=gnu99 -march=pentium-m -mtune=prescott -c buildNodeList.c -o buildNodeList.o
/var/tmp//ccb119xo.s:310:indirect jmp without `*'
/var/tmp//ccb119xo.s:325:indirect jmp without `*'
/var/tmp//ccb119xo.s:340:indirect jmp without `*'
/var/tmp//ccb119xo.s:355:indirect jmp without `*'
/var/tmp//ccb119xo.s:370:indirect jmp without `*'
/var/tmp//ccb119xo.s:385:indirect jmp without `*'
/var/tmp//ccb119xo.s:404:indirect jmp without `*'
/var/tmp//ccb119xo.s:419:indirect jmp without `*'
/var/tmp//ccb119xo.s:434:indirect jmp without `*'
/var/tmp//ccb119xo.s:449:indirect jmp without `*'
/var/tmp//ccb119xo.s:464:indirect jmp without `*'
/var/tmp//ccb119xo.s:479:indirect jmp without `*'
/var/tmp//ccb119xo.s:494:indirect jmp without `*'
/var/tmp//ccb119xo.s:509:indirect jmp without `*'
/var/tmp//ccb119xo.s:524:indirect jmp without `*'
/var/tmp//ccb119xo.s:539:indirect jmp without `*'
/var/tmp//ccb119xo.s:554:indirect jmp without `*'
/var/tmp//ccb119xo.s:569:indirect jmp without `*'
/var/tmp//ccb119xo.s:584:indirect jmp without `*'
/var/tmp//ccb119xo.s:599:indirect jmp without `*'
gcc-4.0 -arch i386 -I/Library/Frameworks/R.framework/Resources/include -I/Library/Frameworks/R.framework/Resources/include/i386 -I/opt/local/include/graphviz -DGRAPHVIZ_2_4_TO_2_9 -msse3 -D__NO_MATH_INLINES -fPIC -g -O2 -std=gnu99 -march=pentium-m -mtune=prescott -c doLayout.c -o doLayout.o
/var/tmp//cc3IKyXT.s:1812:indirect jmp without `*'
/var/tmp//cc3IKyXT.s:1827:indirect jmp without `*'
/var/tmp//cc3IKyXT.s:1842:indirect jmp without `*'
/var/tmp//cc3IKyXT.s:1857:indirect jmp without `*'
/var/tmp//cc3IKyXT.s:1872:indirect jmp without `*'
/var/tmp//cc3IKyXT.s:1887:indirect jmp without `*'
/var/tmp//cc3IKyXT.s:1902:indirect jmp without `*'
/var/tmp//cc3IKyXT.s:1917:indirect jmp without `*'
/var/tmp//cc3IKyXT.s:1932:indirect jmp without `*'
/var/tmp//cc3IKyXT.s:1947:indirect jmp without `*'
/var/tmp//cc3IKyXT.s:1966:indirect jmp without `*'
/var/tmp//cc3IKyXT.s:1981:indirect jmp without `*'
/var/tmp//cc3IKyXT.s:1996:indirect jmp without `*'
/var/tmp//cc3IKyXT.s:2011:indirect jmp without `*'
/var/tmp//cc3IKyXT.s:2026:indirect jmp without `*'
/var/tmp//cc3IKyXT.s:2041:indirect jmp without `*'
/var/tmp//cc3IKyXT.s:2056:indirect jmp without `*'
/var/tmp//cc3IKyXT.s:2071:indirect jmp without `*'
/var/tmp//cc3IKyXT.s:2090:indirect jmp without `*'
/var/tmp//cc3IKyXT.s:2105:indirect jmp without `*'
/var/tmp//cc3IKyXT.s:2120:indirect jmp without `*'
/var/tmp//cc3IKyXT.s:2135:indirect jmp without `*'
/var/tmp//cc3IKyXT.s:2150:indirect jmp without `*'
/var/tmp//cc3IKyXT.s:2165:indirect jmp without `*'
/var/tmp//cc3IKyXT.s:2180:indirect jmp without `*'
/var/tmp//cc3IKyXT.s:2195:indirect jmp without `*'
/var/tmp//cc3IKyXT.s:2210:indirect jmp without `*'
/var/tmp//cc3IKyXT.s:2225:indirect jmp without `*'
/var/tmp//cc3IKyXT.s:2240:indirect jmp without `*'
gcc-4.0 -arch i386 -I/Library/Frameworks/R.framework/Resources/include -I/Library/Frameworks/R.framework/Resources/include/i386 -I/opt/local/include/graphviz -DGRAPHVIZ_2_4_TO_2_9 -msse3 -D__NO_MATH_INLINES -fPIC -g -O2 -std=gnu99 -march=pentium-m -mtune=prescott -c graphvizVersion.c -o graphvizVersion.o
/var/tmp//cclO5AkZ.s:45:indirect jmp without `*'
gcc-4.0 -arch i386 -I/Library/Frameworks/R.framework/Resources/include -I/Library/Frameworks/R.framework/Resources/include/i386 -I/opt/local/include/graphviz -DGRAPHVIZ_2_4_TO_2_9 -msse3 -D__NO_MATH_INLINES -fPIC -g -O2 -std=gnu99 -march=pentium-m -mtune=prescott -c init.c -o init.o
/var/tmp//ccyZeLg3.s:214:indirect jmp without `*'
/var/tmp//ccyZeLg3.s:229:indirect jmp without `*'
/var/tmp//ccyZeLg3.s:244:indirect jmp without `*'
/var/tmp//ccyZeLg3.s:263:indirect jmp without `*'
gcc-4.0 -arch i386 -dynamiclib -Wl,-macosx_version_min -Wl,10.3 -undefined dynamic_lookup -single_module -multiply_defined suppress -L/usr/local/lib -o Rgraphviz.so LL_funcs.o Rgraphviz.o RgraphvizInit.o agopen.o agread.o agwrite.o bezier.o buildEdgeList.o buildNodeList.o doLayout.o graphvizVersion.o init.o -L/opt/local/lib/graphviz -lgvc -F/Library/Frameworks/R.framework/.. -framework R
** R
** inst
** save image
Loading required package: graph
Loading required package: geneplotter
Loading required package: annotate
Loading required package: Biobase
Loading required package: tools
Welcome to Bioconductor
Vignettes contain introductory material. To view, type
'openVignette()' or start with 'help(Biobase)'. For details
on reading vignettes, see the openVignette help page.
Loading required package: lattice
KernSmooth 2.22 installed
Copyright M. P. Wand 1997
Creating a new generic function for "lines" in "Rgraphviz"
Creating a new generic function for "plot" in "Rgraphviz"
Warning message:
'\#' is an unrecognized escape in a character string
** help
>>> Building/Updating help pages for package 'Rgraphviz'
Formats: text html latex example
AgEdge-class text html latex example
AgNode-class text html latex example
AgTextLabel-class text html latex example
BezierCurve-class text html latex example
GraphvizAttributes text html latex example
GraphvizLayouts text html latex example
Ragraph-class text html latex example
agopen text html latex example
agwrite text html latex example
boundingBox-class text html latex example
buildNodeList text html latex example
getAttrs text html latex example
getDefAttrs text html latex example
getDefaultAttrs text html latex example
graphvizVersion text html latex example
imageMap text html latex example
layoutGraph text html latex example
makeNodeAttrs text html latex example
pEdge-class text html latex example
pNode-class text html latex example
pieGlyph text html latex example
plot-methods text html latex example
removedEdges text html latex example
setAttrs text html latex example
toDot-methods text html latex example
toFile text html latex example
xyPoint-class text html latex example
** building package indices ...
* DONE (Rgraphviz)