Back to the "Multiple platform build/check report"
| Package 144/188 | OS | Arch | BUILD | CHECK | BUILD BIN |
RbcBook11.2.0Vince Carey | Linux (SUSE 9.2) | x86_64 | OK | OK | |
| Linux (SUSE 9.2) | i686 | OK | OK | ||
| Solaris 2.9 | sparc | OK | OK | ||
| Linux (SUSE 10.0) | x86_64 | OK | OK | ||
| Windows Server 2003 | x86_64 | OK | [ WARNINGS ] | OK |
| Package: RbcBook1 |
| Version: 1.2.0 |
| Command: D:\biocbld\1.9d\R\bin\R.exe CMD check RbcBook1_1.2.0.tar.gz |
| RetCode: 0 |
| Time: 51.5 seconds |
| Status: WARNINGS |
| CheckDir: RbcBook1.Rcheck |
| Warnings: 1 |
* checking for working latex ... OK
* using log directory 'D:/biocbld/1.9d/Rpacks/RbcBook1.Rcheck'
* using R version 2.4.0 (2006-10-03)
* checking for file 'RbcBook1/DESCRIPTION' ... OK
* this is package 'RbcBook1' version '1.2.0'
* checking package dependencies ... OK
* checking if this is a source package ... OK
* checking whether package 'RbcBook1' can be installed ... WARNING
Found the following significant warnings:
missing link(s): rpart
* checking package directory ... OK
* checking for portable file names ... OK
* checking DESCRIPTION meta-information ... OK
* checking top-level files ... OK
* checking index information ... OK
* checking package subdirectories ... OK
* checking R files for syntax errors ... OK
* checking R files for non-ASCII characters ... OK
* checking whether the package can be loaded ... OK
* checking whether the package can be loaded with stated dependencies ... OK
* checking S3 generic/method consistency ... OK
* checking replacement functions ... OK
* checking foreign function calls ... OK
* checking R code for possible problems ... OK
* checking Rd files ... OK
* checking Rd cross-references ... OK
* checking for missing documentation entries ... OK
* checking for code/documentation mismatches ... OK
* checking Rd \usage sections ... OK
* creating RbcBook1-Ex.R ... OK
* checking examples ... OK
* checking package vignettes in 'inst/doc' ... OK
* creating RbcBook1-manual.tex ... OK
* checking RbcBook1-manual.tex ... OK
WARNING: There was 1 warning, see
D:/biocbld/1.9d/Rpacks/RbcBook1.Rcheck/00check.log
for details
RbcBook1.Rcheck/00install.out:
installing R.css in D:/biocbld/1.9d/Rpacks/RbcBook1.Rcheck
---------- Making package RbcBook1 ------------
adding build stamp to DESCRIPTION
installing R files
installing inst files
installing data files
installing man source files
installing indices
not zipping data
installing help
>>> Building/Updating help pages for package 'RbcBook1'
Formats: text html latex example chm
bcStangle text html latex example chm
bcSweave text html latex example chm
bcr text html latex example chm
checkVerbatimLines text html latex example chm
imageSize text html latex example chm
perf text html latex example chm
requireAllBook1 text html latex example chm
rpart2gNEL text html latex example chm
missing link(s): rpart
Microsoft HTML Help Compiler 4.74.8702
Compiling d:\biocbld\1.9d\Rpacks\RbcBook1.Rcheck\00_pkg_src\RbcBook1\chm\RbcBook1.chm
Compile time: 0 minutes, 0 seconds
9 Topics
31 Local links
0 Internet links
1 Graphic
Created d:\biocbld\1.9d\Rpacks\RbcBook1.Rcheck\00_pkg_src\RbcBook1\chm\RbcBook1.chm, 23,919 bytes
Compression decreased file by 3,737 bytes.
adding MD5 sums
* DONE (RbcBook1)