Back to the "Multiple platform build/check report"
| Package 36/188 | OS | Arch | BUILD | CHECK | BUILD BIN |
Category2.0.0R. Gentleman | Linux (SUSE 9.2) | x86_64 | OK | WARNINGS | |
| Linux (SUSE 9.2) | i686 | OK | WARNINGS | ||
| Solaris 2.9 | sparc | OK | WARNINGS | ||
| Linux (SUSE 10.0) | x86_64 | OK | WARNINGS | ||
| Windows Server 2003 | x86_64 | OK | [ WARNINGS ] | OK |
| Package: Category |
| Version: 2.0.0 |
| Command: D:\biocbld\1.9d\R\bin\R.exe CMD check Category_2.0.0.tar.gz |
| RetCode: 0 |
| Time: 122.6 seconds |
| Status: WARNINGS |
| CheckDir: Category.Rcheck |
| Warnings: 1 |
* checking for working latex ... OK * using log directory 'D:/biocbld/1.9d/Rpacks/Category.Rcheck' * using R version 2.4.0 (2006-10-03) * checking for file 'Category/DESCRIPTION' ... OK * this is package 'Category' version '2.0.0' * checking package dependencies ... OK * checking if this is a source package ... OK * checking whether package 'Category' can be installed ... OK * checking package directory ... OK * checking for portable file names ... OK * checking DESCRIPTION meta-information ... OK * checking top-level files ... OK * checking index information ... OK * checking package subdirectories ... OK * checking R files for syntax errors ... OK * checking R files for non-ASCII characters ... OK * checking whether the package can be loaded ... OK * checking whether the package can be loaded with stated dependencies ... OK * checking whether the name space can be loaded with stated dependencies ... OK * checking S3 generic/method consistency ... OK * checking replacement functions ... OK * checking foreign function calls ... OK * checking R code for possible problems ... OK * checking Rd files ... OK * checking Rd cross-references ... OK * checking for missing documentation entries ... OK * checking for code/documentation mismatches ... OK * checking Rd \usage sections ... OK * creating Category-Ex.R ... OK * checking examples ... WARNING Found the following significant warnings: Warning: 'geneGoHyperGeoTest' is deprecated. Warning: 'geneKeggHyperGeoTest' is deprecated. Deprecated functions may be defunct as soon as of the next release of R. See ?Deprecated. * checking package vignettes in 'inst/doc' ... OK * creating Category-manual.tex ... OK * checking Category-manual.tex ... OK WARNING: There was 1 warning, see D:/biocbld/1.9d/Rpacks/Category.Rcheck/00check.log for details
Category.Rcheck/00install.out:
installing R.css in D:/biocbld/1.9d/Rpacks/Category.Rcheck
---------- Making package Category ------------
adding build stamp to DESCRIPTION
installing NAMESPACE file and metadata
installing R files
installing inst files
installing man source files
installing indices
installing help
>>> Building/Updating help pages for package 'Category'
Formats: text html latex example chm
GOHyperGParams-class text html latex chm
HyperGParams-class text html latex chm
HyperGResult-class text html latex chm
HyperGResultBase-class text html latex chm
KEGGHyperGParams-class text html latex chm
MAPAmat text html latex example chm
applyByCategory text html latex example chm
cateGOryMatrix text html latex example chm
categoryToEntrezBuilder text html latex chm
findAMstats text html latex example chm
geneGoHyperGeoTest text html latex example chm
geneKeggHyperGeoTest text html latex example chm
getPathNames text html latex example chm
hyperGTest text html latex chm
makeEBcontr text html latex example chm
probes2MAP text html latex example chm
probes2Path text html latex example chm
ttperm text html latex example chm
universeBuilder text html latex chm
Microsoft HTML Help Compiler 4.74.8702
Compiling d:\biocbld\1.9d\Rpacks\Category.Rcheck\00_pkg_src\Category\chm\Category.chm
Compile time: 0 minutes, 0 seconds
20 Topics
137 Local links
0 Internet links
1 Graphic
Created d:\biocbld\1.9d\Rpacks\Category.Rcheck\00_pkg_src\Category\chm\Category.chm, 43,339 bytes
Compression decreased file by 49,875 bytes.
preparing package Category for lazy loading
Loading required package: Biobase
Loading required package: tools
Welcome to Bioconductor
Vignettes contain introductory material. To view, type
'openVignette()' or start with 'help(Biobase)'. For details
on reading vignettes, see the openVignette help page.
Loading required package: KEGG
Loading required package: GO
Loading required package: graph
Loading required package: annotate
Loading required package: genefilter
Loading required package: survival
Loading required package: splines
adding MD5 sums
* DONE (Category)