Back to the "Multiple platform build/check report"
| Package 52/205 | OS | Arch | BUILD | CHECK | BUILD BIN |
EBarrays1.5.0Deepayan Sarkar | Linux (SUSE 9.2) | x86_64 | OK | WARNINGS | |
| Linux (SUSE 9.2) | i686 | OK | [ WARNINGS ] | ||
| Solaris 2.9 | sparc | OK | OK | ||
| Linux (SUSE 10.0) | x86_64 | OK | WARNINGS | ||
| Windows Server 2003 | x86_64 | OK | WARNINGS | OK | |
| Windows XP | i686 | ERROR | skipped | skipped | |
| Mac OS X (10.4.6) | i686 | OK | WARNINGS |
| Package: EBarrays |
| Version: 1.5.0 |
| Command: /loc/biocbuild/1.9d/R/bin/R CMD check EBarrays_1.5.0.tar.gz |
| RetCode: 0 |
| Time: 229.3 seconds |
| Status: WARNINGS |
| CheckDir: EBarrays.Rcheck |
| Warnings: 1 |
* checking for working latex ... OK * using log directory '/extra/loc/biocbuild/1.9d/Rpacks/EBarrays.Rcheck' * using R version 2.4.0 alpha (2006-09-10 r39242) * checking for file 'EBarrays/DESCRIPTION' ... OK * this is package 'EBarrays' version '1.5.0' * checking package dependencies ... WARNING package 'methods' is used but not declared See the information on DESCRIPTION files in the chapter 'Creating R packages' of the 'Writing R Extensions' manual. * checking if this is a source package ... OK * checking whether package 'EBarrays' can be installed ... OK * checking package directory ... OK * checking for portable file names ... OK * checking for sufficient/correct file permissions ... OK * checking DESCRIPTION meta-information ... OK * checking top-level files ... OK * checking index information ... OK * checking package subdirectories ... OK * checking R files for syntax errors ... OK * checking R files for non-ASCII characters ... OK * checking whether the package can be loaded ... OK * checking whether the package can be loaded with stated dependencies ... OK * checking S3 generic/method consistency ... OK * checking replacement functions ... OK * checking foreign function calls ... OK * checking R code for possible problems ... OK * checking Rd files ... OK * checking Rd cross-references ... OK * checking for missing documentation entries ... OK * checking for code/documentation mismatches ... OK * checking Rd \usage sections ... OK * checking for CRLF line endings in C/C++/Fortran sources/headers ... OK * checking for portable use of $BLAS_LIBS ... OK * creating EBarrays-Ex.R ... OK * checking examples ... OK * checking tests ... make[1]: Entering directory `/extra/loc/biocbuild/1.9d/Rpacks/EBarrays.Rcheck/tests' Running 'test.R' make[1]: Leaving directory `/extra/loc/biocbuild/1.9d/Rpacks/EBarrays.Rcheck/tests' OK * checking package vignettes in 'inst/doc' ... OK * creating EBarrays-manual.tex ... OK * checking EBarrays-manual.tex ... OK WARNING: There was 1 warning, see /extra/loc/biocbuild/1.9d/Rpacks/EBarrays.Rcheck/00check.log for details
EBarrays.Rcheck/00install.out:
* Installing *source* package 'EBarrays' ...
** libs
gcc -I/loc/biocbuild/1.9d/R/include -I/loc/biocbuild/1.9d/R/include -I/usr/local/include -fpic -g -O2 -std=gnu99 -Wall -c ebarrays.c -o ebarrays.o
gcc -shared -L/usr/local/lib -o EBarrays.so ebarrays.o
** R
** data
** demo
** inst
** save image
Loading required package: Biobase
Loading required package: tools
Welcome to Bioconductor
Vignettes contain introductory material. To view, type
'openVignette()' or start with 'help(Biobase)'. For details
on reading vignettes, see the openVignette help page.
Loading required package: lattice
[1] "ebarraysFamily"
[1] "ebarraysPatterns"
[1] "show"
[1] "show"
[1] "ebarraysEmFit"
[1] "show"
[1] "emfit"
[1] "emfit"
[1] "emfit"
[1] "emfit"
[1] "emfit"
[1] "postprob"
[1] "ebarraysPostProb"
[1] "show"
[1] "postprob"
[1] "postprob"
** preparing package for lazy loading
Loading required package: Biobase
Loading required package: tools
Welcome to Bioconductor
Vignettes contain introductory material. To view, type
'openVignette()' or start with 'help(Biobase)'. For details
on reading vignettes, see the openVignette help page.
Loading required package: lattice
** help
>>> Building/Updating help pages for package 'EBarrays'
Formats: text html latex example
ebarraysFamily-class text html latex example
ebplots text html latex example
emfit text html latex example
gould text html latex example
postprob text html latex
utilities text html latex example
** building package indices ...
* DONE (EBarrays)