Back to the "Multiple platform build/check report"
| Package 194/205 | OS | Arch | BUILD | CHECK | BUILD BIN |
tilingArray1.11.12W. Huber | Linux (SUSE 9.2) | x86_64 | OK | WARNINGS | |
| Linux (SUSE 9.2) | i686 | OK | WARNINGS | ||
| Solaris 2.9 | sparc | OK | OK | ||
| Linux (SUSE 10.0) | x86_64 | OK | WARNINGS | ||
| Windows Server 2003 | x86_64 | OK | WARNINGS | OK | |
| Windows XP | i686 | OK | [ WARNINGS ] | skipped | |
| Mac OS X (10.4.6) | i686 | OK | WARNINGS |
| Package: tilingArray |
| Version: 1.11.12 |
| Command: E:\hpages\1.9d\R\bin\R.exe CMD check tilingArray_1.11.12.tar.gz |
| RetCode: 0 |
| Time: 126.2 seconds |
| Status: WARNINGS |
| CheckDir: tilingArray.Rcheck |
| Warnings: 1 |
* checking for working latex ... OK
* using log directory 'E:/hpages/1.9d/Rpacks/tilingArray.Rcheck'
* using R version 2.4.0 alpha (2006-09-10 r39242)
* checking for file 'tilingArray/DESCRIPTION' ... OK
* this is package 'tilingArray' version '1.11.12'
* checking package dependencies ... OK
* checking if this is a source package ... OK
* checking whether package 'tilingArray' can be installed ... OK
* checking package directory ... OK
* checking for portable file names ... OK
* checking DESCRIPTION meta-information ... OK
* checking top-level files ... OK
* checking index information ... OK
* checking package subdirectories ... OK
* checking R files for syntax errors ... OK
* checking R files for non-ASCII characters ... OK
* checking whether the package can be loaded ... OK
* checking whether the package can be loaded with stated dependencies ... OK
* checking whether the name space can be loaded with stated dependencies ... WARNING
Creating a new generic function for 'plot' in 'colorspace'
Loading required package: methods
Error in paste(x[c("major", "minor")], collapse = ".") :
could not find function "getMethods"
Error: .onLoad failed in 'loadNamespace' for 'colorspace'
Error: unable to load R code in package 'tilingArray'
Execution halted
A namespace must be able to be loaded with just the base namespace loaded:
otherwise if the namespace gets loaded by a saved object, the session will
be unable to start.
Probably some imports need to be declared in the NAMESPACE file.
* checking S3 generic/method consistency ... OK
* checking replacement functions ... OK
* checking foreign function calls ... OK
* checking R code for possible problems ... OK
* checking Rd files ... OK
* checking Rd cross-references ... OK
* checking for missing documentation entries ... OK
* checking for code/documentation mismatches ... OK
* checking Rd \usage sections ... OK
* checking for CRLF line endings in C/C++/Fortran sources/headers ... OK
* checking for portable use of $BLAS_LIBS ... OK
* creating tilingArray-Ex.R ... OK
* checking examples ... OK
* checking package vignettes in 'inst/doc' ... OK
* creating tilingArray-manual.tex ... OK
* checking tilingArray-manual.tex ... OK
WARNING: There was 1 warning, see
E:/hpages/1.9d/Rpacks/tilingArray.Rcheck/00check.log
for details
tilingArray.Rcheck/00install.out:
installing R.css in E:/hpages/1.9d/Rpacks/tilingArray.Rcheck
---------- Making package tilingArray ------------
adding build stamp to DESCRIPTION
installing NAMESPACE file and metadata
making DLL ...
making findsegments.d from findsegments.c
making sampleStep.d from sampleStep.c
gcc -Ie:/hpages/1.9d/R/include -Wall -O2 -std=gnu99 -c findsegments.c -o findsegments.o
gcc -Ie:/hpages/1.9d/R/include -Wall -O2 -std=gnu99 -c sampleStep.c -o sampleStep.o
windres --include-dir e:/hpages/1.9d/R/include -i tilingArray_res.rc -o tilingArray_res.o
gcc -shared -s -o tilingArray.dll tilingArray.def findsegments.o sampleStep.o tilingArray_res.o -Le:/hpages/1.9d/R/bin -lR
... DLL made
installing DLL
installing R files
save image
Loading required package: Biobase
Loading required package: tools
Welcome to Bioconductor
Vignettes contain introductory material. To view, type
'openVignette()' or start with 'help(Biobase)'. For details
on reading vignettes, see the openVignette help page.
Loading required package: affy
Loading required package: affyio
Loading required package: RColorBrewer
Loading required package: grid
Loading required package: strucchange
Loading required package: zoo
Attaching package: 'zoo'
The following object(s) are masked from package:base :
rapply
Loading required package: sandwich
Loading required package: colorspace
Creating a new generic function for 'plot' in 'colorspace'
Attaching package: 'colorspace'
The following object(s) are masked from package:grDevices :
hcl
Loading required package: vsn
Loading required package: genefilter
Loading required package: survival
Loading required package: splines
Loading required package: geneplotter
Loading required package: annotate
KernSmooth 2.22 installed
Copyright M. P. Wand 1997
Loading required package: pixmap
installing inst files
installing man source files
installing indices
installing help
>>> Building/Updating help pages for package 'tilingArray'
Formats: text html latex example chm
PMindex text html latex example chm
breakpointsPretend text html latex chm
class-segmentation text html latex example chm
comparisonPlot text html latex example chm
costMatrix text html latex example chm
findsegments text html latex example chm
normalizeByReference text html latex example chm
otherStrand text html latex example chm
plotAlongChrom text html latex example chm
plotAlongChromLegend text html latex example chm
plotFeatures text html latex example chm
plotSegmentationDots text html latex example chm
plotSegmentationHeatmap text html latex example chm
posMin text html latex example chm
qcPlots text html latex example chm
readCel2eSet text html latex example chm
sampleStep text html latex example chm
segChrom text html latex example chm
segment text html latex example chm
tilingArray-package text html latex chm
Microsoft HTML Help Compiler 4.74.8702
Compiling e:\hpages\1.9d\Rpacks\tilingArray.Rcheck\00_pkg_src\tilingArray\chm\tilingArray.chm
Compile time: 0 minutes, 0 seconds
21 Topics
60 Local links
1 Internet link
1 Graphic
Created e:\hpages\1.9d\Rpacks\tilingArray.Rcheck\00_pkg_src\tilingArray\chm\tilingArray.chm, 53,994 bytes
Compression decreased file by 38,129 bytes.
adding MD5 sums
* DONE (tilingArray)