1.0.1Florian Markowetz | Linux (SUSE 9.2) | x86_64 | OK | OK | |
Linux (SUSE 9.2) | i686 | OK | OK | |
Solaris 2.9 | sparc | OK | OK | |
Linux (SUSE 10.0) | x86_64 | OK | OK | |
Windows Server 2003 | x86_64 | OK | OK | OK |
Windows XP | i686 | [ ERROR ] | skipped | skipped |
Mac OS X (10.4.6) | i686 | OK | ERROR | |
* checking for file 'nem/DESCRIPTION' ... OK
* preparing 'nem':
* checking DESCRIPTION meta-information ... OK
* installing the package to re-build vignettes
installing R.css in E:/hpages/1.9d/tmpdir/Rinst278410946
---------- Making package nem ------------
adding build stamp to DESCRIPTION
installing R files
installing inst files
installing data files
installing man source files
installing indices
not zipping data
installing help
>>> Building/Updating help pages for package 'nem'
Formats: text html latex example chm
BoutrosRNAi2002 text html latex example chm
FULLmLL text html latex example chm
SCCgraph text html latex example chm
enumerate.models text html latex example chm
local.model.prior text html latex example chm
mLL text html latex example chm
nem text html latex example chm
nem.discretize text html latex example chm
pairwise.posterior text html latex example chm
plot.effects text html latex example chm
prune.graph text html latex example chm
score text html latex example chm
transitive.closure text html latex example chm
transitive.reduction text html latex example chm
Microsoft HTML Help Compiler 4.74.8702
Compiling e:\hpages\1.9d\Rpacks\nem\chm\nem.chm
Compile time: 0 minutes, 0 seconds
15 Topics
61 Local links
0 Internet links
1 Graphic
Created e:\hpages\1.9d\Rpacks\nem\chm\nem.chm, 36,506 bytes
Compression decreased file by 22,014 bytes.
adding MD5 sums
* DONE (nem)
* creating vignettes ... ERROR
Loading required package: e1071
Loading required package: class
Loading required package: graph
Loading required package: Ruuid
Loading required package: Rgraphviz
Loading required package: geneplotter
Loading required package: annotate
Loading required package: Biobase
Welcome to Bioconductor
Vignettes contain introductory material. To view, type
'openVignette()' or start with 'help(Biobase)'. For details
on reading vignettes, see the openVignette help page.
Loading required package: RBGL
Attaching package: 'RBGL'
The following object(s) are masked from package:e1071 :
extractPath
Attaching package: 'nem'
The following object(s) are masked from package:RBGL :
transitive.closure
pdflatex nem.tex
This is pdfeTeX, Version 3.141592-1.21a-2.2 (MiKTeX 2.4)
entering extended mode
(nem.tex
LaTeX2e <2005/12/01>
Babel and hyphenation patterns for english, dumylang, nohyphenation, ge
rman, ngerman, french, loaded.
(C:\texmf\tex\latex\base\article.cls
Document Class: article 2005/09/16 v1.4f Standard LaTeX document class
(C:\texmf\tex\latex\base\size11.clo)) (C:\texmf\tex\latex\amsmath\amsmath.sty
For additional information on amsmath, use the `?' option.
(C:\texmf\tex\latex\amsmath\amstext.sty (C:\texmf\tex\latex\amsmath\amsgen.sty)
) (C:\texmf\tex\latex\amsmath\amsbsy.sty)
(C:\texmf\tex\latex\amsmath\amsopn.sty))
(C:\texmf\tex\latex\amsfonts\amsfonts.sty)
! LaTeX Error: File `Sweave.sty' not found.
Type X to quit or to proceed,
or enter new name. (Default extension: sty)
Enter file name:
! Emergency stop.
l.38 \begin
{document}
No pages of output.
Transcript written on nem.log.
make: *** [all] Error 1
Error in buildVignettes(dir = ".") : running make failed
Execution halted