Back to the "Multiple platform build/check report"
| Package 64/205 | OS | Arch | BUILD | CHECK | BUILD BIN |
genefilter1.11.8Biocore Team | Linux (SUSE 9.2) | x86_64 | OK | WARNINGS | |
| Linux (SUSE 9.2) | i686 | OK | WARNINGS | ||
| Solaris 2.9 | sparc | OK | WARNINGS | ||
| Linux (SUSE 10.0) | x86_64 | OK | WARNINGS | ||
| Windows Server 2003 | x86_64 | OK | WARNINGS | OK | |
| Windows XP | i686 | OK | [ WARNINGS ] | skipped | |
| Mac OS X (10.4.6) | i686 | OK | WARNINGS |
| Package: genefilter |
| Version: 1.11.8 |
| Command: E:\hpages\1.9d\R\bin\R.exe CMD check genefilter_1.11.8.tar.gz |
| RetCode: 0 |
| Time: 123.7 seconds |
| Status: WARNINGS |
| CheckDir: genefilter.Rcheck |
| Warnings: 2 |
* checking for working latex ... OK * using log directory 'E:/hpages/1.9d/Rpacks/genefilter.Rcheck' * using R version 2.4.0 alpha (2006-09-10 r39242) * checking for file 'genefilter/DESCRIPTION' ... OK * this is package 'genefilter' version '1.11.8' * checking package dependencies ... WARNING '::' or ':::' imports not declared from: tkWidgets package 'methods' is used but not declared See the information on DESCRIPTION files in the chapter 'Creating R packages' of the 'Writing R Extensions' manual. * checking if this is a source package ... OK * checking whether package 'genefilter' can be installed ... OK * checking package directory ... OK * checking for portable file names ... OK * checking DESCRIPTION meta-information ... OK * checking top-level files ... OK * checking index information ... OK * checking package subdirectories ... OK * checking R files for syntax errors ... OK * checking R files for non-ASCII characters ... OK * checking whether the package can be loaded ... OK * checking whether the package can be loaded with stated dependencies ... OK * checking whether the name space can be loaded with stated dependencies ... OK * checking S3 generic/method consistency ... OK * checking replacement functions ... OK * checking foreign function calls ... OK * checking R code for possible problems ... OK * checking Rd files ... OK * checking Rd cross-references ... OK * checking for missing documentation entries ... OK * checking for code/documentation mismatches ... OK * checking Rd \usage sections ... OK * checking for CRLF line endings in C/C++/Fortran sources/headers ... OK * checking for portable use of $BLAS_LIBS ... OK * creating genefilter-Ex.R ... OK * checking examples ... WARNING Found the following significant warnings: Warning: 'hgu95av2LOCUSID' is deprecated. Warning: 'hgu95av2LOCUSID' is deprecated. Deprecated functions may be defunct as soon as of the next release of R. See ?Deprecated. * checking package vignettes in 'inst/doc' ... OK * creating genefilter-manual.tex ... OK * checking genefilter-manual.tex ... OK WARNING: There were 2 warnings, see E:/hpages/1.9d/Rpacks/genefilter.Rcheck/00check.log for details
genefilter.Rcheck/00install.out:
installing R.css in E:/hpages/1.9d/Rpacks/genefilter.Rcheck
---------- Making package genefilter ------------
adding build stamp to DESCRIPTION
installing NAMESPACE file and metadata
making DLL ...
making genedist.d from genedist.c
making init.d from init.c
making rowPAUCs.d from rowPAUCs.c
making rowttests.d from rowttests.c
making half_range_mode.d from half_range_mode.cpp
gcc -Ie:/hpages/1.9d/R/include -Wall -O2 -std=gnu99 -c genedist.c -o genedist.o
genedist.c: In function `mm_dist_binary':
genedist.c:233: warning: unused variable `w1'
genedist.c:233: warning: unused variable `w2'
gcc -Ie:/hpages/1.9d/R/include -Wall -O2 -std=gnu99 -c init.c -o init.o
gcc -Ie:/hpages/1.9d/R/include -Wall -O2 -std=gnu99 -c rowPAUCs.c -o rowPAUCs.o
gcc -Ie:/hpages/1.9d/R/include -Wall -O2 -std=gnu99 -c rowttests.c -o rowttests.o
g77 -O2 -Wall -c ttest.f -o ttest.o
g++ -Ie:/hpages/1.9d/R/include -Wall -O2 -c half_range_mode.cpp -o half_range_mode.o
half_range_mode.cpp: In function `double half_range_mode(double*, double*, double, int)':
half_range_mode.cpp:55: warning: comparison between signed and unsigned integer expressions
half_range_mode.cpp:68: warning: comparison between signed and unsigned integer expressions
half_range_mode.cpp:76: warning: comparison between signed and unsigned integer expressions
half_range_mode.cpp:14: warning: 'new_end' might be used uninitialized in this function
windres --include-dir e:/hpages/1.9d/R/include -i genefilter_res.rc -o genefilter_res.o
g++ -shared -s -o genefilter.dll genefilter.def genedist.o init.o rowPAUCs.o rowttests.o ttest.o half_range_mode.o genefilter_res.o -Le:/hpages/1.9d/R/bin -lg2c -lR
... DLL made
installing DLL
installing R files
save image
Loading required package: Biobase
Loading required package: tools
Welcome to Bioconductor
Vignettes contain introductory material. To view, type
'openVignette()' or start with 'help(Biobase)'. For details
on reading vignettes, see the openVignette help page.
Loading required package: survival
Loading required package: splines
installing inst files
installing data files
installing man source files
installing indices
not zipping data
installing help
>>> Building/Updating help pages for package 'genefilter'
Formats: text html latex example chm
Anova text html latex example chm
allNA text html latex example chm
coxfilter text html latex example chm
cv text html latex example chm
eSetFilter text html latex example chm
filterfun text html latex example chm
findLargest text html latex example chm
gapFilter text html latex example chm
genefilter text html latex example chm
genefinder text html latex example chm
genescale text html latex example chm
half.range.mode text html latex example chm
kOverA text html latex example chm
maxA text html latex example chm
pOverA text html latex example chm
rowFtests text html latex example chm
rowSds text html latex example chm
rowpAUCs text html latex example chm
shorth text html latex example chm
tdata text html latex example chm
ttest text html latex example chm
Microsoft HTML Help Compiler 4.74.8702
Compiling e:\hpages\1.9d\Rpacks\genefilter.Rcheck\00_pkg_src\genefilter\chm\genefilter.chm
Compile time: 0 minutes, 0 seconds
22 Topics
85 Local links
2 Internet links
1 Graphic
Created e:\hpages\1.9d\Rpacks\genefilter.Rcheck\00_pkg_src\genefilter\chm\genefilter.chm, 46,469 bytes
Compression decreased file by 33,809 bytes.
adding MD5 sums
* DONE (genefilter)