Back to the "Multiple platform build/check report"
Package 31/205 | OS | Arch | BUILD | CHECK | BUILD BIN |
bioDist1.5.0Biocore Team | Linux (SUSE 9.2) | x86_64 | OK | WARNINGS | |
Linux (SUSE 9.2) | i686 | OK | WARNINGS | ||
Solaris 2.9 | sparc | OK | OK | ||
Linux (SUSE 10.0) | x86_64 | OK | WARNINGS | ||
Windows Server 2003 | x86_64 | OK | WARNINGS | OK | |
Windows XP | i686 | OK | [ WARNINGS ] | skipped | |
Mac OS X (10.4.6) | i686 | OK | WARNINGS |
Package: bioDist |
Version: 1.5.0 |
Command: E:\hpages\1.9d\R\bin\R.exe CMD check bioDist_1.5.0.tar.gz |
RetCode: 0 |
Time: 54.9 seconds |
Status: WARNINGS |
CheckDir: bioDist.Rcheck |
Warnings: 1 |
* checking for working latex ... OK * using log directory 'E:/hpages/1.9d/Rpacks/bioDist.Rcheck' * using R version 2.4.0 alpha (2006-09-10 r39242) * checking for file 'bioDist/DESCRIPTION' ... OK * this is package 'bioDist' version '1.5.0' * checking package dependencies ... WARNING package 'methods' is used but not declared See the information on DESCRIPTION files in the chapter 'Creating R packages' of the 'Writing R Extensions' manual. * checking if this is a source package ... OK * checking whether package 'bioDist' can be installed ... OK * checking package directory ... OK * checking for portable file names ... OK * checking DESCRIPTION meta-information ... OK * checking top-level files ... OK * checking index information ... OK * checking package subdirectories ... OK * checking R files for syntax errors ... OK * checking R files for non-ASCII characters ... OK * checking whether the package can be loaded ... OK * checking whether the package can be loaded with stated dependencies ... OK * checking whether the name space can be loaded with stated dependencies ... OK * checking S3 generic/method consistency ... OK * checking replacement functions ... OK * checking foreign function calls ... OK * checking R code for possible problems ... OK * checking Rd files ... OK * checking Rd cross-references ... OK * checking for missing documentation entries ... OK * checking for code/documentation mismatches ... OK * checking Rd \usage sections ... OK * creating bioDist-Ex.R ... OK * checking examples ... OK * creating bioDist-manual.tex ... OK * checking bioDist-manual.tex ... OK WARNING: There was 1 warning, see E:/hpages/1.9d/Rpacks/bioDist.Rcheck/00check.log for details
bioDist.Rcheck/00install.out:
installing R.css in E:/hpages/1.9d/Rpacks/bioDist.Rcheck ---------- Making package bioDist ------------ adding build stamp to DESCRIPTION installing NAMESPACE file and metadata installing R files installing man source files installing indices installing help >>> Building/Updating help pages for package 'bioDist' Formats: text html latex example chm KLD.matrix text html latex example chm KLdist.matrix text html latex example chm closest.top text html latex example chm cor.dist text html latex example chm euc text html latex example chm man text html latex example chm mutualInfo text html latex example chm spearman.dist text html latex example chm tau.dist text html latex example chm Microsoft HTML Help Compiler 4.74.8702 Compiling e:\hpages\1.9d\Rpacks\bioDist.Rcheck\00_pkg_src\bioDist\chm\bioDist.chm Compile time: 0 minutes, 0 seconds 10 Topics 94 Local links 0 Internet links 1 Graphic Created e:\hpages\1.9d\Rpacks\bioDist.Rcheck\00_pkg_src\bioDist\chm\bioDist.chm, 22,642 bytes Compression decreased file by 12,715 bytes. adding MD5 sums * DONE (bioDist)