Back to the "Multiple platform build/check report"
| Package 193/205 | OS | Arch | BUILD | CHECK | BUILD BIN |
stepNorm1.5.0Yuanyuan Xiao | Linux (SUSE 9.2) | x86_64 | OK | WARNINGS | |
| Linux (SUSE 9.2) | i686 | OK | WARNINGS | ||
| Solaris 2.9 | sparc | OK | OK | ||
| Linux (SUSE 10.0) | x86_64 | OK | WARNINGS | ||
| Windows Server 2003 | x86_64 | OK | [ WARNINGS ] | OK | |
| Windows XP | i686 | OK | WARNINGS | skipped | |
| Mac OS X (10.4.6) | i686 | OK | WARNINGS |
| Package: stepNorm |
| Version: 1.5.0 |
| Command: D:\biocbld\1.9d\R\bin\R.exe CMD check stepNorm_1.5.0.tar.gz |
| RetCode: 0 |
| Time: 249.4 seconds |
| Status: WARNINGS |
| CheckDir: stepNorm.Rcheck |
| Warnings: 1 |
* checking for working latex ... OK * using log directory 'D:/biocbld/1.9d/Rpacks/stepNorm.Rcheck' * using R version 2.4.0 alpha (2006-09-10 r39242) * checking for file 'stepNorm/DESCRIPTION' ... OK * this is package 'stepNorm' version '1.5.0' * checking package dependencies ... WARNING package 'methods' is used but not declared See the information on DESCRIPTION files in the chapter 'Creating R packages' of the 'Writing R Extensions' manual. * checking if this is a source package ... OK * checking whether package 'stepNorm' can be installed ... OK * checking package directory ... OK * checking for portable file names ... OK * checking DESCRIPTION meta-information ... OK * checking top-level files ... OK * checking index information ... OK * checking package subdirectories ... OK * checking R files for syntax errors ... OK * checking R files for non-ASCII characters ... OK * checking whether the package can be loaded ... OK * checking whether the package can be loaded with stated dependencies ... OK * checking S3 generic/method consistency ... OK * checking replacement functions ... OK * checking foreign function calls ... OK * checking R code for possible problems ... OK * checking Rd files ... OK * checking Rd cross-references ... OK * checking for missing documentation entries ... OK * checking for code/documentation mismatches ... OK * checking Rd \usage sections ... OK * creating stepNorm-Ex.R ... OK * checking examples ... OK * creating stepNorm-manual.tex ... OK * checking stepNorm-manual.tex ... OK WARNING: There was 1 warning, see D:/biocbld/1.9d/Rpacks/stepNorm.Rcheck/00check.log for details
stepNorm.Rcheck/00install.out:
installing R.css in D:/biocbld/1.9d/Rpacks/stepNorm.Rcheck
---------- Making package stepNorm ------------
adding build stamp to DESCRIPTION
installing R files
installing inst files
installing man source files
installing indices
installing help
>>> Building/Updating help pages for package 'stepNorm'
Formats: text html latex example chm
calcAIC text html latex example chm
calcBIC text html latex example chm
fit2DWithin text html latex example chm
fitWithin text html latex example chm
maCompPlate2 text html latex example chm
makeStepList text html latex example chm
marrayFitClass text html latex example chm
seqWithinNorm text html latex example chm
stepNorm-internal text html latex chm
stepWithinNorm text html latex example chm
withinNorm text html latex example chm
Microsoft HTML Help Compiler 4.74.8702
Compiling d:\biocbld\1.9d\Rpacks\stepNorm.Rcheck\00_pkg_src\stepNorm\chm\stepNorm.chm
Compile time: 0 minutes, 0 seconds
12 Topics
71 Local links
0 Internet links
1 Graphic
Created d:\biocbld\1.9d\Rpacks\stepNorm.Rcheck\00_pkg_src\stepNorm\chm\stepNorm.chm, 40,155 bytes
Compression decreased file by 39,915 bytes.
adding MD5 sums
* DONE (stepNorm)