Back to the "Multiple platform build/check report"
| Package 145/205 | OS | Arch | BUILD | CHECK | BUILD BIN |
pkgDepTools0.0.4Seth Falcon | Linux (SUSE 9.2) | x86_64 | OK | WARNINGS | |
| Linux (SUSE 9.2) | i686 | OK | WARNINGS | ||
| Solaris 2.9 | sparc | OK | WARNINGS | ||
| Linux (SUSE 10.0) | x86_64 | OK | WARNINGS | ||
| Windows Server 2003 | x86_64 | OK | [ ERROR ] | OK | |
| Windows XP | i686 | OK | ERROR | skipped | |
| Mac OS X (10.4.6) | i686 | OK | WARNINGS |
| Package: pkgDepTools |
| Version: 0.0.4 |
| Command: D:\biocbld\1.9d\R\bin\R.exe CMD check pkgDepTools_0.0.4.tar.gz |
| RetCode: 1 |
| Time: 32.5 seconds |
| Status: ERROR |
| CheckDir: pkgDepTools.Rcheck |
| Warnings: NA |
* checking for working latex ... OK * using log directory 'D:/biocbld/1.9d/Rpacks/pkgDepTools.Rcheck' * using R version 2.4.0 alpha (2006-09-10 r39242) * checking for file 'pkgDepTools/DESCRIPTION' ... OK * checking extension type ... Package * this is package 'pkgDepTools' version '0.0.4' * checking package dependencies ... OK * checking if this is a source package ... OK * checking whether package 'pkgDepTools' can be installed ... OK * checking package directory ... OK * checking for portable file names ... OK * checking DESCRIPTION meta-information ... OK * checking top-level files ... OK * checking index information ... OK * checking package subdirectories ... OK * checking R files for syntax errors ... OK * checking R files for non-ASCII characters ... OK * checking whether the package can be loaded ... ERROR Loading required package: graph Loading required package: Ruuid Loading required package: RBGL Error in loadNamespace(package, c(which.lib.loc, lib.loc), keep.source = keep.source) : in 'RCurl' methods specified for export, but none defined: pop, push It looks like this package has a loading problem: see the messages for details.
pkgDepTools.Rcheck/00install.out:
installing R.css in D:/biocbld/1.9d/Rpacks/pkgDepTools.Rcheck
---------- Making package pkgDepTools ------------
adding build stamp to DESCRIPTION
installing NAMESPACE file and metadata
installing R files
installing inst files
installing man source files
installing indices
installing help
>>> Building/Updating help pages for package 'pkgDepTools'
Formats: text html latex example chm
basicInstallOrder text html latex chm
cleanPkgField text html latex chm
getDownloadSize text html latex chm
getInstallOrder text html latex chm
makeDepGraph text html latex example chm
makePkgUrl text html latex chm
parseContentLength text html latex chm
pkgDepTools-package text html latex chm
Microsoft HTML Help Compiler 4.74.8702
Compiling d:\biocbld\1.9d\Rpacks\pkgDepTools.Rcheck\00_pkg_src\pkgDepTools\chm\pkgDepTools.chm
Compile time: 0 minutes, 0 seconds
9 Topics
17 Local links
0 Internet links
1 Graphic
Created d:\biocbld\1.9d\Rpacks\pkgDepTools.Rcheck\00_pkg_src\pkgDepTools\chm\pkgDepTools.chm, 21,886 bytes
Compression decreased file by 120 bytes.
preparing package pkgDepTools for lazy loading
Loading required package: graph
Loading required package: Ruuid
Loading required package: RBGL
adding MD5 sums
* DONE (pkgDepTools)