Back to the "Multiple platform build/check report"
Package 140/205 | OS | Arch | BUILD | CHECK | BUILD BIN |
pathRender1.1.0Li Long | Linux (SUSE 9.2) | x86_64 | OK | OK | |
Linux (SUSE 9.2) | i686 | OK | OK | ||
Solaris 2.9 | sparc | OK | OK | ||
Linux (SUSE 10.0) | x86_64 | OK | OK | ||
Windows Server 2003 | x86_64 | OK | [ WARNINGS ] | OK | |
Windows XP | i686 | OK | WARNINGS | skipped | |
Mac OS X (10.4.6) | i686 | OK | ERROR |
Package: pathRender |
Version: 1.1.0 |
Command: D:\biocbld\1.9d\R\bin\R.exe CMD check pathRender_1.1.0.tar.gz |
RetCode: 0 |
Time: 108.5 seconds |
Status: WARNINGS |
CheckDir: pathRender.Rcheck |
Warnings: 1 |
* checking for working latex ... OK * using log directory 'D:/biocbld/1.9d/Rpacks/pathRender.Rcheck' * using R version 2.4.0 alpha (2006-09-10 r39242) * checking for file 'pathRender/DESCRIPTION' ... OK * this is package 'pathRender' version '1.1.0' * checking package dependencies ... OK * checking if this is a source package ... OK * checking whether package 'pathRender' can be installed ... OK * checking package directory ... OK * checking for portable file names ... OK * checking DESCRIPTION meta-information ... OK * checking top-level files ... OK * checking index information ... OK * checking package subdirectories ... OK * checking R files for syntax errors ... OK * checking R files for non-ASCII characters ... OK * checking whether the package can be loaded ... OK * checking whether the package can be loaded with stated dependencies ... WARNING Loading required package: graph Loading required package: Ruuid Loading required package: methods Error in inherits(x, "factor") : could not find function "installed.packages" Error: .onLoad failed in 'loadNamespace' for 'Ruuid' Error: package 'Ruuid' could not be loaded Execution halted It looks like this package (or one of its dependent packages) has an unstated dependence on a standard package. All dependencies must be declared in DESCRIPTION. See the information on DESCRIPTION files in the chapter 'Creating R packages' of the 'Writing R Extensions' manual. * checking whether the name space can be loaded with stated dependencies ... OK * checking S3 generic/method consistency ... OK * checking replacement functions ... OK * checking foreign function calls ... OK * checking R code for possible problems ... OK * checking Rd files ... OK * checking Rd cross-references ... OK * checking for missing documentation entries ... OK * checking for code/documentation mismatches ... OK * checking Rd \usage sections ... OK * creating pathRender-Ex.R ... OK * checking examples ... OK * creating pathRender-manual.tex ... OK * checking pathRender-manual.tex ... OK WARNING: There was 1 warning, see D:/biocbld/1.9d/Rpacks/pathRender.Rcheck/00check.log for details
pathRender.Rcheck/00install.out:
installing R.css in D:/biocbld/1.9d/Rpacks/pathRender.Rcheck ---------- Making package pathRender ------------ adding build stamp to DESCRIPTION installing NAMESPACE file and metadata installing R files save image Loading required package: graph Loading required package: Ruuid Loading required package: Rgraphviz Loading required package: geneplotter Loading required package: annotate Loading required package: Biobase Loading required package: tools Welcome to Bioconductor Vignettes contain introductory material. To view, type 'openVignette()' or start with 'help(Biobase)'. For details on reading vignettes, see the openVignette help page. KernSmooth 2.22 installed Copyright M. P. Wand 1997 Loading required package: cMAP installing man source files installing indices installing help >>> Building/Updating help pages for package 'pathRender' Formats: text html latex example chm rendercMAP text html latex example chm Microsoft HTML Help Compiler 4.74.8702 Compiling d:\biocbld\1.9d\Rpacks\pathRender.Rcheck\00_pkg_src\pathRender\chm\pathRender.chm Compile time: 0 minutes, 0 seconds 2 Topics 2 Local links 0 Internet links 1 Graphic Created d:\biocbld\1.9d\Rpacks\pathRender.Rcheck\00_pkg_src\pathRender\chm\pathRender.chm, 16,173 bytes Compression increased file by 9,122 bytes. adding MD5 sums * DONE (pathRender)