1.7.0Denise Scholtens | Linux (SUSE 9.2) | x86_64 | ERROR | skipped | |
Linux (SUSE 9.2) | i686 | ERROR | skipped | |
Solaris 2.9 | sparc | ERROR | skipped | |
Linux (SUSE 10.0) | x86_64 | ERROR | skipped | |
Windows Server 2003 | x86_64 | [ ERROR ] | skipped | skipped |
Windows XP | i686 | ERROR | skipped | skipped |
Mac OS X (10.4.6) | i686 | ERROR | skipped | |
* checking for file 'SNAData/DESCRIPTION' ... OK
* preparing 'SNAData':
* checking DESCRIPTION meta-information ... OK
* checking whether 'INDEX' is up-to-date ... NO
* use '--force' to overwrite the existing 'INDEX'
* installing the package to re-build vignettes
installing R.css in D:/biocbld/1.9d/tmpdir/Rinst712071527
---------- Making package SNAData ------------
adding build stamp to DESCRIPTION
installing R files
installing inst files
installing data files
installing man source files
installing indices
not zipping data
installing help
>>> Building/Updating help pages for package 'SNAData'
Formats: text html latex example chm
CEOclubs text html latex example chm
Countries text html latex example chm
Florentine text html latex example chm
Freeman text html latex example chm
Krackhardt text html latex example chm
Microsoft HTML Help Compiler 4.74.8702
Compiling d:\biocbld\1.9d\Rpacks\SNAData\chm\SNAData.chm
Compile time: 0 minutes, 0 seconds
6 Topics
24 Local links
0 Internet links
1 Graphic
Created d:\biocbld\1.9d\Rpacks\SNAData\chm\SNAData.chm, 22,630 bytes
Compression decreased file by 960 bytes.
adding MD5 sums
* DONE (SNAData)
* creating vignettes ... ERROR
Loading required package: Ruuid
Loading required package: geneplotter
Loading required package: annotate
Loading required package: Biobase
Welcome to Bioconductor
Vignettes contain introductory material. To view, type
'openVignette()' or start with 'help(Biobase)'. For details
on reading vignettes, see the openVignette help page.
Error: chunk 2 (label=krackhardt)
Error in buildEdgeList(graph, recipEdges, edgeAttrs, subGList, attrs$edge) :
REAL() can only be applied to a 'numeric', not a 'integer'
Error in buildVignettes(dir = ".") : Error: chunk 2 (label=krackhardt)
Error in buildEdgeList(graph, recipEdges, edgeAttrs, subGList, attrs$edge) :
REAL() can only be applied to a 'numeric', not a 'integer'
Execution halted