1.5.2Seth Falcon | Linux (SUSE 9.2)  | x86_64 |  OK  | [ ERROR ] |  | 
| Linux (SUSE 9.2)  | i686 |  OK  |  ERROR  |  | 
| Solaris 2.9  | sparc |  OK  |  OK  |  | 
| Linux (SUSE 10.0)  | x86_64 |  OK  |  ERROR  |  | 
| Windows Server 2003  | x86_64 |  OK  |  ERROR  |  OK  | 
| Windows XP  | i686 |  OK  |  ERROR  | skipped | 
| Mac OS X (10.4.6)  | i686 |  OK  |  ERROR  |  | 
* checking for working latex ... OK
* using log directory '/loc/biocbuild/1.9d/Rpacks/hypergraph.Rcheck'
* using R version 2.4.0 alpha (2006-09-10 r39242)
* checking for file 'hypergraph/DESCRIPTION' ... OK
* this is package 'hypergraph' version '1.5.2'
* checking package dependencies ... ERROR
Namespace dependencies not required:
  methods
See the information on DESCRIPTION files in the chapter 'Creating R
packages' of the 'Writing R Extensions' manual.